158
CXUS52 KMLB 010725
CF6FPR
PRELIMINARY LOCAL CLIMATOLOGICAL DATA (WS FORM: F-6)
STATION: FORT PIERCE
MONTH: FEBRUARY
YEAR: 2021
LATITUDE: 27 30 N
LONGITUDE: 80 22 W
TEMPERATURE IN F: :PCPN: SNOW: WIND :SUNSHINE: SKY :PK WND
================================================================================
1 2 3 4 5 6A 6B 7 8 9 10 11 12 13 14 15 16 17 18
12Z AVG MX 2MIN
DY MAX MIN AVG DEP HDD CDD WTR SNW DPTH SPD SPD DIR MIN PSBL S-S WX SPD DR
================================================================================
1 72 49 61 -1 4 0 0.23 0.0 0 16.1 29 290 M M 5 1 40 280
2 61 41 51 -12 14 0 0.00 0.0 0 15.4 26 290 M M 4 36 290
3 63 33 48 -15 17 0 0.00 0.0 0 6.7 20 300 M M 0 25 300
4 69 29 49 -14 16 0 0.00 0.0 0 4.2 15 140 M M 0 25 150
5 81 42 62 -1 3 0 0.00 0.0 0 6.2 20 210 M M 0 1 25 220
6 81 52 67 4 0 2 0.04 0.0 0 7.4 22 170 M M 7 123 29 170
7 82 68 75 12 0 10 0.53 0.0 0 8.9 21 300 M M 7 13 28 300
8 80 68 74 11 0 9 0.04 0.0 0 6.6 18 120 M M 7 1 28 130
9 85 64 75 11 0 10 0.17 0.0 0 4.6 13 90 M M 4 12 16 110
10 82 62 72 8 0 7 0.00 0.0 0 5.0 17 120 M M 4 12 22 120
11 83 59 71 7 0 6 0.00 0.0 0 7.1 21 120 M M 6 12 25 120
12 84 62 73 9 0 8 0.00 0.0 0 7.9 22 140 M M 3 128 25 140
13 85 69 77 13 0 12 0.73 0.0 0 7.7 21 130 M M 7 138 25 160
14 88 66 77 13 0 12 0.26 0.0 0 8.1 18 170 M M 7 13 26 210
15 86 65 76 12 0 11 0.00 0.0 0 8.5 22 140 M M 3 1 27 140
16 80 69 75 11 0 10 0.24 0.0 0 7.7 17 290 M M 8 13 23 220
17 81 66 74 10 0 9 0.32 0.0 0 4.4 13 20 M M 9 1 23 20
18 89 64 77 12 0 12 0.00 0.0 0 6.9 17 230 M M 2 1 23 230
19 89 62 76 11 0 11 T 0.0 0 10.1 22 230 M M 5 31 230
20 69 53 61 -4 4 0 0.00 0.0 0 10.0 17 10 M M 3 26 10
21 74 60 67 2 0 2 T 0.0 0 14.3 24 90 M M 7 32 100
22 80 66 73 8 0 8 0.66 0.0 0 12.1 24 130 M M 5 1 28 120
23 77 59 68 3 0 3 0.12 0.0 0 5.8 14 10 M M 4 1 21 40
24 79 57 68 3 0 3 0.00 0.0 0 5.9 18 110 M M 3 22 130
25 79 56 68 3 0 3 0.00 0.0 0 3.3 12 30 M M 2 12 16 320
26 80 54 67 2 0 2 0.00 0.0 0 5.0 13 80 M M 0 19 110
27 83 60 72 6 0 7 0.00 0.0 0 9.2 23 110 M M 1 1 28 130
28 84 73 79 13 0 14 0.00 0.0 0 14.0 24 130 M M 1 32 140
================================================================================
SM 2226 1628 58 171 3.34 0.0 229.1 M 114
================================================================================
AV 79.5 58.1 8.2 FASTST M M 4 MAX(MPH)
MISC ----> 29 290 40 280
================================================================================
NOTES:
# LAST OF SEVERAL OCCURRENCES
COLUMN 17 PEAK WIND IN M.P.H.
PRELIMINARY LOCAL CLIMATOLOGICAL DATA (WS FORM: F-6) , PAGE 2
STATION: FORT PIERCE
MONTH: FEBRUARY
YEAR: 2021
LATITUDE: 27 30 N
LONGITUDE: 80 22 W
[TEMPERATURE DATA] [PRECIPITATION DATA] SYMBOLS USED IN COLUMN 16
AVERAGE MONTHLY: 68.8 TOTAL FOR MONTH: 3.34 1 = FOG OR MIST
DPTR FM NORMAL: 4.7 DPTR FM NORMAL: 0.59 2 = FOG REDUCING VISIBILITY
HIGHEST: 89 ON 19,18 GRTST 24HR 0.80 ON 13-14 TO 1/4 MILE OR LESS
LOWEST: 29 ON 4 3 = THUNDER
SNOW, ICE PELLETS, HAIL 4 = ICE PELLETS
TOTAL MONTH: 0.0 INCH 5 = HAIL
GRTST 24HR 0.0 6 = FREEZING RAIN OR DRIZZLE
GRTST DEPTH: 0 7 = DUSTSTORM OR SANDSTORM:
VSBY 1/2 MILE OR LESS
8 = SMOKE OR HAZE
[NO. OF DAYS WITH] [WEATHER - DAYS WITH] 9 = BLOWING SNOW
X = TORNADO
MAX 32 OR BELOW: 0 0.01 INCH OR MORE: 11
MAX 90 OR ABOVE: 0 0.10 INCH OR MORE: 9
MIN 32 OR BELOW: 1 0.50 INCH OR MORE: 3
MIN 0 OR BELOW: 0 1.00 INCH OR MORE: 0
[HDD (BASE 65) ]
TOTAL THIS MO. 58 CLEAR (SCALE 0-3) 11
DPTR FM NORMAL -38 PTCLDY (SCALE 4-7) 16
TOTAL FM JUL 1 329 CLOUDY (SCALE 8-10) 1
DPTR FM NORMAL -50
[CDD (BASE 65) ]
TOTAL THIS MO. 171
DPTR FM NORMAL 101 [PRESSURE DATA]
TOTAL FM JAN 1 232 HIGHEST SLP M ON M
DPTR FM NORMAL 103 LOWEST SLP 29.76 ON 1
[REMARKS]
#FINAL-02-21#