000
CDUS43 KFSD 270640
CLIFSD


CLIMATE REPORT
NATIONAL WEATHER SERVICE SIOUX FALLS SD
139 AM CDT THU APR 27 2017


...................................

...THE SIOUX FALLS SD CLIMATE SUMMARY FOR APRIL 26 2017...

CLIMATE NORMAL PERIOD 1981 TO 2010
CLIMATE RECORD PERIOD 1893 TO 2017


WEATHER ITEM   OBSERVED TIME   RECORD YEAR NORMAL DEPARTURE LAST
                VALUE   (LST)  VALUE       VALUE  FROM      YEAR
                                                  NORMAL
..................................................................
TEMPERATURE (F)
 YESTERDAY
  MAXIMUM         38    400 PM  88    1987  63    -25       54
                                      1901
  MINIMUM         32   1159 PM  21    1931  39     -7       42
  AVERAGE         35                        51    -16       48

PRECIPITATION (IN)
  YESTERDAY        T             1.56 1964   0.10  -0.10     0.01
  MONTH TO DATE    1.49                      2.59  -1.10     2.35
  SINCE MAR 1      2.03                      4.35  -2.32     4.44
  SINCE JAN 1      3.14                      5.51  -2.37     6.12

SNOWFALL (IN)
  YESTERDAY        0.0           2.9  1988   0.1   -0.1      0.0
  MONTH TO DATE    T                         4.3   -4.3       T
  SINCE MAR 1      8.0                      12.7   -4.7     12.2
  SINCE JUL 1     39.4                      44.2   -4.8     68.5
  SNOW DEPTH       0

DEGREE DAYS
 HEATING
  YESTERDAY       30                        14     16       17
  MONTH TO DATE  376                       508   -132      395
  SINCE MAR 1   1286                      1503   -217     1159
  SINCE JUL 1   6092                      7353  -1261     6195

 COOLING
  YESTERDAY        0                         0      0        0
  MONTH TO DATE    1                         0      1        0
  SINCE MAR 1      1                         0      1        0
  SINCE JAN 1      1                         0      1        0
..................................................................


WIND (MPH)
  HIGHEST WIND SPEED    25   HIGHEST WIND DIRECTION     N (340)
  HIGHEST GUST SPEED    32   HIGHEST GUST DIRECTION     N (350)
  AVERAGE WIND SPEED    16.2


SKY COVER
  POSSIBLE SUNSHINE  MM
  AVERAGE SKY COVER 1.0


WEATHER CONDITIONS
 THE FOLLOWING WEATHER WAS RECORDED YESTERDAY.
  LIGHT RAIN
  FOG


RELATIVE HUMIDITY (PERCENT)
 HIGHEST   100          1200 AM
 LOWEST     75           500 PM
 AVERAGE    88

..........................................................


THE SIOUX FALLS SD CLIMATE NORMALS FOR TODAY
                         NORMAL    RECORD    YEAR
 MAXIMUM TEMPERATURE (F)   64        91      1981
 MINIMUM TEMPERATURE (F)   39        21      1909


SUNRISE AND SUNSET
APRIL 27 2017.........SUNRISE   625 AM CDT   SUNSET   825 PM CDT
APRIL 28 2017.........SUNRISE   623 AM CDT   SUNSET   826 PM CDT


-  INDICATES NEGATIVE NUMBERS.
R  INDICATES RECORD WAS SET OR TIED.
MM INDICATES DATA IS MISSING.
T  INDICATES TRACE AMOUNT.




$$
