000
CDUS43 KFSD 312241
CLIFSD


CLIMATE REPORT
NATIONAL WEATHER SERVICE SIOUX FALLS SD
440 PM CST SAT JAN 31 2015


...................................

...THE SIOUX FALLS SD CLIMATE SUMMARY FOR JANUARY 31 2015...
VALID TODAY AS OF 0400 PM LOCAL TIME.

CLIMATE NORMAL PERIOD 1981 TO 2010
CLIMATE RECORD PERIOD 1893 TO 2015


WEATHER ITEM   OBSERVED TIME   RECORD YEAR NORMAL DEPARTURE LAST
                VALUE   (LST)  VALUE       VALUE  FROM      YEAR
                                                  NORMAL
..................................................................
TEMPERATURE (F)
 TODAY
  MAXIMUM         39    207 PM  57    1911  28     11       20
  MINIMUM         22    501 AM -27    1918   8     14       -1
  AVERAGE         31                        18     13       10

PRECIPITATION (IN)
  TODAY            0.02          0.65 1922   0.02   0.00     0.00
  MONTH TO DATE    0.59                      0.56   0.03     0.31
  SINCE DEC 1      1.92                      1.25   0.67     1.44
  SINCE JAN 1      0.59                      0.56   0.03     0.31

SNOWFALL (IN)
  TODAY            0.2           5.4  2011   0.3   -0.1      0.0
  MONTH TO DATE    6.8                       7.7   -0.9      4.7
  SINCE DEC 1     12.7                      15.9   -3.2     17.3
  SINCE JUL 1     21.0                      24.6   -3.6     25.2
  SNOW DEPTH       0

DEGREE DAYS
 HEATING
  TODAY           34                        47    -13       55
  MONTH TO DATE 1361                      1504   -143     1596
  SINCE DEC 1   2610                      2920   -310     3243
  SINCE JUL 1   4366                      4632   -266     4864

 COOLING
  TODAY            0                         0      0        0
  MONTH TO DATE    0                         0      0        0
  SINCE DEC 1      0                         0      0        0
  SINCE JAN 1      0                         0      0        0
..................................................................


WIND (MPH)
  HIGHEST WIND SPEED    21   HIGHEST WIND DIRECTION    NE (60)
  HIGHEST GUST SPEED    25   HIGHEST GUST DIRECTION     E (70)
  AVERAGE WIND SPEED    10.8


SKY COVER
  POSSIBLE SUNSHINE  MM
  AVERAGE SKY COVER 0.7


WEATHER CONDITIONS
 THE FOLLOWING WEATHER WAS RECORDED TODAY.
  LIGHT SNOW
  FOG


RELATIVE HUMIDITY (PERCENT)
 HIGHEST   100           500 AM
 LOWEST     78          1200 AM
 AVERAGE    89

..........................................................


THE SIOUX FALLS SD CLIMATE NORMALS FOR TOMORROW
                         NORMAL    RECORD    YEAR
 MAXIMUM TEMPERATURE (F)   28        54      1987
 MINIMUM TEMPERATURE (F)    8       -32      1917


SUNRISE AND SUNSET
JANUARY 31 2015.......SUNRISE   745 AM CST   SUNSET   537 PM CST
FEBRUARY  1 2015......SUNRISE   743 AM CST   SUNSET   538 PM CST


-  INDICATES NEGATIVE NUMBERS.
R  INDICATES RECORD WAS SET OR TIED.
MM INDICATES DATA IS MISSING.
T  INDICATES TRACE AMOUNT.




$$
