000
CDUS43 KFSD 230749
CLIFSD


CLIMATE REPORT
NATIONAL WEATHER SERVICE SIOUX FALLS SD
249 AM CDT SAT MAY 23 2015


...................................

...THE SIOUX FALLS SD CLIMATE SUMMARY FOR MAY 22 2015...

CLIMATE NORMAL PERIOD 1981 TO 2010
CLIMATE RECORD PERIOD 1893 TO 2015


WEATHER ITEM   OBSERVED TIME   RECORD YEAR NORMAL DEPARTURE LAST
                VALUE   (LST)  VALUE       VALUE  FROM      YEAR
                                                  NORMAL
..................................................................
TEMPERATURE (F)
 YESTERDAY
  MAXIMUM         75    227 PM  92    1964  72      3       78
  MINIMUM         39    530 AM  27    1963  48     -9       42
  AVERAGE         57                        60     -3       60

PRECIPITATION (IN)
  YESTERDAY        0.00          3.50 1898   0.11  -0.11     0.00
  MONTH TO DATE    2.92                      2.36   0.56     1.02
  SINCE MAR 1      4.25                      7.13  -2.88     2.90
  SINCE JAN 1      5.47                      8.29  -2.82     3.89

SNOWFALL (IN)
  YESTERDAY        0.0          MM      MM   0.0    0.0      0.0
  MONTH TO DATE    T                         0.4   -0.4      0.0
  SINCE MAR 1      1.7                      13.4  -11.7     11.1
  SINCE JUL 1     31.9                      44.9  -13.0     45.3
  SNOW DEPTH       0

DEGREE DAYS
 HEATING
  YESTERDAY        8                         6      2        5
  MONTH TO DATE  192                       202    -10      270
  SINCE MAR 1   1443                      1759   -316     1941
  SINCE JUL 1   7192                      7609   -417     8288

 COOLING
  YESTERDAY        0                         1     -1        0
  MONTH TO DATE    9                        18     -9        0
  SINCE MAR 1     13                        23    -10        0
  SINCE JAN 1     13                        23    -10        0
..................................................................


WIND (MPH)
  HIGHEST WIND SPEED    16   HIGHEST WIND DIRECTION    SW (220)
  HIGHEST GUST SPEED    26   HIGHEST GUST DIRECTION    SW (210)
  AVERAGE WIND SPEED     4.6


SKY COVER
  POSSIBLE SUNSHINE  MM
  AVERAGE SKY COVER 0.6


WEATHER CONDITIONS
 THE FOLLOWING WEATHER WAS RECORDED YESTERDAY.
  NO SIGNIFICANT WEATHER WAS OBSERVED.


RELATIVE HUMIDITY (PERCENT)
 HIGHEST    93           500 AM
 LOWEST     29           200 PM
 AVERAGE    61

..........................................................


THE SIOUX FALLS SD CLIMATE NORMALS FOR TODAY
                         NORMAL    RECORD    YEAR
 MAXIMUM TEMPERATURE (F)   72        94      1950
 MINIMUM TEMPERATURE (F)   49        33      1893


SUNRISE AND SUNSET
MAY 23 2015...........SUNRISE   555 AM CDT   SUNSET   853 PM CDT
MAY 24 2015...........SUNRISE   554 AM CDT   SUNSET   854 PM CDT


-  INDICATES NEGATIVE NUMBERS.
R  INDICATES RECORD WAS SET OR TIED.
MM INDICATES DATA IS MISSING.
T  INDICATES TRACE AMOUNT.




$$
