000
CDUS43 KFSD 190926
CLIFSD


CLIMATE REPORT
NATIONAL WEATHER SERVICE SIOUX FALLS SD
425 AM CDT SAT APR 19 2014


...................................

...THE SIOUX FALLS SD CLIMATE SUMMARY FOR APRIL 18 2014...

CLIMATE NORMAL PERIOD 1981 TO 2010
CLIMATE RECORD PERIOD 1893 TO 2014


WEATHER ITEM   OBSERVED TIME   RECORD YEAR NORMAL DEPARTURE LAST
                VALUE   (LST)  VALUE       VALUE  FROM      YEAR
                                                  NORMAL
..................................................................
TEMPERATURE (F)
 YESTERDAY
  MAXIMUM         66    322 PM  92    1985  60      6       32
  MINIMUM         32    348 AM  14    1953  35     -3       26
  AVERAGE         49                        48      1       29

PRECIPITATION (IN)
  YESTERDAY        0.00          2.12 1995   0.10  -0.10     0.31
  MONTH TO DATE    0.45                      1.75  -1.30     2.60
  SINCE MAR 1      1.16                      3.51  -2.35     3.48
  SINCE JAN 1      2.15                      4.67  -2.52     4.83

SNOWFALL (IN)
  YESTERDAY        0.0           2.9  2013   0.2   -0.2      2.9
  MONTH TO DATE    3.4                       3.4    0.0     10.1
  SINCE MAR 1     11.1                      11.8   -0.7     11.6
  SINCE JUL 1     45.3                      43.3    2.0     37.1
  SNOW DEPTH       0

DEGREE DAYS
 HEATING
  YESTERDAY       16                        18     -2       36
  MONTH TO DATE  415                       383     32      525
  SINCE MAR 1   1516                      1378    138     1678
  SINCE JUL 1   7863                      7228    635     7297

 COOLING
  YESTERDAY        0                         0      0        0
  MONTH TO DATE    0                         0      0        0
  SINCE MAR 1      0                         0      0        0
  SINCE JAN 1      0                         0      0        0
..................................................................


WIND (MPH)
  HIGHEST WIND SPEED    32   HIGHEST WIND DIRECTION     S (170)
  HIGHEST GUST SPEED    44   HIGHEST GUST DIRECTION    SE (140)
  AVERAGE WIND SPEED    19.2


SKY COVER
  POSSIBLE SUNSHINE  MM
  AVERAGE SKY COVER 0.8


WEATHER CONDITIONS
 THE FOLLOWING WEATHER WAS RECORDED YESTERDAY.
  HAZE


RELATIVE HUMIDITY (PERCENT)
 HIGHEST    82           400 AM
 LOWEST     34           200 PM
 AVERAGE    58

..........................................................


THE SIOUX FALLS SD CLIMATE NORMALS FOR TODAY
                         NORMAL    RECORD    YEAR
 MAXIMUM TEMPERATURE (F)   60        89      1987
 MINIMUM TEMPERATURE (F)   36        15      1928


SUNRISE AND SUNSET
APRIL 19 2014.........SUNRISE   638 AM CDT   SUNSET   815 PM CDT
APRIL 20 2014.........SUNRISE   636 AM CDT   SUNSET   816 PM CDT


-  INDICATES NEGATIVE NUMBERS.
R  INDICATES RECORD WAS SET OR TIED.
MM INDICATES DATA IS MISSING.
T  INDICATES TRACE AMOUNT.




$$
