000
CDUS43 KFSD 230626
CLIFSD


CLIMATE REPORT
NATIONAL WEATHER SERVICE SIOUX FALLS SD
126 AM CDT WED APR 23 2014


...................................

...THE SIOUX FALLS SD CLIMATE SUMMARY FOR APRIL 22 2014...

CLIMATE NORMAL PERIOD 1981 TO 2010
CLIMATE RECORD PERIOD 1893 TO 2014


WEATHER ITEM   OBSERVED TIME   RECORD YEAR NORMAL DEPARTURE LAST
                VALUE   (LST)  VALUE       VALUE  FROM      YEAR
                                                  NORMAL
..................................................................
TEMPERATURE (F)
 YESTERDAY
  MAXIMUM         66    312 PM  93    1960  62      4       36
  MINIMUM         29    559 AM  23    1956  37     -8       26
                                      1927
                                      1909
  AVERAGE         48                        49     -1       31

PRECIPITATION (IN)
  YESTERDAY        T             3.72 2001   0.10  -0.10     0.39
  MONTH TO DATE    0.45                      2.17  -1.72     3.06
  SINCE MAR 1      1.16                      3.93  -2.77     3.94
  SINCE JAN 1      2.15                      5.09  -2.94     5.29

SNOWFALL (IN)
  YESTERDAY        0.0           4.7  1988   0.1   -0.1      4.6
  MONTH TO DATE    3.4                       3.9   -0.5     14.8
  SINCE MAR 1     11.1                      12.3   -1.2     16.3
  SINCE JUL 1     45.3                      43.8    1.5     41.8
  SNOW DEPTH       0

DEGREE DAYS
 HEATING
  YESTERDAY       17                        16      1       34
  MONTH TO DATE  450                       449      1      652
  SINCE MAR 1   1551                      1444    107     1805
  SINCE JUL 1   7898                      7294    604     7424

 COOLING
  YESTERDAY        0                         0      0        0
  MONTH TO DATE    0                         0      0        0
  SINCE MAR 1      0                         0      0        0
  SINCE JAN 1      0                         0      0        0
..................................................................


WIND (MPH)
  HIGHEST WIND SPEED    21   HIGHEST WIND DIRECTION    SE (130)
  HIGHEST GUST SPEED    28   HIGHEST GUST DIRECTION     S (200)
  AVERAGE WIND SPEED     8.3


SKY COVER
  POSSIBLE SUNSHINE  MM
  AVERAGE SKY COVER 0.4


WEATHER CONDITIONS
 THE FOLLOWING WEATHER WAS RECORDED YESTERDAY.
  NO SIGNIFICANT WEATHER WAS OBSERVED.


RELATIVE HUMIDITY (PERCENT)
 HIGHEST    92           600 AM
 LOWEST     28           200 PM
 AVERAGE    60

..........................................................


THE SIOUX FALLS SD CLIMATE NORMALS FOR TODAY
                         NORMAL    RECORD    YEAR
 MAXIMUM TEMPERATURE (F)   62        91      2009
 MINIMUM TEMPERATURE (F)   38        20      1996
                                             1967


SUNRISE AND SUNSET
APRIL 23 2014.........SUNRISE   631 AM CDT   SUNSET   820 PM CDT
APRIL 24 2014.........SUNRISE   630 AM CDT   SUNSET   821 PM CDT


-  INDICATES NEGATIVE NUMBERS.
R  INDICATES RECORD WAS SET OR TIED.
MM INDICATES DATA IS MISSING.
T  INDICATES TRACE AMOUNT.




$$
