000
CDUS43 KFSD 270637
CLIFSD


CLIMATE REPORT
NATIONAL WEATHER SERVICE SIOUX FALLS SD
136 AM CDT MON JUL 27 2015


...................................

...THE SIOUX FALLS SD CLIMATE SUMMARY FOR JULY 26 2015...

CLIMATE NORMAL PERIOD 1981 TO 2010
CLIMATE RECORD PERIOD 1893 TO 2015


WEATHER ITEM   OBSERVED TIME   RECORD YEAR NORMAL DEPARTURE LAST
                VALUE   (LST)  VALUE       VALUE  FROM      YEAR
                                                  NORMAL
..................................................................
TEMPERATURE (F)
 YESTERDAY
  MAXIMUM         84    340 PM 103    1975  84      0       84
  MINIMUM         65    518 AM  45    1971  62      3       65
  AVERAGE         75                        73      2       75

PRECIPITATION (IN)
  YESTERDAY        0.04          1.39 1905   0.09  -0.05     0.15
  MONTH TO DATE    3.68                      2.60   1.08     0.80
  SINCE JUN 1      7.97                      6.52   1.45    14.50
  SINCE JAN 1     14.52                     15.85  -1.33    19.48

SNOWFALL (IN)
  YESTERDAY        0.0           0.0    MM   0.0    0.0      0.0
  MONTH TO DATE    0.0                       0.0    0.0       T
  SINCE JUN 1      0.0                       0.0    0.0       T
  SINCE JUL 1      0.0                       0.0    0.0       T
  SNOW DEPTH       0

DEGREE DAYS
 HEATING
  YESTERDAY        0                         0      0        0
  MONTH TO DATE    6                         0      6       13
  SINCE JUN 1     15                        51    -36       45
  SINCE JUL 1      6                         0      6       13

 COOLING
  YESTERDAY       10                         8      2       10
  MONTH TO DATE  193                       216    -23      167
  SINCE JUN 1    332                       351    -19      303
  SINCE JAN 1    354                       387    -33      356
..................................................................


WIND (MPH)
  HIGHEST WIND SPEED    21   HIGHEST WIND DIRECTION     S (180)
  HIGHEST GUST SPEED    25   HIGHEST GUST DIRECTION     S (170)
  AVERAGE WIND SPEED     5.6


SKY COVER
  POSSIBLE SUNSHINE  MM
  AVERAGE SKY COVER 0.6


WEATHER CONDITIONS
 THE FOLLOWING WEATHER WAS RECORDED YESTERDAY.
  THUNDERSTORM
  RAIN
  LIGHT RAIN


RELATIVE HUMIDITY (PERCENT)
 HIGHEST   100           200 AM
 LOWEST     65           300 PM
 AVERAGE    83

..........................................................


THE SIOUX FALLS SD CLIMATE NORMALS FOR TODAY
                         NORMAL    RECORD    YEAR
 MAXIMUM TEMPERATURE (F)   84       105      1930
 MINIMUM TEMPERATURE (F)   62        47      2005


SUNRISE AND SUNSET
JULY 27 2015..........SUNRISE   611 AM CDT   SUNSET   855 PM CDT
JULY 28 2015..........SUNRISE   612 AM CDT   SUNSET   854 PM CDT


-  INDICATES NEGATIVE NUMBERS.
R  INDICATES RECORD WAS SET OR TIED.
MM INDICATES DATA IS MISSING.
T  INDICATES TRACE AMOUNT.




$$
