000
CDUS43 KFSD 240632
CLIFSD


CLIMATE REPORT
NATIONAL WEATHER SERVICE SIOUX FALLS SD
1231 AM CST TUE FEB 24 2015


...................................

...THE SIOUX FALLS SD CLIMATE SUMMARY FOR FEBRUARY 23 2015...

CLIMATE NORMAL PERIOD 1981 TO 2010
CLIMATE RECORD PERIOD 1893 TO 2015


WEATHER ITEM   OBSERVED TIME   RECORD YEAR NORMAL DEPARTURE LAST
                VALUE   (LST)  VALUE       VALUE  FROM      YEAR
                                                  NORMAL
..................................................................
TEMPERATURE (F)
 YESTERDAY
  MAXIMUM         30    549 PM  70    1958  34     -4       25
  MINIMUM         -3    705 AM -19    1965  15    -18        8
  AVERAGE         14                        24    -10       17

PRECIPITATION (IN)
  YESTERDAY        0.00          0.82 2000   0.03  -0.03     0.00
  MONTH TO DATE    0.26                      0.46  -0.20     0.50
  SINCE DEC 1      2.40                      1.71   0.69     1.94
  SINCE JAN 1      1.07                      1.02   0.05     0.81

SNOWFALL (IN)
  YESTERDAY        0.0           5.6  2012   0.3   -0.3      0.0
  MONTH TO DATE    4.1                       5.6   -1.5      6.9
  SINCE DEC 1     19.8                      21.5   -1.7     24.2
  SINCE JUL 1     28.1                      30.2   -2.1     32.1
  SNOW DEPTH       T

DEGREE DAYS
 HEATING
  YESTERDAY       51                        41     10       48
  MONTH TO DATE 1116                      1021     95     1184
  SINCE DEC 1   3730                      3941   -211     4427
  SINCE JUL 1   5486                      5653   -167     6048

 COOLING
  YESTERDAY        0                         0      0        0
  MONTH TO DATE    0                         0      0        0
  SINCE DEC 1      0                         0      0        0
  SINCE JAN 1      0                         0      0        0
..................................................................


WIND (MPH)
  HIGHEST WIND SPEED    23   HIGHEST WIND DIRECTION    SW (210)
  HIGHEST GUST SPEED    32   HIGHEST GUST DIRECTION     S (180)
  AVERAGE WIND SPEED    10.4


SKY COVER
  POSSIBLE SUNSHINE  MM
  AVERAGE SKY COVER 0.3


WEATHER CONDITIONS
 THE FOLLOWING WEATHER WAS RECORDED YESTERDAY.
  NO SIGNIFICANT WEATHER WAS OBSERVED.


RELATIVE HUMIDITY (PERCENT)
 HIGHEST    71          1200 AM
 LOWEST     31           300 PM
 AVERAGE    51

..........................................................


THE SIOUX FALLS SD CLIMATE NORMALS FOR TODAY
                         NORMAL    RECORD    YEAR
 MAXIMUM TEMPERATURE (F)   34        61      1996
 MINIMUM TEMPERATURE (F)   15       -30      1965


SUNRISE AND SUNSET
FEBRUARY 24 2015......SUNRISE   712 AM CST   SUNSET   609 PM CST
FEBRUARY 25 2015......SUNRISE   710 AM CST   SUNSET   610 PM CST


-  INDICATES NEGATIVE NUMBERS.
R  INDICATES RECORD WAS SET OR TIED.
MM INDICATES DATA IS MISSING.
T  INDICATES TRACE AMOUNT.




$$
