000
CDUS43 KFSD 210627
CLIFSD


CLIMATE REPORT
NATIONAL WEATHER SERVICE SIOUX FALLS SD
124 AM CDT TUE OCT 21 2014


...................................

...THE SIOUX FALLS SD CLIMATE SUMMARY FOR OCTOBER 20 2014...

CLIMATE NORMAL PERIOD 1981 TO 2010
CLIMATE RECORD PERIOD 1893 TO 2014


WEATHER ITEM   OBSERVED TIME   RECORD YEAR NORMAL DEPARTURE LAST
                VALUE   (LST)  VALUE       VALUE  FROM      YEAR
                                                  NORMAL
..................................................................
TEMPERATURE (F)
 YESTERDAY
  MAXIMUM         70    346 PM  85    1947  58     12       54
  MINIMUM         35    508 AM  13    1917  35      0       34
  AVERAGE         53                        46      7       44

PRECIPITATION (IN)
  YESTERDAY        0.00          1.05 1905   0.07  -0.07     0.01
  MONTH TO DATE    0.36                      1.60  -1.24     2.67
  SINCE SEP 1      2.64                      4.37  -1.73     3.44
  SINCE JAN 1     27.07                     23.76   3.31    23.86

SNOWFALL (IN)
  YESTERDAY        0.0           5.0  1905   0.1   -0.1      0.0
  MONTH TO DATE    0.0                       0.5   -0.5      0.0
  SINCE SEP 1      0.0                       0.5   -0.5      0.0
  SINCE JUL 1      T                         0.5   -0.5      0.0
  SNOW DEPTH       0

DEGREE DAYS
 HEATING
  YESTERDAY       12                        19     -7       21
  MONTH TO DATE  279                       300    -21      252
  SINCE SEP 1    409                       473    -64      318
  SINCE JUL 1    427                       504    -77      352

 COOLING
  YESTERDAY        0                         0      0        0
  MONTH TO DATE    0                         0      0        3
  SINCE SEP 1     59                        60     -1      133
  SINCE JAN 1    610                       685    -75      787
..................................................................


WIND (MPH)
  HIGHEST WIND SPEED    14   HIGHEST WIND DIRECTION    NW (320)
  HIGHEST GUST SPEED    18   HIGHEST GUST DIRECTION     N (340)
  AVERAGE WIND SPEED     3.1


SKY COVER
  POSSIBLE SUNSHINE  MM
  AVERAGE SKY COVER 0.1


WEATHER CONDITIONS
 THE FOLLOWING WEATHER WAS RECORDED YESTERDAY.
  NO SIGNIFICANT WEATHER WAS OBSERVED.


RELATIVE HUMIDITY (PERCENT)
 HIGHEST    92           600 AM
 LOWEST     31           400 PM
 AVERAGE    62

..........................................................


THE SIOUX FALLS SD CLIMATE NORMALS FOR TODAY
                         NORMAL    RECORD    YEAR
 MAXIMUM TEMPERATURE (F)   57        85      1947
 MINIMUM TEMPERATURE (F)   34        11      1913


SUNRISE AND SUNSET
OCTOBER 21 2014.......SUNRISE   748 AM CDT   SUNSET   634 PM CDT
OCTOBER 22 2014.......SUNRISE   750 AM CDT   SUNSET   632 PM CDT


-  INDICATES NEGATIVE NUMBERS.
R  INDICATES RECORD WAS SET OR TIED.
MM INDICATES DATA IS MISSING.
T  INDICATES TRACE AMOUNT.




$$
