000
CDUS43 KFSD 220623
CLIFSD


CLIMATE REPORT
NATIONAL WEATHER SERVICE SIOUX FALLS SD
122 AM CDT SUN MAY 22 2016


...................................

...THE SIOUX FALLS SD CLIMATE SUMMARY FOR MAY 21 2016...

CLIMATE NORMAL PERIOD 1981 TO 2010
CLIMATE RECORD PERIOD 1893 TO 2016


WEATHER ITEM   OBSERVED TIME   RECORD YEAR NORMAL DEPARTURE LAST
                VALUE   (LST)  VALUE       VALUE  FROM      YEAR
                                                  NORMAL
..................................................................
TEMPERATURE (F)
 YESTERDAY
  MAXIMUM         73    457 PM  93    1964  71      2       75
  MINIMUM         44    521 AM  25    1931  48     -4       42
  AVERAGE         59                        60     -1       59

PRECIPITATION (IN)
  YESTERDAY        0.00          2.09 1893   0.11  -0.11     0.00
  MONTH TO DATE    0.65                      2.25  -1.60     2.92
  SINCE MAR 1      7.36                      7.02   0.34     4.25
  SINCE JAN 1      9.04                      8.18   0.86     5.47

SNOWFALL (IN)
  YESTERDAY        0.0          MM      MM   0.0    0.0      0.0
  MONTH TO DATE    0.0                       0.4   -0.4       T
  SINCE MAR 1     12.2                      13.4   -1.2      1.7
  SINCE JUL 1     68.5                      44.9   23.6     31.9
  SNOW DEPTH       0

DEGREE DAYS
 HEATING
  YESTERDAY        6                         7     -1        6
  MONTH TO DATE  211                       196     15      184
  SINCE MAR 1   1457                      1753   -296     1435
  SINCE JUL 1   6493                      7603  -1110     7184

 COOLING
  YESTERDAY        0                         1     -1        0
  MONTH TO DATE    6                        17    -11        9
  SINCE MAR 1      6                        22    -16       13
  SINCE JAN 1      6                        22    -16       13
..................................................................


WIND (MPH)
  HIGHEST WIND SPEED    23   HIGHEST WIND DIRECTION    SE (150)
  HIGHEST GUST SPEED    30   HIGHEST GUST DIRECTION    SE (150)
  AVERAGE WIND SPEED    11.3


SKY COVER
  POSSIBLE SUNSHINE  MM
  AVERAGE SKY COVER 0.3


WEATHER CONDITIONS
 THE FOLLOWING WEATHER WAS RECORDED YESTERDAY.
  NO SIGNIFICANT WEATHER WAS OBSERVED.


RELATIVE HUMIDITY (PERCENT)
 HIGHEST    92           500 AM
 LOWEST     31           300 PM
 AVERAGE    62

..........................................................


THE SIOUX FALLS SD CLIMATE NORMALS FOR TODAY
                         NORMAL    RECORD    YEAR
 MAXIMUM TEMPERATURE (F)   72        92      1964
 MINIMUM TEMPERATURE (F)   48        27      1963


SUNRISE AND SUNSET
MAY 22 2016...........SUNRISE   555 AM CDT   SUNSET   853 PM CDT
MAY 23 2016...........SUNRISE   554 AM CDT   SUNSET   854 PM CDT


-  INDICATES NEGATIVE NUMBERS.
R  INDICATES RECORD WAS SET OR TIED.
MM INDICATES DATA IS MISSING.
T  INDICATES TRACE AMOUNT.




$$
