451
CDUS43 KFSD 270644
CLIFSD


CLIMATE REPORT
NATIONAL WEATHER SERVICE SIOUX FALLS SD
144 AM CDT FRI MAY 27 2016


...................................

...THE SIOUX FALLS SD CLIMATE SUMMARY FOR MAY 26 2016...

CLIMATE NORMAL PERIOD 1981 TO 2010
CLIMATE RECORD PERIOD 1893 TO 2016


WEATHER ITEM   OBSERVED TIME   RECORD YEAR NORMAL DEPARTURE LAST
                VALUE   (LST)  VALUE       VALUE  FROM      YEAR
                                                  NORMAL
..................................................................
TEMPERATURE (F)
 YESTERDAY
  MAXIMUM         76    448 PM  96    1914  73      3       69
  MINIMUM         51    508 AM  31    1971  50      1       51
  AVERAGE         64                        61      3       60

PRECIPITATION (IN)
  YESTERDAY        0.00          2.95 1908   0.11  -0.11      T
  MONTH TO DATE    1.54                      2.81  -1.27     3.24
  SINCE MAR 1      8.25                      7.58   0.67     4.57
  SINCE JAN 1      9.93                      8.74   1.19     5.79

SNOWFALL (IN)
  YESTERDAY        0.0          MM      MM   0.0    0.0      0.0
  MONTH TO DATE    0.0                       0.4   -0.4       T
  SINCE MAR 1     12.2                      13.4   -1.2      1.7
  SINCE JUL 1     68.5                      44.9   23.6     31.9
  SNOW DEPTH       0

DEGREE DAYS
 HEATING
  YESTERDAY        1                         5     -4        5
  MONTH TO DATE  212                       225    -13      207
  SINCE MAR 1   1458                      1782   -324     1458
  SINCE JUL 1   6494                      7632  -1138     7207

 COOLING
  YESTERDAY        0                         1     -1        0
  MONTH TO DATE   26                        22      4        9
  SINCE MAR 1     26                        27     -1       13
  SINCE JAN 1     26                        27     -1       13
..................................................................


WIND (MPH)
  HIGHEST WIND SPEED    18   HIGHEST WIND DIRECTION     S (180)
  HIGHEST GUST SPEED    24   HIGHEST GUST DIRECTION     S (180)
  AVERAGE WIND SPEED     5.4


SKY COVER
  POSSIBLE SUNSHINE  MM
  AVERAGE SKY COVER 0.5


WEATHER CONDITIONS
 THE FOLLOWING WEATHER WAS RECORDED YESTERDAY.
  NO SIGNIFICANT WEATHER WAS OBSERVED.


RELATIVE HUMIDITY (PERCENT)
 HIGHEST    89           500 AM
 LOWEST     38          1100 AM
 AVERAGE    64

..........................................................


THE SIOUX FALLS SD CLIMATE NORMALS FOR TODAY
                         NORMAL    RECORD    YEAR
 MAXIMUM TEMPERATURE (F)   73        92      1969
                                             1913
                                             1895
 MINIMUM TEMPERATURE (F)   50        29      1907


SUNRISE AND SUNSET
MAY 27 2016...........SUNRISE   551 AM CDT   SUNSET   858 PM CDT
MAY 28 2016...........SUNRISE   551 AM CDT   SUNSET   858 PM CDT


-  INDICATES NEGATIVE NUMBERS.
R  INDICATES RECORD WAS SET OR TIED.
MM INDICATES DATA IS MISSING.
T  INDICATES TRACE AMOUNT.




$$
