000
CDUS43 KFSD 170640
CLIFSD


CLIMATE REPORT
NATIONAL WEATHER SERVICE SIOUX FALLS SD
139 AM CDT THU APR 17 2014


...................................

...THE SIOUX FALLS SD CLIMATE SUMMARY FOR APRIL 16 2014...

CLIMATE NORMAL PERIOD 1981 TO 2010
CLIMATE RECORD PERIOD 1893 TO 2014


WEATHER ITEM   OBSERVED TIME   RECORD YEAR NORMAL DEPARTURE LAST
                VALUE   (LST)  VALUE       VALUE  FROM      YEAR
                                                  NORMAL
..................................................................
TEMPERATURE (F)
 YESTERDAY
  MAXIMUM         48   1231 PM  92    1964  59    -11       41
  MINIMUM         28   1159 PM  13    1904  35     -7       28
  AVERAGE         38                        47     -9       35

PRECIPITATION (IN)
  YESTERDAY        0.23          1.22 1945   0.10   0.13     0.00
  MONTH TO DATE    0.45                      1.54  -1.09     2.26
  SINCE MAR 1      1.16                      3.30  -2.14     3.14
  SINCE JAN 1      2.15                      4.46  -2.31     4.49

SNOWFALL (IN)
  YESTERDAY        0.8           3.0  1945   0.2    0.6      0.0
  MONTH TO DATE    3.4                       3.0    0.4      7.2
  SINCE MAR 1     11.1                      11.4   -0.3      8.7
  SINCE JUL 1     45.3                      42.9    2.4     34.2
  SNOW DEPTH       0

DEGREE DAYS
 HEATING
  YESTERDAY       27                        18      9       30
  MONTH TO DATE  367                       347     20      458
  SINCE MAR 1   1468                      1342    126     1611
  SINCE JUL 1   7815                      7192    623     7230

 COOLING
  YESTERDAY        0                         0      0        0
  MONTH TO DATE    0                         0      0        0
  SINCE MAR 1      0                         0      0        0
  SINCE JAN 1      0                         0      0        0
..................................................................


WIND (MPH)
  HIGHEST WIND SPEED    29   HIGHEST WIND DIRECTION     N (360)
  HIGHEST GUST SPEED    36   HIGHEST GUST DIRECTION    SE (120)
  AVERAGE WIND SPEED    17.0


SKY COVER
  POSSIBLE SUNSHINE  MM
  AVERAGE SKY COVER 0.9


WEATHER CONDITIONS
 THE FOLLOWING WEATHER WAS RECORDED YESTERDAY.
  LIGHT RAIN
  SNOW
  LIGHT SNOW
  SLEET
  FOG


RELATIVE HUMIDITY (PERCENT)
 HIGHEST   100           400 PM
 LOWEST     42           600 AM
 AVERAGE    71

..........................................................


THE SIOUX FALLS SD CLIMATE NORMALS FOR TODAY
                         NORMAL    RECORD    YEAR
 MAXIMUM TEMPERATURE (F)   60        90      1985
 MINIMUM TEMPERATURE (F)   35        15      1907


SUNRISE AND SUNSET
APRIL 17 2014.........SUNRISE   641 AM CDT   SUNSET   813 PM CDT
APRIL 18 2014.........SUNRISE   639 AM CDT   SUNSET   814 PM CDT


-  INDICATES NEGATIVE NUMBERS.
R  INDICATES RECORD WAS SET OR TIED.
MM INDICATES DATA IS MISSING.
T  INDICATES TRACE AMOUNT.




$$
