000
CDUS43 KFSD 210708
CLIFSD


CLIMATE REPORT
NATIONAL WEATHER SERVICE SIOUX FALLS SD
208 AM CDT MON JUL 21 2014


...................................

...THE SIOUX FALLS SD CLIMATE SUMMARY FOR JULY 20 2014...

CLIMATE NORMAL PERIOD 1981 TO 2010
CLIMATE RECORD PERIOD 1893 TO 2014


WEATHER ITEM   OBSERVED TIME   RECORD YEAR NORMAL DEPARTURE LAST
                VALUE   (LST)  VALUE       VALUE  FROM      YEAR
                                                  NORMAL
..................................................................
TEMPERATURE (F)
 YESTERDAY
  MAXIMUM         84    624 PM 102    1926  84      0       82
                                      1901
  MINIMUM         67    618 AM  44    1900  62      5       61
  AVERAGE         76                        73      3       72

PRECIPITATION (IN)
  YESTERDAY        0.00          2.22 1907   0.10  -0.10     0.28
  MONTH TO DATE    0.46                      2.01  -1.55     0.59
  SINCE JUN 1     14.16                      5.93   8.23     4.87
  SINCE JAN 1     19.14                     15.26   3.88    17.18

SNOWFALL (IN)
  YESTERDAY        0.0           0.0    MM   0.0    0.0      0.0
  MONTH TO DATE    0.0                       0.0    0.0      0.0
  SINCE JUN 1      T                         0.0    0.0      0.0
  SINCE JUL 1      0.0                       0.0    0.0      0.0
  SNOW DEPTH       0

DEGREE DAYS
 HEATING
  YESTERDAY        0                         0      0        0
  MONTH TO DATE   13                         0     13        0
  SINCE JUN 1     45                        51     -6       69
  SINCE JUL 1     13                         0     13        0

 COOLING
  YESTERDAY       11                         9      2        7
  MONTH TO DATE  114                       167    -53      206
  SINCE JUN 1    250                       302    -52      342
  SINCE JAN 1    303                       338    -35      384
..................................................................


WIND (MPH)
  HIGHEST WIND SPEED    21   HIGHEST WIND DIRECTION     S (180)
  HIGHEST GUST SPEED    26   HIGHEST GUST DIRECTION     S (180)
  AVERAGE WIND SPEED    13.6


SKY COVER
  POSSIBLE SUNSHINE  MM
  AVERAGE SKY COVER 0.4


WEATHER CONDITIONS
 THE FOLLOWING WEATHER WAS RECORDED YESTERDAY.
  NO SIGNIFICANT WEATHER WAS OBSERVED.


RELATIVE HUMIDITY (PERCENT)
 HIGHEST    90           100 AM
 LOWEST     69           400 PM
 AVERAGE    80

..........................................................


THE SIOUX FALLS SD CLIMATE NORMALS FOR TODAY
                         NORMAL    RECORD    YEAR
 MAXIMUM TEMPERATURE (F)   84       105      1934
 MINIMUM TEMPERATURE (F)   62        45      1947


SUNRISE AND SUNSET
JULY 21 2014..........SUNRISE   605 AM CDT   SUNSET   901 PM CDT
JULY 22 2014..........SUNRISE   606 AM CDT   SUNSET   900 PM CDT


-  INDICATES NEGATIVE NUMBERS.
R  INDICATES RECORD WAS SET OR TIED.
MM INDICATES DATA IS MISSING.
T  INDICATES TRACE AMOUNT.




$$
