000
CDUS43 KFSD 170646
CLIFSD


CLIMATE REPORT
NATIONAL WEATHER SERVICE SIOUX FALLS SD
1245 AM CST WED DEC 17 2014


...................................

...THE SIOUX FALLS SD CLIMATE SUMMARY FOR DECEMBER 16 2014...

CLIMATE NORMAL PERIOD 1981 TO 2010
CLIMATE RECORD PERIOD 1893 TO 2014


WEATHER ITEM   OBSERVED TIME   RECORD YEAR NORMAL DEPARTURE LAST
                VALUE   (LST)  VALUE       VALUE  FROM      YEAR
                                                  NORMAL
..................................................................
TEMPERATURE (F)
 YESTERDAY
  MAXIMUM         20    131 AM  60    1939  28     -8       31
  MINIMUM          3    926 PM -22    1914   9     -6        4
  AVERAGE         12                        19     -7       18

PRECIPITATION (IN)
  YESTERDAY        T             0.38 1961   0.02  -0.02     0.00
  MONTH TO DATE    0.81                      0.40   0.41     0.82
  SINCE DEC 1      0.81                      0.40   0.41     0.82
  SINCE JAN 1     28.75                     26.09   2.66    25.48

SNOWFALL (IN)
  YESTERDAY        T             4.5  1915   0.2   -0.2      0.0
  MONTH TO DATE    2.0                       4.4   -2.4      9.1
  SINCE DEC 1      2.0                       4.4   -2.4      9.1
  SINCE JUL 1     10.3                      13.1   -2.8     17.0
  SNOW DEPTH       2

DEGREE DAYS
 HEATING
  YESTERDAY       53                        46      7       47
  MONTH TO DATE  577                       704   -127      858
  SINCE DEC 1    577                       704   -127      858
  SINCE JUL 1   2333                      2416    -83     2479

 COOLING
  YESTERDAY        0                         0      0        0
  MONTH TO DATE    0                         0      0        0
  SINCE DEC 1      0                         0      0        0
  SINCE JAN 1    610                       690    -80      787
..................................................................


WIND (MPH)
  HIGHEST WIND SPEED    38   HIGHEST WIND DIRECTION     N (340)
  HIGHEST GUST SPEED    44   HIGHEST GUST DIRECTION     N (340)
  AVERAGE WIND SPEED    13.0


SKY COVER
  POSSIBLE SUNSHINE  MM
  AVERAGE SKY COVER 0.5


WEATHER CONDITIONS
 THE FOLLOWING WEATHER WAS RECORDED YESTERDAY.
  LIGHT SNOW
  FOG
  BLOWING SNOW


RELATIVE HUMIDITY (PERCENT)
 HIGHEST    88          1000 PM
 LOWEST     73          1200 PM
 AVERAGE    81

..........................................................


THE SIOUX FALLS SD CLIMATE NORMALS FOR TODAY
                         NORMAL    RECORD    YEAR
 MAXIMUM TEMPERATURE (F)   28        56      1962
 MINIMUM TEMPERATURE (F)    9       -24      1922


SUNRISE AND SUNSET
DECEMBER 17 2014......SUNRISE   755 AM CST   SUNSET   452 PM CST
DECEMBER 18 2014......SUNRISE   755 AM CST   SUNSET   452 PM CST


-  INDICATES NEGATIVE NUMBERS.
R  INDICATES RECORD WAS SET OR TIED.
MM INDICATES DATA IS MISSING.
T  INDICATES TRACE AMOUNT.




$$
