000
CDUS43 KFSD 180635
CLIFSD


CLIMATE REPORT
NATIONAL WEATHER SERVICE SIOUX FALLS SD
133 AM CDT TUE JUL 18 2017


...................................

...THE SIOUX FALLS SD CLIMATE SUMMARY FOR JULY 17 2017...

CLIMATE NORMAL PERIOD 1981 TO 2010
CLIMATE RECORD PERIOD 1893 TO 2017


WEATHER ITEM   OBSERVED TIME   RECORD YEAR NORMAL DEPARTURE LAST
                VALUE   (LST)  VALUE       VALUE  FROM      YEAR
                                                  NORMAL
..................................................................
TEMPERATURE (F)
 YESTERDAY
  MAXIMUM         96    317 PM 110    1936  84     12       86
  MINIMUM         68   1120 PM  44    1900  62      6       63
  AVERAGE         82                        73      9       75

PRECIPITATION (IN)
  YESTERDAY        0.60          0.91 1993   0.09   0.51     0.02
  MONTH TO DATE    0.60                      1.72  -1.12     0.82
  SINCE JUN 1      3.89                      5.64  -1.75     2.54
  SINCE JAN 1     11.64                     14.97  -3.33    14.04

SNOWFALL (IN)
  YESTERDAY        0.0           0.0    MM   0.0    0.0      0.0
  MONTH TO DATE    0.0                       0.0    0.0      0.0
  SINCE JUN 1      0.0                       0.0    0.0      0.0
  SINCE JUL 1      0.0                       0.0    0.0      0.0
  SNOW DEPTH       0

DEGREE DAYS
 HEATING
  YESTERDAY        0                         0      0        0
  MONTH TO DATE    0                         0      0        5
  SINCE JUN 1     26                        51    -25       14
  SINCE JUL 1      0                         0      0        5

 COOLING
  YESTERDAY       17                         9      8       10
  MONTH TO DATE  188                       140     48      119
  SINCE JUN 1    387                       275    112      354
  SINCE JAN 1    413                       311    102      387
..................................................................


WIND (MPH)
  HIGHEST WIND SPEED    39   HIGHEST WIND DIRECTION    NW (310)
  HIGHEST GUST SPEED    52   HIGHEST GUST DIRECTION     W (290)
  AVERAGE WIND SPEED    12.1


SKY COVER
  POSSIBLE SUNSHINE  MM
  AVERAGE SKY COVER 0.3


WEATHER CONDITIONS
 THE FOLLOWING WEATHER WAS RECORDED YESTERDAY.
  THUNDERSTORM
  HEAVY RAIN
  RAIN
  LIGHT RAIN
  FOG
  HAZE


RELATIVE HUMIDITY (PERCENT)
 HIGHEST    96          1100 PM
 LOWEST     34           200 PM
 AVERAGE    65

..........................................................


THE SIOUX FALLS SD CLIMATE NORMALS FOR TODAY
                         NORMAL    RECORD    YEAR
 MAXIMUM TEMPERATURE (F)   84       105      1940
 MINIMUM TEMPERATURE (F)   62        50      2009
                                             2006
                                             1893


SUNRISE AND SUNSET
JULY 18 2017..........SUNRISE   602 AM CDT   SUNSET   903 PM CDT
JULY 19 2017..........SUNRISE   603 AM CDT   SUNSET   903 PM CDT


-  INDICATES NEGATIVE NUMBERS.
R  INDICATES RECORD WAS SET OR TIED.
MM INDICATES DATA IS MISSING.
T  INDICATES TRACE AMOUNT.




$$
