000
CDUS43 KFSD 250654
CLIFSD


CLIMATE REPORT
NATIONAL WEATHER SERVICE SIOUX FALLS SD
153 AM CDT WED MAR 25 2015


...................................

...THE SIOUX FALLS SD CLIMATE SUMMARY FOR MARCH 24 2015...

CLIMATE NORMAL PERIOD 1981 TO 2010
CLIMATE RECORD PERIOD 1893 TO 2015


WEATHER ITEM   OBSERVED TIME   RECORD YEAR NORMAL DEPARTURE LAST
                VALUE   (LST)  VALUE       VALUE  FROM      YEAR
                                                  NORMAL
..................................................................
TEMPERATURE (F)
 YESTERDAY
  MAXIMUM         34   1159 PM  83    1967  47    -13       36
  MINIMUM         30    740 AM   0    1974  26      4       22
  AVERAGE         32                        36     -4       29

PRECIPITATION (IN)
  YESTERDAY        0.11          0.60 2007   0.07   0.04     0.02
                                      1937
  MONTH TO DATE    0.33                      1.19  -0.86     0.55
  SINCE MAR 1      0.33                      1.19  -0.86     0.55
  SINCE JAN 1      1.55                      2.35  -0.80     1.54

SNOWFALL (IN)
  YESTERDAY        T             2.7  1975   0.3   -0.3      0.4
  MONTH TO DATE    1.7                       6.8   -5.1      6.3
  SINCE MAR 1      1.7                       6.8   -5.1      6.3
  SINCE JUL 1     31.9                      38.3   -6.4     40.5
  SNOW DEPTH       0

DEGREE DAYS
 HEATING
  YESTERDAY       33                        29      4       36
  MONTH TO DATE  652                       807   -155      904
  SINCE MAR 1    652                       807   -155      904
  SINCE JUL 1   6401                      6657   -256     7251

 COOLING
  YESTERDAY        0                         0      0        0
  MONTH TO DATE    0                         0      0        0
  SINCE MAR 1      0                         0      0        0
  SINCE JAN 1      0                         0      0        0
..................................................................


WIND (MPH)
  HIGHEST WIND SPEED    21   HIGHEST WIND DIRECTION    SE (130)
  HIGHEST GUST SPEED    33   HIGHEST GUST DIRECTION    SE (140)
  AVERAGE WIND SPEED    12.9


SKY COVER
  POSSIBLE SUNSHINE  MM
  AVERAGE SKY COVER 0.9


WEATHER CONDITIONS
 THE FOLLOWING WEATHER WAS RECORDED YESTERDAY.
  RAIN
  LIGHT RAIN
  LIGHT SNOW
  FOG


RELATIVE HUMIDITY (PERCENT)
 HIGHEST   100          1100 PM
 LOWEST     78           100 AM
 AVERAGE    89

..........................................................


THE SIOUX FALLS SD CLIMATE NORMALS FOR TODAY
                         NORMAL    RECORD    YEAR
 MAXIMUM TEMPERATURE (F)   48        82      1910
 MINIMUM TEMPERATURE (F)   26        -4      1894


SUNRISE AND SUNSET
MARCH 25 2015.........SUNRISE   722 AM CDT   SUNSET   745 PM CDT
MARCH 26 2015.........SUNRISE   720 AM CDT   SUNSET   746 PM CDT


-  INDICATES NEGATIVE NUMBERS.
R  INDICATES RECORD WAS SET OR TIED.
MM INDICATES DATA IS MISSING.
T  INDICATES TRACE AMOUNT.




$$
