000
CDUS43 KFSD 282224
CLIFSD


CLIMATE REPORT
NATIONAL WEATHER SERVICE SIOUX FALLS SD
523 PM CDT SUN JUN 28 2015


...................................

...THE SIOUX FALLS SD CLIMATE SUMMARY FOR JUNE 28 2015...
VALID TODAY AS OF 0500 PM LOCAL TIME.

CLIMATE NORMAL PERIOD 1981 TO 2010
CLIMATE RECORD PERIOD 1893 TO 2015


WEATHER ITEM   OBSERVED TIME   RECORD YEAR NORMAL DEPARTURE LAST
                VALUE   (LST)  VALUE       VALUE  FROM      YEAR
                                                  NORMAL
..................................................................
TEMPERATURE (F)
 TODAY
  MAXIMUM         85    316 PM 105    1988  83      2       77
  MINIMUM         60    439 AM  37    1895  60      0       63
  AVERAGE         73                        71      2       70

PRECIPITATION (IN)
  TODAY            0.00          2.15 1928   0.12  -0.12     0.10
  MONTH TO DATE    4.26                      3.68   0.58    13.56
  SINCE JUN 1      4.26                      3.68   0.58    13.56
  SINCE JAN 1     10.81                     13.01  -2.20    18.54

SNOWFALL (IN)
  TODAY            0.0           0.0    MM   0.0    0.0      0.0
  MONTH TO DATE    0.0                       0.0    0.0       T
  SINCE JUN 1      0.0                       0.0    0.0       T
  SINCE JUL 1     31.9                      44.5  -12.6     45.3
  SNOW DEPTH       0

DEGREE DAYS
 HEATING
  TODAY            0                         0      0        0
  MONTH TO DATE    9                        52    -43       32
  SINCE JUN 1      9                        52    -43       32
  SINCE JUL 1   7246                      7707   -461     8320

 COOLING
  TODAY            8                         7      1        5
  MONTH TO DATE  128                       121      7      123
  SINCE JUN 1    128                       121      7      123
  SINCE JAN 1    150                       157     -7      176
..................................................................


WIND (MPH)
  HIGHEST WIND SPEED    24   HIGHEST WIND DIRECTION     N (340)
  HIGHEST GUST SPEED    29   HIGHEST GUST DIRECTION     N (350)
  AVERAGE WIND SPEED    10.8


SKY COVER
  POSSIBLE SUNSHINE  MM
  AVERAGE SKY COVER 0.2


WEATHER CONDITIONS
 THE FOLLOWING WEATHER WAS RECORDED TODAY.
  NO SIGNIFICANT WEATHER WAS OBSERVED.


RELATIVE HUMIDITY (PERCENT)
 HIGHEST    84           300 AM
 LOWEST     37           300 PM
 AVERAGE    61

..........................................................


THE SIOUX FALLS SD CLIMATE NORMALS FOR TOMORROW
                         NORMAL    RECORD    YEAR
 MAXIMUM TEMPERATURE (F)   83       101      2002
 MINIMUM TEMPERATURE (F)   60        42      1950


SUNRISE AND SUNSET
JUNE 28 2015..........SUNRISE   548 AM CDT   SUNSET   912 PM CDT
JUNE 29 2015..........SUNRISE   548 AM CDT   SUNSET   912 PM CDT


-  INDICATES NEGATIVE NUMBERS.
R  INDICATES RECORD WAS SET OR TIED.
MM INDICATES DATA IS MISSING.
T  INDICATES TRACE AMOUNT.




$$
