000
CDUS43 KFSD 262240
CLIFSD


CLIMATE REPORT
NATIONAL WEATHER SERVICE SIOUX FALLS SD
540 PM CDT MON SEP 26 2016


...................................

...THE SIOUX FALLS SD CLIMATE SUMMARY FOR SEPTEMBER 26 2016...
VALID TODAY AS OF 0500 PM LOCAL TIME.

CLIMATE NORMAL PERIOD 1981 TO 2010
CLIMATE RECORD PERIOD 1893 TO 2016


WEATHER ITEM   OBSERVED TIME   RECORD YEAR NORMAL DEPARTURE LAST
                VALUE   (LST)  VALUE       VALUE  FROM      YEAR
                                                  NORMAL
..................................................................
TEMPERATURE (F)
 TODAY
  MAXIMUM         72    359 PM  94    1956  69      3       78
  MINIMUM         43    613 AM  23    1984  44     -1       52
  AVERAGE         58                        56      2       65

PRECIPITATION (IN)
  TODAY            0.00          1.28 1908   0.09  -0.09     0.00
  MONTH TO DATE    7.55                      2.44   5.11     3.02
  SINCE SEP 1      7.55                      2.44   5.11     3.02
  SINCE JAN 1     25.41                     21.83   3.58    24.62

SNOWFALL (IN)
  TODAY            0.0           0.0    MM   0.0    0.0      0.0
  MONTH TO DATE    0.0                       0.0    0.0      0.0
  SINCE SEP 1      0.0                       0.0    0.0      0.0
  SINCE JUL 1      0.0                       0.0    0.0      0.0
  SNOW DEPTH       0

DEGREE DAYS
 HEATING
  TODAY            7                         9     -2        0
  MONTH TO DATE   38                       132    -94       48
  SINCE SEP 1     38                       132    -94       48
  SINCE JUL 1     46                       163   -117       88

 COOLING
  TODAY            0                         1     -1        0
  MONTH TO DATE   97                        59     38      127
  SINCE SEP 1     97                        59     38      127
  SINCE JAN 1    877                       684    193      702
..................................................................


WIND (MPH)
  HIGHEST WIND SPEED    25   HIGHEST WIND DIRECTION    NW (310)
  HIGHEST GUST SPEED    36   HIGHEST GUST DIRECTION     W (290)
  AVERAGE WIND SPEED    11.3


SKY COVER
  POSSIBLE SUNSHINE  MM
  AVERAGE SKY COVER 0.1


WEATHER CONDITIONS
 THE FOLLOWING WEATHER WAS RECORDED TODAY.
  NO SIGNIFICANT WEATHER WAS OBSERVED.


RELATIVE HUMIDITY (PERCENT)
 HIGHEST    76           500 AM
 LOWEST     27           400 PM
 AVERAGE    52

..........................................................


THE SIOUX FALLS SD CLIMATE NORMALS FOR TOMORROW
                         NORMAL    RECORD    YEAR
 MAXIMUM TEMPERATURE (F)   68        96      1956
 MINIMUM TEMPERATURE (F)   44        23      1900


SUNRISE AND SUNSET
SEPTEMBER 26 2016.....SUNRISE   719 AM CDT   SUNSET   716 PM CDT
SEPTEMBER 27 2016.....SUNRISE   720 AM CDT   SUNSET   714 PM CDT


-  INDICATES NEGATIVE NUMBERS.
R  INDICATES RECORD WAS SET OR TIED.
MM INDICATES DATA IS MISSING.
T  INDICATES TRACE AMOUNT.




$$
