475
CDUS43 KFSD 150716
CLIFSD


CLIMATE REPORT
NATIONAL WEATHER SERVICE SIOUX FALLS SD
115 AM CST THU FEB 15 2018


...................................

...THE SIOUX FALLS SD CLIMATE SUMMARY FOR FEBRUARY 14 2018...

CLIMATE NORMAL PERIOD 1981 TO 2010
CLIMATE RECORD PERIOD 1893 TO 2018


WEATHER ITEM   OBSERVED TIME   RECORD YEAR NORMAL DEPARTURE LAST
                VALUE   (LST)  VALUE       VALUE  FROM      YEAR
                                                  NORMAL
..................................................................
TEMPERATURE (F)
 YESTERDAY
  MAXIMUM         48    417 PM  66    1954  31     17       45
  MINIMUM          9    627 AM -28    1936  11     -2       29
  AVERAGE         29                        21      8       37

PRECIPITATION (IN)
  YESTERDAY        0.00          0.78 1969   0.02  -0.02     0.00
  MONTH TO DATE    0.42                      0.26   0.16     0.10
  SINCE DEC 1      1.48                      1.51  -0.03     2.64
  SINCE JAN 1      0.80                      0.82  -0.02     0.72

SNOWFALL (IN)
  YESTERDAY        0.0           9.8  1969   0.2   -0.2      0.0
  MONTH TO DATE    5.9                       3.3    2.6       T
  SINCE DEC 1     22.1                      19.2    2.9     20.3
  SINCE JUL 1     22.3                      27.9   -5.6     26.3
  SNOW DEPTH       3

DEGREE DAYS
 HEATING
  YESTERDAY       36                        44     -8       28
  MONTH TO DATE  772                       640    132      541
  SINCE DEC 1   3593                      3560     33     3287
  SINCE JUL 1   5002                      5272   -270     4422

 COOLING
  YESTERDAY        0                         0      0        0
  MONTH TO DATE    0                         0      0        0
  SINCE DEC 1      0                         0      0        0
  SINCE JAN 1      0                         0      0        0
..................................................................


WIND (MPH)
  HIGHEST WIND SPEED    15   HIGHEST WIND DIRECTION    SW (230)
  HIGHEST GUST SPEED    21   HIGHEST GUST DIRECTION    SW (220)
  AVERAGE WIND SPEED     5.6


SKY COVER
  POSSIBLE SUNSHINE  MM
  AVERAGE SKY COVER 0.1


WEATHER CONDITIONS
 THE FOLLOWING WEATHER WAS RECORDED YESTERDAY.
  FOG


RELATIVE HUMIDITY (PERCENT)
 HIGHEST   100           600 AM
 LOWEST     50           300 PM
 AVERAGE    75

..........................................................


THE SIOUX FALLS SD CLIMATE NORMALS FOR TODAY
                         NORMAL    RECORD    YEAR
 MAXIMUM TEMPERATURE (F)   31        63      1921
 MINIMUM TEMPERATURE (F)   12       -21      1909


SUNRISE AND SUNSET
FEBRUARY 15 2018......SUNRISE   725 AM CST   SUNSET   557 PM CST
FEBRUARY 16 2018......SUNRISE   724 AM CST   SUNSET   559 PM CST


-  INDICATES NEGATIVE NUMBERS.
R  INDICATES RECORD WAS SET OR TIED.
MM INDICATES DATA IS MISSING.
T  INDICATES TRACE AMOUNT.




$$
