000
CDUS43 KFSD 230708
CLIFSD


CLIMATE REPORT
NATIONAL WEATHER SERVICE SIOUX FALLS SD
208 AM CDT MON MAR 23 2015


...................................

...THE SIOUX FALLS SD CLIMATE SUMMARY FOR MARCH 22 2015...

CLIMATE NORMAL PERIOD 1981 TO 2010
CLIMATE RECORD PERIOD 1893 TO 2015


WEATHER ITEM   OBSERVED TIME   RECORD YEAR NORMAL DEPARTURE LAST
                VALUE   (LST)  VALUE       VALUE  FROM      YEAR
                                                  NORMAL
..................................................................
TEMPERATURE (F)
 YESTERDAY
  MAXIMUM         46    156 PM  86    1910  46      0       27
  MINIMUM         28   1153 PM -11    1899  25      3       14
  AVERAGE         37                        36      1       21

PRECIPITATION (IN)
  YESTERDAY        T             1.65 1979   0.07  -0.07     0.00
  MONTH TO DATE    0.22                      1.05  -0.83     0.52
  SINCE MAR 1      0.22                      1.05  -0.83     0.52
  SINCE JAN 1      1.44                      2.21  -0.77     1.51

SNOWFALL (IN)
  YESTERDAY        0.0           7.1  1952   0.2   -0.2      0.0
  MONTH TO DATE    1.7                       6.3   -4.6      5.8
  SINCE MAR 1      1.7                       6.3   -4.6      5.8
  SINCE JUL 1     31.9                      37.8   -5.9     40.0
  SNOW DEPTH       0

DEGREE DAYS
 HEATING
  YESTERDAY       28                        30     -2       44
  MONTH TO DATE  592                       749   -157      824
  SINCE MAR 1    592                       749   -157      824
  SINCE JUL 1   6341                      6599   -258     7171

 COOLING
  YESTERDAY        0                         0      0        0
  MONTH TO DATE    0                         0      0        0
  SINCE MAR 1      0                         0      0        0
  SINCE JAN 1      0                         0      0        0
..................................................................


WIND (MPH)
  HIGHEST WIND SPEED    30   HIGHEST WIND DIRECTION     E (110)
  HIGHEST GUST SPEED    37   HIGHEST GUST DIRECTION     E (110)
  AVERAGE WIND SPEED    19.1


SKY COVER
  POSSIBLE SUNSHINE  MM
  AVERAGE SKY COVER 0.7


WEATHER CONDITIONS
 THE FOLLOWING WEATHER WAS RECORDED YESTERDAY.
  LIGHT RAIN


RELATIVE HUMIDITY (PERCENT)
 HIGHEST    85           900 PM
 LOWEST     37           200 PM
 AVERAGE    61

..........................................................


THE SIOUX FALLS SD CLIMATE NORMALS FOR TODAY
                         NORMAL    RECORD    YEAR
 MAXIMUM TEMPERATURE (F)   47        87      1910
 MINIMUM TEMPERATURE (F)   25       -13      1899


SUNRISE AND SUNSET
MARCH 23 2015.........SUNRISE   725 AM CDT   SUNSET   743 PM CDT
MARCH 24 2015.........SUNRISE   723 AM CDT   SUNSET   744 PM CDT


-  INDICATES NEGATIVE NUMBERS.
R  INDICATES RECORD WAS SET OR TIED.
MM INDICATES DATA IS MISSING.
T  INDICATES TRACE AMOUNT.




$$
