801
CDUS43 KFSD 150655
CLIFSD


CLIMATE REPORT
NATIONAL WEATHER SERVICE SIOUX FALLS SD
1254 AM CST SUN JAN 15 2017


...................................

...THE SIOUX FALLS SD CLIMATE SUMMARY FOR JANUARY 14 2017...

CLIMATE NORMAL PERIOD 1981 TO 2010
CLIMATE RECORD PERIOD 1893 TO 2017


WEATHER ITEM   OBSERVED TIME   RECORD YEAR NORMAL DEPARTURE LAST
                VALUE   (LST)  VALUE       VALUE  FROM      YEAR
                                                  NORMAL
..................................................................
TEMPERATURE (F)
 YESTERDAY
  MAXIMUM         29    404 PM  50    1914  26      3       37
                                      1901
  MINIMUM          4    745 AM -31    1916   7     -3       11
  AVERAGE         17                        16      1       24

PRECIPITATION (IN)
  YESTERDAY        0.00          0.52 1952   0.02  -0.02      T
  MONTH TO DATE    0.14                      0.26  -0.12     0.31
  SINCE DEC 1      2.06                      0.95   1.11     1.62
  SINCE JAN 1      0.14                      0.26  -0.12     0.31

SNOWFALL (IN)
  YESTERDAY        0.0           3.5  1930   0.3   -0.3       T
  MONTH TO DATE    2.1                       3.5   -1.4      4.5
  SINCE DEC 1     13.0                      11.7    1.3     23.6
  SINCE JUL 1     19.0                      20.4   -1.4     40.9
  SNOW DEPTH       1

DEGREE DAYS
 HEATING
  YESTERDAY       48                        49     -1       41
  MONTH TO DATE  750                       686     64      684
  SINCE DEC 1   2139                      2107     32     1878
  SINCE JUL 1   3274                      3819   -545     3152

 COOLING
  YESTERDAY        0                         0      0        0
  MONTH TO DATE    0                         0      0        0
  SINCE DEC 1      0                         0      0        0
  SINCE JAN 1      0                         0      0        0
..................................................................


WIND (MPH)
  HIGHEST WIND SPEED     8   HIGHEST WIND DIRECTION    NW (330)
  HIGHEST GUST SPEED    11   HIGHEST GUST DIRECTION    SW (230)
  AVERAGE WIND SPEED     1.7


SKY COVER
  POSSIBLE SUNSHINE  MM
  AVERAGE SKY COVER 0.2


WEATHER CONDITIONS
 THE FOLLOWING WEATHER WAS RECORDED YESTERDAY.
  NO SIGNIFICANT WEATHER WAS OBSERVED.


RELATIVE HUMIDITY (PERCENT)
 HIGHEST    92           800 PM
 LOWEST     58           400 PM
 AVERAGE    75

..........................................................


THE SIOUX FALLS SD CLIMATE NORMALS FOR TODAY
                         NORMAL    RECORD    YEAR
 MAXIMUM TEMPERATURE (F)   26        55      1914
 MINIMUM TEMPERATURE (F)    7       -32      1972


SUNRISE AND SUNSET
JANUARY 15 2017.......SUNRISE   757 AM CST   SUNSET   516 PM CST
JANUARY 16 2017.......SUNRISE   756 AM CST   SUNSET   518 PM CST


-  INDICATES NEGATIVE NUMBERS.
R  INDICATES RECORD WAS SET OR TIED.
MM INDICATES DATA IS MISSING.
T  INDICATES TRACE AMOUNT.




$$
