629
CDUS43 KFSD 132234
CLIFSD


CLIMATE REPORT
NATIONAL WEATHER SERVICE SIOUX FALLS SD
527 PM CDT WED MAY 13 2015


...................................

...THE SIOUX FALLS SD CLIMATE SUMMARY FOR MAY 13 2015...
VALID TODAY AS OF 0500 PM LOCAL TIME.

CLIMATE NORMAL PERIOD 1981 TO 2010
CLIMATE RECORD PERIOD 1893 TO 2015


WEATHER ITEM   OBSERVED TIME   RECORD YEAR NORMAL DEPARTURE LAST
                VALUE   (LST)  VALUE       VALUE  FROM      YEAR
                                                  NORMAL
..................................................................
TEMPERATURE (F)
 TODAY
  MAXIMUM         72    304 PM  92    1987  69      3       58
  MINIMUM         49    459 AM  24    1997  45      4       36
  AVERAGE         61                        57      4       47

PRECIPITATION (IN)
  TODAY            0.00          1.70 1957   0.11  -0.11     0.00
  MONTH TO DATE    1.11                      1.37  -0.26     1.02
  SINCE MAR 1      2.44                      6.14  -3.70     2.90
  SINCE JAN 1      3.66                      7.30  -3.64     3.89

SNOWFALL (IN)
  TODAY            0.0          MM      MM   0.0    0.0      0.0
  MONTH TO DATE    0.0                       0.4   -0.4      0.0
  SINCE MAR 1      1.7                      13.4  -11.7     11.1
  SINCE JUL 1     31.9                      44.9  -13.0     45.3
  SNOW DEPTH       0

DEGREE DAYS
 HEATING
  TODAY            4                         9     -5       18
  MONTH TO DATE  101                       136    -35      165
  SINCE MAR 1   1352                      1693   -341     1836
  SINCE JUL 1   7101                      7543   -442     8183

 COOLING
  TODAY            0                         1     -1        0
  MONTH TO DATE    6                         9     -3        0
  SINCE MAR 1     10                        14     -4        0
  SINCE JAN 1     10                        14     -4        0
..................................................................


WIND (MPH)
  HIGHEST WIND SPEED    36   HIGHEST WIND DIRECTION     S (180)
  HIGHEST GUST SPEED    44   HIGHEST GUST DIRECTION     S (180)
  AVERAGE WIND SPEED    19.9


SKY COVER
  POSSIBLE SUNSHINE  MM
  AVERAGE SKY COVER 0.4


WEATHER CONDITIONS
 THE FOLLOWING WEATHER WAS RECORDED TODAY.
  NO SIGNIFICANT WEATHER WAS OBSERVED.


RELATIVE HUMIDITY (PERCENT)
 HIGHEST    71           500 AM
 LOWEST     35           300 PM
 AVERAGE    53

..........................................................


THE SIOUX FALLS SD CLIMATE NORMALS FOR TOMORROW
                         NORMAL    RECORD    YEAR
 MAXIMUM TEMPERATURE (F)   69        96      1941
 MINIMUM TEMPERATURE (F)   46        29      1904


SUNRISE AND SUNSET
MAY 13 2015...........SUNRISE   605 AM CDT   SUNSET   843 PM CDT
MAY 14 2015...........SUNRISE   603 AM CDT   SUNSET   844 PM CDT


-  INDICATES NEGATIVE NUMBERS.
R  INDICATES RECORD WAS SET OR TIED.
MM INDICATES DATA IS MISSING.
T  INDICATES TRACE AMOUNT.




$$
