000
CDUS43 KFSD 160628
CLIFSD


CLIMATE REPORT
NATIONAL WEATHER SERVICE SIOUX FALLS SD
1227 AM CST MON JAN 16 2017


...................................

...THE SIOUX FALLS SD CLIMATE SUMMARY FOR JANUARY 15 2017...

CLIMATE NORMAL PERIOD 1981 TO 2010
CLIMATE RECORD PERIOD 1893 TO 2017


WEATHER ITEM   OBSERVED TIME   RECORD YEAR NORMAL DEPARTURE LAST
                VALUE   (LST)  VALUE       VALUE  FROM      YEAR
                                                  NORMAL
..................................................................
TEMPERATURE (F)
 YESTERDAY
  MAXIMUM         37    350 PM  55    1914  26     11       24
  MINIMUM          5    727 AM -32    1972   7     -2        9
  AVERAGE         21                        16      5       17

PRECIPITATION (IN)
  YESTERDAY        0.00          0.38 1909   0.02  -0.02      T
  MONTH TO DATE    0.14                      0.28  -0.14     0.31
  SINCE DEC 1      2.06                      0.97   1.09     1.62
  SINCE JAN 1      0.14                      0.28  -0.14     0.31

SNOWFALL (IN)
  YESTERDAY        0.0           4.0  1909   0.2   -0.2       T
  MONTH TO DATE    2.1                       3.7   -1.6      4.5
  SINCE DEC 1     13.0                      11.9    1.1     23.6
  SINCE JUL 1     19.0                      20.6   -1.6     40.9
  SNOW DEPTH       1

DEGREE DAYS
 HEATING
  YESTERDAY       44                        49     -5       48
  MONTH TO DATE  794                       735     59      732
  SINCE DEC 1   2183                      2156     27     1926
  SINCE JUL 1   3318                      3868   -550     3200

 COOLING
  YESTERDAY        0                         0      0        0
  MONTH TO DATE    0                         0      0        0
  SINCE DEC 1      0                         0      0        0
  SINCE JAN 1      0                         0      0        0
..................................................................


WIND (MPH)
  HIGHEST WIND SPEED    15   HIGHEST WIND DIRECTION     S (200)
  HIGHEST GUST SPEED    17   HIGHEST GUST DIRECTION     S (200)
  AVERAGE WIND SPEED     4.9


SKY COVER
  POSSIBLE SUNSHINE  MM
  AVERAGE SKY COVER 0.4


WEATHER CONDITIONS
 THE FOLLOWING WEATHER WAS RECORDED YESTERDAY.
  FOG
  HAZE


RELATIVE HUMIDITY (PERCENT)
 HIGHEST    92          1000 AM
 LOWEST     56           200 PM
 AVERAGE    74

..........................................................


THE SIOUX FALLS SD CLIMATE NORMALS FOR TODAY
                         NORMAL    RECORD    YEAR
 MAXIMUM TEMPERATURE (F)   26        52      1951
 MINIMUM TEMPERATURE (F)    7       -28      1977


SUNRISE AND SUNSET
JANUARY 16 2017.......SUNRISE   756 AM CST   SUNSET   518 PM CST
JANUARY 17 2017.......SUNRISE   756 AM CST   SUNSET   519 PM CST


-  INDICATES NEGATIVE NUMBERS.
R  INDICATES RECORD WAS SET OR TIED.
MM INDICATES DATA IS MISSING.
T  INDICATES TRACE AMOUNT.




$$
