000
CDUS43 KFSD 230638
CLIFSD


CLIMATE REPORT
NATIONAL WEATHER SERVICE SIOUX FALLS SD
137 AM CDT TUE AUG 23 2016


...................................

...THE SIOUX FALLS SD CLIMATE SUMMARY FOR AUGUST 22 2016...

CLIMATE NORMAL PERIOD 1981 TO 2010
CLIMATE RECORD PERIOD 1893 TO 2016


WEATHER ITEM   OBSERVED TIME   RECORD YEAR NORMAL DEPARTURE LAST
                VALUE   (LST)  VALUE       VALUE  FROM      YEAR
                                                  NORMAL
..................................................................
TEMPERATURE (F)
 YESTERDAY
  MAXIMUM         88    311 PM 103    1971  81      7       81
  MINIMUM         65    630 AM  41    1904  59      6       56
  AVERAGE         77                        70      7       69

PRECIPITATION (IN)
  YESTERDAY        0.00          1.38 1957   0.09  -0.09      T
  MONTH TO DATE    1.68                      2.18  -0.50     3.91
  SINCE JUN 1      5.72                      9.19  -3.47    12.39
  SINCE JAN 1     17.22                     18.52  -1.30    18.94

SNOWFALL (IN)
  YESTERDAY        0.0           0.0    MM   0.0    0.0      0.0
  MONTH TO DATE    0.0                       0.0    0.0      0.0
  SINCE JUN 1      0.0                       0.0    0.0      0.0
  SINCE JUL 1      0.0                       0.0    0.0      0.0
  SNOW DEPTH       0

DEGREE DAYS
 HEATING
  YESTERDAY        0                         1     -1        0
  MONTH TO DATE    0                         9     -9       11
  SINCE JUN 1     14                        68    -54       26
  SINCE JUL 1      5                        17    -12       17

 COOLING
  YESTERDAY       12                         6      6        4
  MONTH TO DATE  188                       154     34      159
  SINCE JUN 1    699                       545    154      534
  SINCE JAN 1    732                       581    151      556
..................................................................


WIND (MPH)
  HIGHEST WIND SPEED    33   HIGHEST WIND DIRECTION     S (180)
  HIGHEST GUST SPEED    42   HIGHEST GUST DIRECTION     S (200)
  AVERAGE WIND SPEED    18.9


SKY COVER
  POSSIBLE SUNSHINE  MM
  AVERAGE SKY COVER 0.3


WEATHER CONDITIONS
 THE FOLLOWING WEATHER WAS RECORDED YESTERDAY.
  NO SIGNIFICANT WEATHER WAS OBSERVED.


RELATIVE HUMIDITY (PERCENT)
 HIGHEST    73           300 AM
 LOWEST     46           200 PM
 AVERAGE    60

..........................................................


THE SIOUX FALLS SD CLIMATE NORMALS FOR TODAY
                         NORMAL    RECORD    YEAR
 MAXIMUM TEMPERATURE (F)   81       100      1971
 MINIMUM TEMPERATURE (F)   59        42      1927


SUNRISE AND SUNSET
AUGUST 23 2016........SUNRISE   641 AM CDT   SUNSET   817 PM CDT
AUGUST 24 2016........SUNRISE   642 AM CDT   SUNSET   815 PM CDT


-  INDICATES NEGATIVE NUMBERS.
R  INDICATES RECORD WAS SET OR TIED.
MM INDICATES DATA IS MISSING.
T  INDICATES TRACE AMOUNT.




$$
