024
CDUS43 KFSD 210637
CLIFSD


CLIMATE REPORT
NATIONAL WEATHER SERVICE SIOUX FALLS SD
137 AM CDT WED JUN 21 2017


...................................

...THE SIOUX FALLS SD CLIMATE SUMMARY FOR JUNE 20 2017...

CLIMATE NORMAL PERIOD 1981 TO 2010
CLIMATE RECORD PERIOD 1893 TO 2017


WEATHER ITEM   OBSERVED TIME   RECORD YEAR NORMAL DEPARTURE LAST
                VALUE   (LST)  VALUE       VALUE  FROM      YEAR
                                                  NORMAL
..................................................................
TEMPERATURE (F)
 YESTERDAY
  MAXIMUM         81    325 PM 103    1988  81      0       81
  MINIMUM         62   1125 PM  40    1969  58      4       60
  AVERAGE         72                        69      3       71

PRECIPITATION (IN)
  YESTERDAY        0.00          2.09 2011   0.13  -0.13     0.00
  MONTH TO DATE    1.56                      2.65  -1.09     1.00
  SINCE JUN 1      1.56                      2.65  -1.09     1.00
  SINCE JAN 1      9.31                     11.98  -2.67    12.50

SNOWFALL (IN)
  YESTERDAY        0.0           0.0    MM   0.0    0.0      0.0
  MONTH TO DATE    0.0                       0.0    0.0      0.0
  SINCE JUN 1      0.0                       0.0    0.0      0.0
  SINCE JUL 1     42.9                      44.5   -1.6     68.5
  SNOW DEPTH       0

DEGREE DAYS
 HEATING
  YESTERDAY        0                         1     -1        0
  MONTH TO DATE    3                        45    -42        9
  SINCE JUN 1      3                        45    -42        9
  SINCE JUL 1   6440                      7700  -1260     6504

 COOLING
  YESTERDAY        7                         5      2        6
  MONTH TO DATE  175                        70    105      177
  SINCE JUN 1    175                        70    105      177
  SINCE JAN 1    201                       106     95      210
..................................................................


WIND (MPH)
  HIGHEST WIND SPEED    14   HIGHEST WIND DIRECTION     N (350)
  HIGHEST GUST SPEED    17   HIGHEST GUST DIRECTION     N (20)
  AVERAGE WIND SPEED     7.2


SKY COVER
  POSSIBLE SUNSHINE  MM
  AVERAGE SKY COVER 0.6


WEATHER CONDITIONS
 THE FOLLOWING WEATHER WAS RECORDED YESTERDAY.
  HAZE


RELATIVE HUMIDITY (PERCENT)
 HIGHEST    67          1100 PM
 LOWEST     40           600 PM
 AVERAGE    54

..........................................................


THE SIOUX FALLS SD CLIMATE NORMALS FOR TODAY
                         NORMAL    RECORD    YEAR
 MAXIMUM TEMPERATURE (F)   81       110      1988
 MINIMUM TEMPERATURE (F)   58        34      1902


SUNRISE AND SUNSET
JUNE 21 2017..........SUNRISE   546 AM CDT   SUNSET   912 PM CDT
JUNE 22 2017..........SUNRISE   546 AM CDT   SUNSET   912 PM CDT


-  INDICATES NEGATIVE NUMBERS.
R  INDICATES RECORD WAS SET OR TIED.
MM INDICATES DATA IS MISSING.
T  INDICATES TRACE AMOUNT.




$$
