000
CDUS43 KFSD 280634
CLIFSD


CLIMATE REPORT
NATIONAL WEATHER SERVICE SIOUX FALLS SD
134 AM CDT THU AUG 28 2014


...................................

...THE SIOUX FALLS SD CLIMATE SUMMARY FOR AUGUST 27 2014...

CLIMATE NORMAL PERIOD 1981 TO 2010
CLIMATE RECORD PERIOD 1893 TO 2014


WEATHER ITEM   OBSERVED TIME   RECORD YEAR NORMAL DEPARTURE LAST
                VALUE   (LST)  VALUE       VALUE  FROM      YEAR
                                                  NORMAL
..................................................................
TEMPERATURE (F)
 YESTERDAY
  MAXIMUM         75    221 PM 101    1973  80     -5       93
  MINIMUM         58    417 AM  35    1896  57      1       74
  AVERAGE         67                        69     -2       84

PRECIPITATION (IN)
  YESTERDAY        0.00          1.33 1952   0.10  -0.10     0.00
  MONTH TO DATE    4.01                      2.65   1.36     2.64
  SINCE JUN 1     18.51                      9.66   8.85     7.52
  SINCE JAN 1     23.49                     18.99   4.50    19.83

SNOWFALL (IN)
  YESTERDAY        0.0           0.0    MM   0.0    0.0      0.0
  MONTH TO DATE    0.0                       0.0    0.0      0.0
  SINCE JUN 1      T                         0.0    0.0      0.0
  SINCE JUL 1      T                         0.0    0.0      0.0
  SNOW DEPTH       0

DEGREE DAYS
 HEATING
  YESTERDAY        0                         1     -1        0
  MONTH TO DATE    3                        14    -11       15
  SINCE JUN 1     50                        73    -23      103
  SINCE JUL 1     18                        22     -4       34

 COOLING
  YESTERDAY        2                         5     -3       19
  MONTH TO DATE  168                       180    -12      172
  SINCE JUN 1    476                       571    -95      557
  SINCE JAN 1    529                       607    -78      599
..................................................................


WIND (MPH)
  HIGHEST WIND SPEED    17   HIGHEST WIND DIRECTION    SE (120)
  HIGHEST GUST SPEED    22   HIGHEST GUST DIRECTION     N (340)
  AVERAGE WIND SPEED     8.5


SKY COVER
  POSSIBLE SUNSHINE  MM
  AVERAGE SKY COVER 0.7


WEATHER CONDITIONS
 THE FOLLOWING WEATHER WAS RECORDED YESTERDAY.
  NO SIGNIFICANT WEATHER WAS OBSERVED.


RELATIVE HUMIDITY (PERCENT)
 HIGHEST    93           200 AM
 LOWEST     68           200 PM
 AVERAGE    81

..........................................................


THE SIOUX FALLS SD CLIMATE NORMALS FOR TODAY
                         NORMAL    RECORD    YEAR
 MAXIMUM TEMPERATURE (F)   80       100      1984
                                             1973
 MINIMUM TEMPERATURE (F)   57        38      1911
                                             1893


SUNRISE AND SUNSET
AUGUST 28 2014........SUNRISE   646 AM CDT   SUNSET   809 PM CDT
AUGUST 29 2014........SUNRISE   647 AM CDT   SUNSET   807 PM CDT


-  INDICATES NEGATIVE NUMBERS.
R  INDICATES RECORD WAS SET OR TIED.
MM INDICATES DATA IS MISSING.
T  INDICATES TRACE AMOUNT.




$$
