000
CDUS43 KFSD 162226
CLIFSD


CLIMATE REPORT
NATIONAL WEATHER SERVICE SIOUX FALLS SD
526 PM CDT THU OCT 16 2014


...................................

...THE SIOUX FALLS SD CLIMATE SUMMARY FOR OCTOBER 16 2014...
VALID TODAY AS OF 0500 PM LOCAL TIME.

CLIMATE NORMAL PERIOD 1981 TO 2010
CLIMATE RECORD PERIOD 1893 TO 2014


WEATHER ITEM   OBSERVED TIME   RECORD YEAR NORMAL DEPARTURE LAST
                VALUE   (LST)  VALUE       VALUE  FROM      YEAR
                                                  NORMAL
..................................................................
TEMPERATURE (F)
 TODAY
  MAXIMUM         71    207 PM  89    1910  60     11       55
  MINIMUM         49    652 AM  19    1976  36     13       32
  AVERAGE         60                        48     12       44

PRECIPITATION (IN)
  TODAY            0.00          1.80 1968   0.08  -0.08     0.00
  MONTH TO DATE    0.36                      1.32  -0.96     2.60
  SINCE SEP 1      2.64                      4.09  -1.45     3.37
  SINCE JAN 1     27.07                     23.48   3.59    23.79

SNOWFALL (IN)
  TODAY            0.0           2.0  1937   0.0    0.0      0.0
  MONTH TO DATE    0.0                       0.3   -0.3      0.0
  SINCE SEP 1      0.0                       0.3   -0.3      0.0
  SINCE JUL 1      T                         0.3   -0.3      0.0
  SNOW DEPTH       0

DEGREE DAYS
 HEATING
  TODAY            5                        17    -12       21
  MONTH TO DATE  229                       227      2      164
  SINCE SEP 1    359                       400    -41      230
  SINCE JUL 1    377                       431    -54      264

 COOLING
  TODAY            0                         0      0        0
  MONTH TO DATE    0                         0      0        3
  SINCE SEP 1     59                        60     -1      133
  SINCE JAN 1    610                       685    -75      787
..................................................................


WIND (MPH)
  HIGHEST WIND SPEED    30   HIGHEST WIND DIRECTION    NW (300)
  HIGHEST GUST SPEED    39   HIGHEST GUST DIRECTION    NW (300)
  AVERAGE WIND SPEED    14.5


SKY COVER
  POSSIBLE SUNSHINE  MM
  AVERAGE SKY COVER 0.4


WEATHER CONDITIONS
 THE FOLLOWING WEATHER WAS RECORDED TODAY.
  NO SIGNIFICANT WEATHER WAS OBSERVED.


RELATIVE HUMIDITY (PERCENT)
 HIGHEST    MM
 LOWEST     MM
 AVERAGE    MM

..........................................................


THE SIOUX FALLS SD CLIMATE NORMALS FOR TOMORROW
                         NORMAL    RECORD    YEAR
 MAXIMUM TEMPERATURE (F)   59        85      1910
 MINIMUM TEMPERATURE (F)   36        13      1976


SUNRISE AND SUNSET
OCTOBER 16 2014.......SUNRISE   742 AM CDT   SUNSET   642 PM CDT
OCTOBER 17 2014.......SUNRISE   744 AM CDT   SUNSET   640 PM CDT


-  INDICATES NEGATIVE NUMBERS.
R  INDICATES RECORD WAS SET OR TIED.
MM INDICATES DATA IS MISSING.
T  INDICATES TRACE AMOUNT.




$$
