000
CDUS43 KFSD 280625
CLIFSD


CLIMATE REPORT
NATIONAL WEATHER SERVICE SIOUX FALLS SD
1224 AM CST FRI NOV 28 2014


...................................

...THE SIOUX FALLS SD CLIMATE SUMMARY FOR NOVEMBER 27 2014...

CLIMATE NORMAL PERIOD 1981 TO 2010
CLIMATE RECORD PERIOD 1893 TO 2014


WEATHER ITEM   OBSERVED TIME   RECORD YEAR NORMAL DEPARTURE LAST
                VALUE   (LST)  VALUE       VALUE  FROM      YEAR
                                                  NORMAL
..................................................................
TEMPERATURE (F)
 YESTERDAY
  MAXIMUM         18   1159 PM  65    1963  35    -17       30
  MINIMUM         -7    747 AM  -8    1985  17    -24        4
                                      1897
  AVERAGE          6                        26    -20       17

PRECIPITATION (IN)
  YESTERDAY        0.00          1.25 1911   0.04  -0.04     0.00
  MONTH TO DATE    0.58                      1.25  -0.67     0.46
  SINCE SEP 1      3.53                      6.19  -2.66     4.24
  SINCE JAN 1     27.96                     25.58   2.38    24.66

SNOWFALL (IN)
  YESTERDAY        0.0           9.6  1994   0.3   -0.3      0.0
  MONTH TO DATE    8.3                       6.5    1.8      7.5
  SINCE SEP 1      8.3                       7.8    0.5      7.9
  SINCE JUL 1      8.3                       7.8    0.5      7.9
  SNOW DEPTH       1

DEGREE DAYS
 HEATING
  YESTERDAY       59                        39     20       48
  MONTH TO DATE 1036                       850    186      872
  SINCE SEP 1   1616                      1559     57     1473
  SINCE JUL 1   1634                      1590     44     1507

 COOLING
  YESTERDAY        0                         0      0        0
  MONTH TO DATE    0                         0      0        0
  SINCE SEP 1     59                        65     -6      133
  SINCE JAN 1    610                       690    -80      787
..................................................................


WIND (MPH)
  HIGHEST WIND SPEED    18   HIGHEST WIND DIRECTION    SE (150)
  HIGHEST GUST SPEED    25   HIGHEST GUST DIRECTION    SE (150)
  AVERAGE WIND SPEED     8.3


SKY COVER
  POSSIBLE SUNSHINE  MM
  AVERAGE SKY COVER 0.6


WEATHER CONDITIONS
 THE FOLLOWING WEATHER WAS RECORDED YESTERDAY.
  NO SIGNIFICANT WEATHER WAS OBSERVED.


RELATIVE HUMIDITY (PERCENT)
 HIGHEST    82           700 AM
 LOWEST     57           100 PM
 AVERAGE    70

..........................................................


THE SIOUX FALLS SD CLIMATE NORMALS FOR TODAY
                         NORMAL    RECORD    YEAR
 MAXIMUM TEMPERATURE (F)   35        66      1941
 MINIMUM TEMPERATURE (F)   16       -11      1896


SUNRISE AND SUNSET
NOVEMBER 28 2014......SUNRISE   737 AM CST   SUNSET   453 PM CST
NOVEMBER 29 2014......SUNRISE   738 AM CST   SUNSET   452 PM CST


-  INDICATES NEGATIVE NUMBERS.
R  INDICATES RECORD WAS SET OR TIED.
MM INDICATES DATA IS MISSING.
T  INDICATES TRACE AMOUNT.




$$
