000
CDUS43 KFSD 232223
CLIFSD


CLIMATE REPORT
NATIONAL WEATHER SERVICE SIOUX FALLS SD
520 PM CDT MON OCT 23 2017


...................................

...THE SIOUX FALLS SD CLIMATE SUMMARY FOR OCTOBER 23 2017...
VALID TODAY AS OF 0500 PM LOCAL TIME.

CLIMATE NORMAL PERIOD 1981 TO 2010
CLIMATE RECORD PERIOD 1893 TO 2017


WEATHER ITEM   OBSERVED TIME   RECORD YEAR NORMAL DEPARTURE LAST
                VALUE   (LST)  VALUE       VALUE  FROM      YEAR
                                                  NORMAL
..................................................................
TEMPERATURE (F)
 TODAY
  MAXIMUM         58    340 PM  83    1899  56      2       60
  MINIMUM         46    320 AM  13    1895  34     12       41
  AVERAGE         52                        45      7       51

PRECIPITATION (IN)
  TODAY            0.00          2.62 2015   0.05  -0.05     0.00
  MONTH TO DATE    5.24                      1.76   3.48     3.07
  SINCE SEP 1      6.86                      4.53   2.33    10.62
  SINCE JAN 1     24.45                     23.92   0.53    28.48

SNOWFALL (IN)
  TODAY            0.0           2.0  1906   0.0    0.0      0.0
  MONTH TO DATE    T                         0.6   -0.6       T
  SINCE SEP 1      T                         0.6   -0.6       T
  SINCE JUL 1      T                         0.6   -0.6       T
  SNOW DEPTH       0

DEGREE DAYS
 HEATING
  TODAY           13                        20     -7       14
  MONTH TO DATE  241                       359   -118      279
  SINCE SEP 1    327                       532   -205      349
  SINCE JUL 1    333                       563   -230      357

 COOLING
  TODAY            0                         0      0        0
  MONTH TO DATE    4                         0      4        2
  SINCE SEP 1    102                        60     42       99
  SINCE JAN 1    776                       685     91      879
..................................................................


WIND (MPH)
  HIGHEST WIND SPEED    36   HIGHEST WIND DIRECTION    NW (330)
  HIGHEST GUST SPEED    46   HIGHEST GUST DIRECTION    NW (330)
  AVERAGE WIND SPEED    18.3


SKY COVER
  POSSIBLE SUNSHINE  MM
  AVERAGE SKY COVER 0.5


WEATHER CONDITIONS
 THE FOLLOWING WEATHER WAS RECORDED TODAY.
  NO SIGNIFICANT WEATHER WAS OBSERVED.


RELATIVE HUMIDITY (PERCENT)
 HIGHEST    63           800 AM
 LOWEST     35           400 PM
 AVERAGE    49

..........................................................


THE SIOUX FALLS SD CLIMATE NORMALS FOR TOMORROW
                         NORMAL    RECORD    YEAR
 MAXIMUM TEMPERATURE (F)   56        81      1989
 MINIMUM TEMPERATURE (F)   33        17      1955


SUNRISE AND SUNSET
OCTOBER 23 2017.......SUNRISE   751 AM CDT   SUNSET   630 PM CDT
OCTOBER 24 2017.......SUNRISE   753 AM CDT   SUNSET   629 PM CDT


-  INDICATES NEGATIVE NUMBERS.
R  INDICATES RECORD WAS SET OR TIED.
MM INDICATES DATA IS MISSING.
T  INDICATES TRACE AMOUNT.




$$
