000
CDUS43 KFSD 210630
CLIFSD


CLIMATE REPORT
NATIONAL WEATHER SERVICE SIOUX FALLS SD
130 AM CDT MON APR 21 2014


...................................

...THE SIOUX FALLS SD CLIMATE SUMMARY FOR APRIL 20 2014...

CLIMATE NORMAL PERIOD 1981 TO 2010
CLIMATE RECORD PERIOD 1893 TO 2014


WEATHER ITEM   OBSERVED TIME   RECORD YEAR NORMAL DEPARTURE LAST
                VALUE   (LST)  VALUE       VALUE  FROM      YEAR
                                                  NORMAL
..................................................................
TEMPERATURE (F)
 YESTERDAY
  MAXIMUM         80    437 PM  93    1980  61     19       39
  MINIMUM         44    600 AM  16    2013  36      8       16
  AVERAGE         62                        48     14       28

PRECIPITATION (IN)
  YESTERDAY        0.00          1.26 1917   0.10  -0.10     0.03
  MONTH TO DATE    0.45                      1.96  -1.51     2.63
  SINCE MAR 1      1.16                      3.72  -2.56     3.51
  SINCE JAN 1      2.15                      4.88  -2.73     4.86

SNOWFALL (IN)
  YESTERDAY        0.0           1.5  1893   0.2   -0.2      0.1
  MONTH TO DATE    3.4                       3.7   -0.3     10.2
  SINCE MAR 1     11.1                      12.1   -1.0     11.7
  SINCE JUL 1     45.3                      43.6    1.7     37.2
  SNOW DEPTH       0

DEGREE DAYS
 HEATING
  YESTERDAY        3                        17    -14       37
  MONTH TO DATE  421                       417      4      597
  SINCE MAR 1   1522                      1412    110     1750
  SINCE JUL 1   7869                      7262    607     7369

 COOLING
  YESTERDAY        0                         0      0        0
  MONTH TO DATE    0                         0      0        0
  SINCE MAR 1      0                         0      0        0
  SINCE JAN 1      0                         0      0        0
..................................................................


WIND (MPH)
  HIGHEST WIND SPEED    20   HIGHEST WIND DIRECTION    SE (120)
  HIGHEST GUST SPEED    25   HIGHEST GUST DIRECTION     E (90)
  AVERAGE WIND SPEED     7.7


SKY COVER
  POSSIBLE SUNSHINE  MM
  AVERAGE SKY COVER 0.5


WEATHER CONDITIONS
 THE FOLLOWING WEATHER WAS RECORDED YESTERDAY.
  NO SIGNIFICANT WEATHER WAS OBSERVED.


RELATIVE HUMIDITY (PERCENT)
 HIGHEST    76           600 AM
 LOWEST     23          1000 AM
 AVERAGE    50

..........................................................


THE SIOUX FALLS SD CLIMATE NORMALS FOR TODAY
                         NORMAL    RECORD    YEAR
 MAXIMUM TEMPERATURE (F)   61        93      1980
 MINIMUM TEMPERATURE (F)   37        17      1927


SUNRISE AND SUNSET
APRIL 21 2014.........SUNRISE   635 AM CDT   SUNSET   817 PM CDT
APRIL 22 2014.........SUNRISE   633 AM CDT   SUNSET   819 PM CDT


-  INDICATES NEGATIVE NUMBERS.
R  INDICATES RECORD WAS SET OR TIED.
MM INDICATES DATA IS MISSING.
T  INDICATES TRACE AMOUNT.




$$
