000
CDUS43 KFSD 110633
CLIFSD


CLIMATE REPORT
NATIONAL WEATHER SERVICE SIOUX FALLS SD
131 AM CDT THU MAY 11 2017


...................................

...THE SIOUX FALLS SD CLIMATE SUMMARY FOR MAY 10 2017...

CLIMATE NORMAL PERIOD 1981 TO 2010
CLIMATE RECORD PERIOD 1893 TO 2017


WEATHER ITEM   OBSERVED TIME   RECORD YEAR NORMAL DEPARTURE LAST
                VALUE   (LST)  VALUE       VALUE  FROM      YEAR
                                                  NORMAL
..................................................................
TEMPERATURE (F)
 YESTERDAY
  MAXIMUM         67    622 PM  90    1987  68     -1       72
  MINIMUM         47   1141 PM  25    1981  44      3       50
  AVERAGE         57                        56      1       61

PRECIPITATION (IN)
  YESTERDAY        0.02          1.64 1920   0.10  -0.08     0.07
  MONTH TO DATE    0.56                      1.06  -0.50     0.30
  SINCE MAR 1      3.97                      5.83  -1.86     7.01
  SINCE JAN 1      5.08                      6.99  -1.91     8.69

SNOWFALL (IN)
  YESTERDAY        0.0           T    1966   0.0    0.0      0.0
                                      1946
  MONTH TO DATE    2.2                       0.4    1.8      0.0
  SINCE MAR 1     11.5                      13.4   -1.9     12.2
  SINCE JUL 1     42.9                      44.9   -2.0     68.5
  SNOW DEPTH       0

DEGREE DAYS
 HEATING
  YESTERDAY        8                        10     -2        4
  MONTH TO DATE   90                       109    -19       82
  SINCE MAR 1   1474                      1666   -192     1328
  SINCE JUL 1   6280                      7516  -1236     6364

 COOLING
  YESTERDAY        0                         1     -1        0
  MONTH TO DATE    5                         6     -1        6
  SINCE MAR 1      6                        11     -5        6
  SINCE JAN 1      6                        11     -5        6
..................................................................


WIND (MPH)
  HIGHEST WIND SPEED    17   HIGHEST WIND DIRECTION     N (350)
  HIGHEST GUST SPEED    23   HIGHEST GUST DIRECTION     N (340)
  AVERAGE WIND SPEED     5.5


SKY COVER
  POSSIBLE SUNSHINE  MM
  AVERAGE SKY COVER 0.8


WEATHER CONDITIONS
 THE FOLLOWING WEATHER WAS RECORDED YESTERDAY.
  LIGHT RAIN


RELATIVE HUMIDITY (PERCENT)
 HIGHEST    86          1100 PM
 LOWEST     48           500 PM
 AVERAGE    67

..........................................................


THE SIOUX FALLS SD CLIMATE NORMALS FOR TODAY
                         NORMAL    RECORD    YEAR
 MAXIMUM TEMPERATURE (F)   68        95      1906
 MINIMUM TEMPERATURE (F)   45        21      1946


SUNRISE AND SUNSET
MAY 11 2017...........SUNRISE   606 AM CDT   SUNSET   841 PM CDT
MAY 12 2017...........SUNRISE   605 AM CDT   SUNSET   842 PM CDT


-  INDICATES NEGATIVE NUMBERS.
R  INDICATES RECORD WAS SET OR TIED.
MM INDICATES DATA IS MISSING.
T  INDICATES TRACE AMOUNT.




$$
