000
CDUS43 KFSD 100616
CLIFSD


CLIMATE REPORT
NATIONAL WEATHER SERVICE SIOUX FALLS SD
1215 AM CST WED JAN 10 2018


...................................

...THE SIOUX FALLS SD CLIMATE SUMMARY FOR JANUARY 9 2018...

CLIMATE NORMAL PERIOD 1981 TO 2010
CLIMATE RECORD PERIOD 1893 TO 2018


WEATHER ITEM   OBSERVED TIME   RECORD YEAR NORMAL DEPARTURE LAST
                VALUE   (LST)  VALUE       VALUE  FROM      YEAR
                                                  NORMAL
..................................................................
TEMPERATURE (F)
 YESTERDAY
  MAXIMUM         44        MM  56    1958  26     18       27
  MINIMUM         24        MM -29    1974   7     17        5
  AVERAGE         34                        16     18       16

PRECIPITATION (IN)
  YESTERDAY        0.00          0.37 1983   0.02  -0.02     0.02
  MONTH TO DATE    T                         0.17  -0.17     0.08
  SINCE DEC 1      0.68                      0.86  -0.18     2.00
  SINCE JAN 1      T                         0.17  -0.17     0.08

SNOWFALL (IN)
  YESTERDAY        0.0           3.1  1983   0.2   -0.2      0.2
                                      1963
  MONTH TO DATE    T                         2.2   -2.2      0.8
  SINCE DEC 1     10.4                      10.4    0.0     11.7
  SINCE JUL 1     10.6                      19.1   -8.5     17.7
  SNOW DEPTH       2

DEGREE DAYS
 HEATING
  YESTERDAY       31                        49    -18       49
  MONTH TO DATE  489                       441     48      486
  SINCE DEC 1   1841                      1862    -21     1875
  SINCE JUL 1   3250                      3574   -324     3010

 COOLING
  YESTERDAY        0                         0      0        0
  MONTH TO DATE    0                         0      0        0
  SINCE DEC 1      0                         0      0        0
  SINCE JAN 1      0                         0      0        0
..................................................................


WIND (MPH)
  HIGHEST WIND SPEED    18   HIGHEST WIND DIRECTION     S (170)
  HIGHEST GUST SPEED    24   HIGHEST GUST DIRECTION     S (170)
  AVERAGE WIND SPEED    10.1


SKY COVER
  POSSIBLE SUNSHINE  MM
  AVERAGE SKY COVER 0.6


WEATHER CONDITIONS
 THE FOLLOWING WEATHER WAS RECORDED YESTERDAY.
  NO SIGNIFICANT WEATHER WAS OBSERVED.


RELATIVE HUMIDITY (PERCENT)
 HIGHEST   100           100 AM
 LOWEST     65           100 PM
 AVERAGE    83

..........................................................


THE SIOUX FALLS SD CLIMATE NORMALS FOR TODAY
                         NORMAL    RECORD    YEAR
 MAXIMUM TEMPERATURE (F)   26        57      2012
 MINIMUM TEMPERATURE (F)    7       -26      1982


SUNRISE AND SUNSET
JANUARY 10 2018.......SUNRISE   759 AM CST   SUNSET   510 PM CST
JANUARY 11 2018.......SUNRISE   759 AM CST   SUNSET   511 PM CST


-  INDICATES NEGATIVE NUMBERS.
R  INDICATES RECORD WAS SET OR TIED.
MM INDICATES DATA IS MISSING.
T  INDICATES TRACE AMOUNT.




$$
