739
CDUS43 KFSD 310631
CLIFSD


CLIMATE REPORT
NATIONAL WEATHER SERVICE SIOUX FALLS SD
1231 AM CST SUN JAN 31 2016


...................................

...THE SIOUX FALLS SD CLIMATE SUMMARY FOR JANUARY 30 2016...

CLIMATE NORMAL PERIOD 1981 TO 2010
CLIMATE RECORD PERIOD 1893 TO 2016


WEATHER ITEM   OBSERVED TIME   RECORD YEAR NORMAL DEPARTURE LAST
                VALUE   (LST)  VALUE       VALUE  FROM      YEAR
                                                  NORMAL
..................................................................
TEMPERATURE (F)
 YESTERDAY
  MAXIMUM         41    304 PM  58    1989  28     13       38
  MINIMUM         22    705 AM -27    1899   8     14       18
  AVERAGE         32                        18     14       28

PRECIPITATION (IN)
  YESTERDAY        T             0.39 1929   0.02  -0.02     0.00
  MONTH TO DATE    0.48                      0.54  -0.06     0.57
  SINCE DEC 1      1.79                      1.23   0.56     1.90
  SINCE JAN 1      0.48                      0.54  -0.06     0.57

SNOWFALL (IN)
  YESTERDAY        0.0           4.5  1929   0.2   -0.2      0.0
  MONTH TO DATE    6.9                       7.4   -0.5      6.6
  SINCE DEC 1     26.0                      15.6   10.4     12.5
  SINCE JUL 1     43.3                      24.3   19.0     20.8
  SNOW DEPTH       4

DEGREE DAYS
 HEATING
  YESTERDAY       33                        47    -14       37
  MONTH TO DATE 1435                      1457    -22     1327
  SINCE DEC 1   2629                      2878   -249     2576
  SINCE JUL 1   3903                      4590   -687     4332

 COOLING
  YESTERDAY        0                         0      0        0
  MONTH TO DATE    0                         0      0        0
  SINCE DEC 1      0                         0      0        0
  SINCE JAN 1      0                         0      0        0
..................................................................


WIND (MPH)
  HIGHEST WIND SPEED    22   HIGHEST WIND DIRECTION     S (190)
  HIGHEST GUST SPEED    27   HIGHEST GUST DIRECTION     S (180)
  AVERAGE WIND SPEED     6.3


SKY COVER
  POSSIBLE SUNSHINE  MM
  AVERAGE SKY COVER 0.7


WEATHER CONDITIONS
 THE FOLLOWING WEATHER WAS RECORDED YESTERDAY.
  LIGHT RAIN
  FOG
  FOG W/VISIBILITY <= 1/4 MILE


RELATIVE HUMIDITY (PERCENT)
 HIGHEST    96           700 AM
 LOWEST     64          1000 AM
 AVERAGE    80

..........................................................


THE SIOUX FALLS SD CLIMATE NORMALS FOR TODAY
                         NORMAL    RECORD    YEAR
 MAXIMUM TEMPERATURE (F)   28        57      1911
 MINIMUM TEMPERATURE (F)    8       -27      1918


SUNRISE AND SUNSET
JANUARY 31 2016.......SUNRISE   745 AM CST   SUNSET   536 PM CST
FEBRUARY  1 2016......SUNRISE   744 AM CST   SUNSET   538 PM CST


-  INDICATES NEGATIVE NUMBERS.
R  INDICATES RECORD WAS SET OR TIED.
MM INDICATES DATA IS MISSING.
T  INDICATES TRACE AMOUNT.




$$
