000
CDUS43 KFSD 200639
CLIFSD


CLIMATE REPORT
NATIONAL WEATHER SERVICE SIOUX FALLS SD
138 AM CDT TUE JUN 20 2017


...................................

...THE SIOUX FALLS SD CLIMATE SUMMARY FOR JUNE 19 2017...

CLIMATE NORMAL PERIOD 1981 TO 2010
CLIMATE RECORD PERIOD 1893 TO 2017


WEATHER ITEM   OBSERVED TIME   RECORD YEAR NORMAL DEPARTURE LAST
                VALUE   (LST)  VALUE       VALUE  FROM      YEAR
                                                  NORMAL
..................................................................
TEMPERATURE (F)
 YESTERDAY
  MAXIMUM         79    514 PM 105    1988  81     -2       89
  MINIMUM         53    412 AM  38    1976  58     -5       71
  AVERAGE         66                        69     -3       80

PRECIPITATION (IN)
  YESTERDAY        0.00          1.20 1946   0.13  -0.13     0.00
  MONTH TO DATE    1.56                      2.52  -0.96     1.00
  SINCE JUN 1      1.56                      2.52  -0.96     1.00
  SINCE JAN 1      9.31                     11.85  -2.54    12.50

SNOWFALL (IN)
  YESTERDAY        0.0           0.0    MM   0.0    0.0      0.0
  MONTH TO DATE    0.0                       0.0    0.0      0.0
  SINCE JUN 1      0.0                       0.0    0.0      0.0
  SINCE JUL 1     42.9                      44.5   -1.6     68.5
  SNOW DEPTH       0

DEGREE DAYS
 HEATING
  YESTERDAY        0                         1     -1        0
  MONTH TO DATE    3                        44    -41        9
  SINCE JUN 1      3                        44    -41        9
  SINCE JUL 1   6440                      7699  -1259     6504

 COOLING
  YESTERDAY        1                         5     -4       15
  MONTH TO DATE  168                        65    103      171
  SINCE JUN 1    168                        65    103      171
  SINCE JAN 1    194                       101     93      204
..................................................................


WIND (MPH)
  HIGHEST WIND SPEED    21   HIGHEST WIND DIRECTION    NW (320)
  HIGHEST GUST SPEED    26   HIGHEST GUST DIRECTION    NW (310)
  AVERAGE WIND SPEED     6.3


SKY COVER
  POSSIBLE SUNSHINE  MM
  AVERAGE SKY COVER 0.3


WEATHER CONDITIONS
 THE FOLLOWING WEATHER WAS RECORDED YESTERDAY.
  NO SIGNIFICANT WEATHER WAS OBSERVED.


RELATIVE HUMIDITY (PERCENT)
 HIGHEST    93           400 AM
 LOWEST     37           600 PM
 AVERAGE    65

..........................................................


THE SIOUX FALLS SD CLIMATE NORMALS FOR TODAY
                         NORMAL    RECORD    YEAR
 MAXIMUM TEMPERATURE (F)   81       103      1988
 MINIMUM TEMPERATURE (F)   58        40      1969


SUNRISE AND SUNSET
JUNE 20 2017..........SUNRISE   546 AM CDT   SUNSET   912 PM CDT
JUNE 21 2017..........SUNRISE   546 AM CDT   SUNSET   912 PM CDT


-  INDICATES NEGATIVE NUMBERS.
R  INDICATES RECORD WAS SET OR TIED.
MM INDICATES DATA IS MISSING.
T  INDICATES TRACE AMOUNT.




$$
