000
CDUS43 KFSD 110631
CLIFSD


CLIMATE REPORT
NATIONAL WEATHER SERVICE SIOUX FALLS SD
131 AM CDT FRI AUG 11 2017


...................................

...THE SIOUX FALLS SD CLIMATE SUMMARY FOR AUGUST 10 2017...

CLIMATE NORMAL PERIOD 1981 TO 2010
CLIMATE RECORD PERIOD 1893 TO 2017


WEATHER ITEM   OBSERVED TIME   RECORD YEAR NORMAL DEPARTURE LAST
                VALUE   (LST)  VALUE       VALUE  FROM      YEAR
                                                  NORMAL
..................................................................
TEMPERATURE (F)
 YESTERDAY
  MAXIMUM         76    314 PM 104    1947  83     -7       94
  MINIMUM         58    553 AM  40    1904  61     -3       75
  AVERAGE         67                        72     -5       85

PRECIPITATION (IN)
  YESTERDAY        0.00          2.47 1911   0.10  -0.10     0.00
  MONTH TO DATE    0.75                      1.01  -0.26     0.01
  SINCE JUN 1      5.17                      8.02  -2.85     4.05
  SINCE JAN 1     12.92                     17.35  -4.43    15.55

SNOWFALL (IN)
  YESTERDAY        0.0           0.0    MM   0.0    0.0      0.0
  MONTH TO DATE    0.0                       0.0    0.0      0.0
  SINCE JUN 1      0.0                       0.0    0.0      0.0
  SINCE JUL 1      0.0                       0.0    0.0      0.0
  SNOW DEPTH       0

DEGREE DAYS
 HEATING
  YESTERDAY        0                         0      0        0
  MONTH TO DATE    6                         0      6        0
  SINCE JUN 1     32                        59    -27       14
  SINCE JUL 1      6                         8     -2        5

 COOLING
  YESTERDAY        2                         7     -5       20
  MONTH TO DATE   30                        76    -46       95
  SINCE JUN 1    565                       467     98      606
  SINCE JAN 1    591                       503     88      639
..................................................................


WIND (MPH)
  HIGHEST WIND SPEED    18   HIGHEST WIND DIRECTION    NW (320)
  HIGHEST GUST SPEED    22   HIGHEST GUST DIRECTION    NW (330)
  AVERAGE WIND SPEED     8.4


SKY COVER
  POSSIBLE SUNSHINE  MM
  AVERAGE SKY COVER 0.5


WEATHER CONDITIONS
 THE FOLLOWING WEATHER WAS RECORDED YESTERDAY.
  NO SIGNIFICANT WEATHER WAS OBSERVED.


RELATIVE HUMIDITY (PERCENT)
 HIGHEST    97          1100 PM
 LOWEST     58           400 PM
 AVERAGE    78

..........................................................


THE SIOUX FALLS SD CLIMATE NORMALS FOR TODAY
                         NORMAL    RECORD    YEAR
 MAXIMUM TEMPERATURE (F)   83        99      1936
 MINIMUM TEMPERATURE (F)   61        35      1902


SUNRISE AND SUNSET
AUGUST 11 2017........SUNRISE   628 AM CDT   SUNSET   836 PM CDT
AUGUST 12 2017........SUNRISE   629 AM CDT   SUNSET   834 PM CDT


-  INDICATES NEGATIVE NUMBERS.
R  INDICATES RECORD WAS SET OR TIED.
MM INDICATES DATA IS MISSING.
T  INDICATES TRACE AMOUNT.




$$
