000
CDUS43 KFSD 170625
CLIFSD


CLIMATE REPORT
NATIONAL WEATHER SERVICE SIOUX FALLS SD
123 AM CDT SAT SEP 17 2016


...................................

...THE SIOUX FALLS SD CLIMATE SUMMARY FOR SEPTEMBER 16 2016...

CLIMATE NORMAL PERIOD 1981 TO 2010
CLIMATE RECORD PERIOD 1893 TO 2016


WEATHER ITEM   OBSERVED TIME   RECORD YEAR NORMAL DEPARTURE LAST
                VALUE   (LST)  VALUE       VALUE  FROM      YEAR
                                                  NORMAL
..................................................................
TEMPERATURE (F)
 YESTERDAY
  MAXIMUM         73    155 PM  96    1955  73      0       87
  MINIMUM         57   1159 PM  28    1903  49      8       70
                                      1893
  AVERAGE         65                        61      4       79

PRECIPITATION (IN)
  YESTERDAY        T             2.40 1986   0.09  -0.09      T
  MONTH TO DATE    6.32                      1.53   4.79     1.05
  SINCE SEP 1      6.32                      1.53   4.79     1.05
  SINCE JAN 1     24.18                     20.92   3.26    22.65

SNOWFALL (IN)
  YESTERDAY        0.0           0.0    MM   0.0    0.0      0.0
  MONTH TO DATE    0.0                       0.0    0.0      0.0
  SINCE SEP 1      0.0                       0.0    0.0      0.0
  SINCE JUL 1      0.0                       0.0    0.0      0.0
  SNOW DEPTH       0

DEGREE DAYS
 HEATING
  YESTERDAY        0                         6     -6        0
  MONTH TO DATE   25                        57    -32       24
  SINCE SEP 1     25                        57    -32       24
  SINCE JUL 1     33                        88    -55       64

 COOLING
  YESTERDAY        0                         2     -2       14
  MONTH TO DATE   44                        48     -4      104
  SINCE SEP 1     44                        48     -4      104
  SINCE JAN 1    824                       673    151      679
..................................................................


WIND (MPH)
  HIGHEST WIND SPEED    20   HIGHEST WIND DIRECTION     S (200)
  HIGHEST GUST SPEED    25   HIGHEST GUST DIRECTION     W (290)
  AVERAGE WIND SPEED     9.6


SKY COVER
  POSSIBLE SUNSHINE  MM
  AVERAGE SKY COVER 0.5


WEATHER CONDITIONS
 THE FOLLOWING WEATHER WAS RECORDED YESTERDAY.
  LIGHT RAIN


RELATIVE HUMIDITY (PERCENT)
 HIGHEST    93          1200 AM
 LOWEST     53           300 PM
 AVERAGE    73

..........................................................


THE SIOUX FALLS SD CLIMATE NORMALS FOR TODAY
                         NORMAL    RECORD    YEAR
 MAXIMUM TEMPERATURE (F)   73       103      1895
 MINIMUM TEMPERATURE (F)   49        24      1900


SUNRISE AND SUNSET
SEPTEMBER 17 2016.....SUNRISE   709 AM CDT   SUNSET   732 PM CDT
SEPTEMBER 18 2016.....SUNRISE   710 AM CDT   SUNSET   731 PM CDT


-  INDICATES NEGATIVE NUMBERS.
R  INDICATES RECORD WAS SET OR TIED.
MM INDICATES DATA IS MISSING.
T  INDICATES TRACE AMOUNT.




$$
