000
CDUS43 KFSD 120628
CLIFSD


CLIMATE REPORT
NATIONAL WEATHER SERVICE SIOUX FALLS SD
126 AM CDT THU OCT 12 2017


...................................

...THE SIOUX FALLS SD CLIMATE SUMMARY FOR OCTOBER 11 2017...

CLIMATE NORMAL PERIOD 1981 TO 2010
CLIMATE RECORD PERIOD 1893 TO 2017


WEATHER ITEM   OBSERVED TIME   RECORD YEAR NORMAL DEPARTURE LAST
                VALUE   (LST)  VALUE       VALUE  FROM      YEAR
                                                  NORMAL
..................................................................
TEMPERATURE (F)
 YESTERDAY
  MAXIMUM         62    410 PM  90    2015  62      0       56
                                      1910
  MINIMUM         26    651 AM  20    1987  38    -12       44
  AVERAGE         44                        50     -6       50

PRECIPITATION (IN)
  YESTERDAY        0.00          1.25 1947   0.08  -0.08     0.01
  MONTH TO DATE    5.13                      0.93   4.20     3.03
  SINCE SEP 1      6.75                      3.70   3.05    10.58
  SINCE JAN 1     24.34                     23.09   1.25    28.44

SNOWFALL (IN)
  YESTERDAY        0.0           1.1  2009   0.0    0.0      0.0
  MONTH TO DATE    T                         0.2   -0.2      0.0
  SINCE SEP 1      T                         0.2   -0.2      0.0
  SINCE JUL 1      T                         0.2   -0.2      0.0
  SNOW DEPTH       0

DEGREE DAYS
 HEATING
  YESTERDAY       21                        15      6       15
  MONTH TO DATE  117                       145    -28      112
  SINCE SEP 1    203                       318   -115      182
  SINCE JUL 1    209                       349   -140      190

 COOLING
  YESTERDAY        0                         0      0        0
  MONTH TO DATE    2                         0      2        2
  SINCE SEP 1    100                        60     40       99
  SINCE JAN 1    774                       685     89      879
..................................................................


WIND (MPH)
  HIGHEST WIND SPEED    18   HIGHEST WIND DIRECTION    SE (150)
  HIGHEST GUST SPEED    25   HIGHEST GUST DIRECTION    SE (150)
  AVERAGE WIND SPEED     8.0


SKY COVER
  POSSIBLE SUNSHINE  MM
  AVERAGE SKY COVER 0.2


WEATHER CONDITIONS
 THE FOLLOWING WEATHER WAS RECORDED YESTERDAY.
  NO SIGNIFICANT WEATHER WAS OBSERVED.


RELATIVE HUMIDITY (PERCENT)
 HIGHEST   100           100 AM
 LOWEST     39           200 PM
 AVERAGE    70

..........................................................


THE SIOUX FALLS SD CLIMATE NORMALS FOR TODAY
                         NORMAL    RECORD    YEAR
 MAXIMUM TEMPERATURE (F)   62        87      1956
 MINIMUM TEMPERATURE (F)   38        15      1917


SUNRISE AND SUNSET
OCTOBER 12 2017.......SUNRISE   738 AM CDT   SUNSET   648 PM CDT
OCTOBER 13 2017.......SUNRISE   739 AM CDT   SUNSET   646 PM CDT


-  INDICATES NEGATIVE NUMBERS.
R  INDICATES RECORD WAS SET OR TIED.
MM INDICATES DATA IS MISSING.
T  INDICATES TRACE AMOUNT.




$$
