000
CDUS43 KFSD 080620
CLIFSD


CLIMATE REPORT
NATIONAL WEATHER SERVICE SIOUX FALLS SD
120 AM CDT FRI SEP 8 2017


...................................

...THE SIOUX FALLS SD CLIMATE SUMMARY FOR SEPTEMBER 7 2017...

CLIMATE NORMAL PERIOD 1981 TO 2010
CLIMATE RECORD PERIOD 1893 TO 2017


WEATHER ITEM   OBSERVED TIME   RECORD YEAR NORMAL DEPARTURE LAST
                VALUE   (LST)  VALUE       VALUE  FROM      YEAR
                                                  NORMAL
..................................................................
TEMPERATURE (F)
 YESTERDAY
  MAXIMUM         78    448 PM 100    1971  77      1       78
  MINIMUM         46    104 AM  30    1895  53     -7       67
  AVERAGE         62                        65     -3       73

PRECIPITATION (IN)
  YESTERDAY        0.00          1.40 1901   0.09  -0.09     0.40
  MONTH TO DATE    0.06                      0.68  -0.62     2.46
  SINCE SEP 1      0.06                      0.68  -0.62     2.46
  SINCE JAN 1     17.65                     20.07  -2.42    20.32

SNOWFALL (IN)
  YESTERDAY        0.0           0.0    MM   0.0    0.0      0.0
  MONTH TO DATE    0.0                       0.0    0.0      0.0
  SINCE SEP 1      0.0                       0.0    0.0      0.0
  SINCE JUL 1      0.0                       0.0    0.0      0.0
  SNOW DEPTH       0

DEGREE DAYS
 HEATING
  YESTERDAY        3                         3      0        0
  MONTH TO DATE   21                        17      4        0
  SINCE SEP 1     21                        17      4        0
  SINCE JUL 1     27                        48    -21        8

 COOLING
  YESTERDAY        0                         3     -3        8
  MONTH TO DATE   14                        26    -12       40
  SINCE SEP 1     14                        26    -12       40
  SINCE JAN 1    688                       651     37      820
..................................................................


WIND (MPH)
  HIGHEST WIND SPEED    13   HIGHEST WIND DIRECTION     S (160)
  HIGHEST GUST SPEED    17   HIGHEST GUST DIRECTION    SW (210)
  AVERAGE WIND SPEED     3.4


SKY COVER
  POSSIBLE SUNSHINE  MM
  AVERAGE SKY COVER 0.3


WEATHER CONDITIONS
 THE FOLLOWING WEATHER WAS RECORDED YESTERDAY.
  NO SIGNIFICANT WEATHER WAS OBSERVED.


RELATIVE HUMIDITY (PERCENT)
 HIGHEST    93           100 AM
 LOWEST     46           100 PM
 AVERAGE    70

..........................................................


THE SIOUX FALLS SD CLIMATE NORMALS FOR TODAY
                         NORMAL    RECORD    YEAR
 MAXIMUM TEMPERATURE (F)   76        98      1947
 MINIMUM TEMPERATURE (F)   53        36      1992


SUNRISE AND SUNSET
SEPTEMBER  8 2017.....SUNRISE   659 AM CDT   SUNSET   749 PM CDT
SEPTEMBER  9 2017.....SUNRISE   700 AM CDT   SUNSET   747 PM CDT


-  INDICATES NEGATIVE NUMBERS.
R  INDICATES RECORD WAS SET OR TIED.
MM INDICATES DATA IS MISSING.
T  INDICATES TRACE AMOUNT.




$$
