000
CDUS43 KFSD 232222
CLIFSD


CLIMATE REPORT
NATIONAL WEATHER SERVICE SIOUX FALLS SD
522 PM CDT SAT JUL 23 2016


...................................

...THE SIOUX FALLS SD CLIMATE SUMMARY FOR JULY 23 2016...
VALID TODAY AS OF 0500 PM LOCAL TIME.

CLIMATE NORMAL PERIOD 1981 TO 2010
CLIMATE RECORD PERIOD 1893 TO 2016


WEATHER ITEM   OBSERVED TIME   RECORD YEAR NORMAL DEPARTURE LAST
                VALUE   (LST)  VALUE       VALUE  FROM      YEAR
                                                  NORMAL
..................................................................
TEMPERATURE (F)
 TODAY
  MAXIMUM         91    359 PM 105    1941  84      7       86
  MINIMUM         72    727 AM  42    1904  62     10       64
  AVERAGE         82                        73      9       75

PRECIPITATION (IN)
  TODAY            0.98          2.36 2001   0.10   0.88     0.00
  MONTH TO DATE    2.32                      2.31   0.01     2.11
  SINCE JUN 1      4.04                      6.23  -2.19     6.40
  SINCE JAN 1     15.54                     15.56  -0.02    12.95

SNOWFALL (IN)
  TODAY            0.0           0.0    MM   0.0    0.0      0.0
  MONTH TO DATE    0.0                       0.0    0.0      0.0
  SINCE JUN 1      0.0                       0.0    0.0      0.0
  SINCE JUL 1      0.0                       0.0    0.0      0.0
  SNOW DEPTH       0

DEGREE DAYS
 HEATING
  TODAY            0                         0      0        0
  MONTH TO DATE    5                         0      5        6
  SINCE JUN 1     14                        51    -37       15
  SINCE JUL 1      5                         0      5        6

 COOLING
  TODAY           17                         8      9       10
  MONTH TO DATE  217                       192     25      159
  SINCE JUN 1    452                       327    125      298
  SINCE JAN 1    485                       363    122      320
..................................................................


WIND (MPH)
  HIGHEST WIND SPEED    18   HIGHEST WIND DIRECTION     S (200)
  HIGHEST GUST SPEED    23   HIGHEST GUST DIRECTION     S (190)
  AVERAGE WIND SPEED     9.6


SKY COVER
  POSSIBLE SUNSHINE  MM
  AVERAGE SKY COVER 0.6


WEATHER CONDITIONS
 THE FOLLOWING WEATHER WAS RECORDED TODAY.
  THUNDERSTORM
  HEAVY RAIN
  LIGHT RAIN
  FOG


RELATIVE HUMIDITY (PERCENT)
 HIGHEST    94          1200 AM
 LOWEST     56           400 PM
 AVERAGE    75

..........................................................


THE SIOUX FALLS SD CLIMATE NORMALS FOR TOMORROW
                         NORMAL    RECORD    YEAR
 MAXIMUM TEMPERATURE (F)   84       105      1940
 MINIMUM TEMPERATURE (F)   62        43      1904


SUNRISE AND SUNSET
JULY 23 2016..........SUNRISE   608 AM CDT   SUNSET   859 PM CDT
JULY 24 2016..........SUNRISE   609 AM CDT   SUNSET   858 PM CDT


-  INDICATES NEGATIVE NUMBERS.
R  INDICATES RECORD WAS SET OR TIED.
MM INDICATES DATA IS MISSING.
T  INDICATES TRACE AMOUNT.




$$
