000
CDUS43 KFSD 200624
CLIFSD


CLIMATE REPORT
NATIONAL WEATHER SERVICE SIOUX FALLS SD
122 AM CDT SUN JUL 20 2014


...................................

...THE SIOUX FALLS SD CLIMATE SUMMARY FOR JULY 19 2014...

CLIMATE NORMAL PERIOD 1981 TO 2010
CLIMATE RECORD PERIOD 1893 TO 2014


WEATHER ITEM   OBSERVED TIME   RECORD YEAR NORMAL DEPARTURE LAST
                VALUE   (LST)  VALUE       VALUE  FROM      YEAR
                                                  NORMAL
..................................................................
TEMPERATURE (F)
 YESTERDAY
  MAXIMUM         77    703 PM 106    1926  84     -7       85
  MINIMUM         63    457 AM  47    1947  62      1       63
                                      1911
  AVERAGE         70                        73     -3       74

PRECIPITATION (IN)
  YESTERDAY        0.00          2.65 1900   0.10  -0.10     0.00
  MONTH TO DATE    0.46                      1.91  -1.45     0.31
  SINCE JUN 1     14.16                      5.83   8.33     4.59
  SINCE JAN 1     19.14                     15.16   3.98    16.90

SNOWFALL (IN)
  YESTERDAY        0.0           0.0    MM   0.0    0.0      0.0
  MONTH TO DATE    0.0                       0.0    0.0      0.0
  SINCE JUN 1      T                         0.0    0.0      0.0
  SINCE JUL 1      0.0                       0.0    0.0      0.0
  SNOW DEPTH       0

DEGREE DAYS
 HEATING
  YESTERDAY        0                         0      0        0
  MONTH TO DATE   13                         0     13        0
  SINCE JUN 1     45                        51     -6       69
  SINCE JUL 1     13                         0     13        0

 COOLING
  YESTERDAY        5                         9     -4        9
  MONTH TO DATE  103                       158    -55      199
  SINCE JUN 1    239                       293    -54      335
  SINCE JAN 1    292                       329    -37      377
..................................................................


WIND (MPH)
  HIGHEST WIND SPEED    20   HIGHEST WIND DIRECTION     S (200)
  HIGHEST GUST SPEED    28   HIGHEST GUST DIRECTION     S (190)
  AVERAGE WIND SPEED    11.1


SKY COVER
  POSSIBLE SUNSHINE  MM
  AVERAGE SKY COVER 0.6


WEATHER CONDITIONS
 THE FOLLOWING WEATHER WAS RECORDED YESTERDAY.
  THUNDERSTORM


RELATIVE HUMIDITY (PERCENT)
 HIGHEST    84           500 AM
 LOWEST     69           500 PM
 AVERAGE    77

..........................................................


THE SIOUX FALLS SD CLIMATE NORMALS FOR TODAY
                         NORMAL    RECORD    YEAR
 MAXIMUM TEMPERATURE (F)   84       102      1926
                                             1901
 MINIMUM TEMPERATURE (F)   62        44      1900


SUNRISE AND SUNSET
JULY 20 2014..........SUNRISE   604 AM CDT   SUNSET   902 PM CDT
JULY 21 2014..........SUNRISE   605 AM CDT   SUNSET   901 PM CDT


-  INDICATES NEGATIVE NUMBERS.
R  INDICATES RECORD WAS SET OR TIED.
MM INDICATES DATA IS MISSING.
T  INDICATES TRACE AMOUNT.




$$
