000
CDUS43 KFSD 120712
CLIFSD


CLIMATE REPORT
NATIONAL WEATHER SERVICE SIOUX FALLS SD
212 AM CDT MON SEP 12 2016


...................................

...THE SIOUX FALLS SD CLIMATE SUMMARY FOR SEPTEMBER 11 2016...

CLIMATE NORMAL PERIOD 1981 TO 2010
CLIMATE RECORD PERIOD 1893 TO 2016


WEATHER ITEM   OBSERVED TIME   RECORD YEAR NORMAL DEPARTURE LAST
                VALUE   (LST)  VALUE       VALUE  FROM      YEAR
                                                  NORMAL
..................................................................
TEMPERATURE (F)
 YESTERDAY
  MAXIMUM         80    433 PM  96    2012  75      5       64
                                      1895
  MINIMUM         56    532 AM  28    1894  52      4       44
  AVERAGE         68                        63      5       54

PRECIPITATION (IN)
  YESTERDAY        0.00          4.02 1966   0.10  -0.10     0.00
  MONTH TO DATE    2.71                      1.07   1.64     1.05
  SINCE SEP 1      2.71                      1.07   1.64     1.05
  SINCE JAN 1     20.57                     20.46   0.11    22.65

SNOWFALL (IN)
  YESTERDAY        0.0           0.0    MM   0.0    0.0      0.0
  MONTH TO DATE    0.0                       0.0    0.0      0.0
  SINCE SEP 1      0.0                       0.0    0.0      0.0
  SINCE JUL 1      0.0                       0.0    0.0      0.0
  SNOW DEPTH       0

DEGREE DAYS
 HEATING
  YESTERDAY        0                         4     -4       11
  MONTH TO DATE    4                        32    -28       14
  SINCE SEP 1      4                        32    -28       14
  SINCE JUL 1     12                        63    -51       54

 COOLING
  YESTERDAY        3                         3      0        0
  MONTH TO DATE   44                        38      6       72
  SINCE SEP 1     44                        38      6       72
  SINCE JAN 1    824                       663    161      647
..................................................................


WIND (MPH)
  HIGHEST WIND SPEED    26   HIGHEST WIND DIRECTION     S (190)
  HIGHEST GUST SPEED    33   HIGHEST GUST DIRECTION     S (190)
  AVERAGE WIND SPEED    15.6


SKY COVER
  POSSIBLE SUNSHINE  MM
  AVERAGE SKY COVER 0.1


WEATHER CONDITIONS
 THE FOLLOWING WEATHER WAS RECORDED YESTERDAY.
  NO SIGNIFICANT WEATHER WAS OBSERVED.


RELATIVE HUMIDITY (PERCENT)
 HIGHEST    77           300 AM
 LOWEST     49           300 PM
 AVERAGE    63

..........................................................


THE SIOUX FALLS SD CLIMATE NORMALS FOR TODAY
                         NORMAL    RECORD    YEAR
 MAXIMUM TEMPERATURE (F)   75        97      1908
 MINIMUM TEMPERATURE (F)   51        27      1902


SUNRISE AND SUNSET
SEPTEMBER 12 2016.....SUNRISE   704 AM CDT   SUNSET   742 PM CDT
SEPTEMBER 13 2016.....SUNRISE   705 AM CDT   SUNSET   740 PM CDT


-  INDICATES NEGATIVE NUMBERS.
R  INDICATES RECORD WAS SET OR TIED.
MM INDICATES DATA IS MISSING.
T  INDICATES TRACE AMOUNT.




$$
