000
CDUS43 KFSD 230626
CLIFSD


CLIMATE REPORT
NATIONAL WEATHER SERVICE SIOUX FALLS SD
1225 AM CST FRI JAN 23 2015


...................................

...THE SIOUX FALLS SD CLIMATE SUMMARY FOR JANUARY 22 2015...

CLIMATE NORMAL PERIOD 1981 TO 2010
CLIMATE RECORD PERIOD 1893 TO 2015


WEATHER ITEM   OBSERVED TIME   RECORD YEAR NORMAL DEPARTURE LAST
                VALUE   (LST)  VALUE       VALUE  FROM      YEAR
                                                  NORMAL
..................................................................
TEMPERATURE (F)
 YESTERDAY
  MAXIMUM         37    359 PM  58    1900  27     10       19
  MINIMUM         23    838 AM -28    1966   7     16       -8
  AVERAGE         30                        17     13        6

PRECIPITATION (IN)
  YESTERDAY        0.00          0.69 1917   0.02  -0.02     0.01
  MONTH TO DATE    0.47                      0.40   0.07     0.21
  SINCE DEC 1      1.80                      1.09   0.71     1.34
  SINCE JAN 1      0.47                      0.40   0.07     0.21

SNOWFALL (IN)
  YESTERDAY        0.0           8.2  1982   0.3   -0.3      0.1
  MONTH TO DATE    6.3                       5.4    0.9      3.7
  SINCE DEC 1     12.2                      13.6   -1.4     16.3
  SINCE JUL 1     20.5                      22.3   -1.8     24.2
  SNOW DEPTH       T

DEGREE DAYS
 HEATING
  YESTERDAY       35                        48    -13       59
  MONTH TO DATE 1077                      1074      3     1127
  SINCE DEC 1   2326                      2495   -169     2774
  SINCE JUL 1   4082                      4207   -125     4395

 COOLING
  YESTERDAY        0                         0      0        0
  MONTH TO DATE    0                         0      0        0
  SINCE DEC 1      0                         0      0        0
  SINCE JAN 1      0                         0      0        0
..................................................................


WIND (MPH)
  HIGHEST WIND SPEED    20   HIGHEST WIND DIRECTION     S (200)
  HIGHEST GUST SPEED    24   HIGHEST GUST DIRECTION     S (200)
  AVERAGE WIND SPEED     9.8


SKY COVER
  POSSIBLE SUNSHINE  MM
  AVERAGE SKY COVER 0.4


WEATHER CONDITIONS
 THE FOLLOWING WEATHER WAS RECORDED YESTERDAY.
  NO SIGNIFICANT WEATHER WAS OBSERVED.


RELATIVE HUMIDITY (PERCENT)
 HIGHEST    92           100 AM
 LOWEST     64           200 PM
 AVERAGE    78

..........................................................


THE SIOUX FALLS SD CLIMATE NORMALS FOR TODAY
                         NORMAL    RECORD    YEAR
 MAXIMUM TEMPERATURE (F)   27        57      1981
 MINIMUM TEMPERATURE (F)    7       -23      1948
                                             1936


SUNRISE AND SUNSET
JANUARY 23 2015.......SUNRISE   752 AM CST   SUNSET   526 PM CST
JANUARY 24 2015.......SUNRISE   751 AM CST   SUNSET   527 PM CST


-  INDICATES NEGATIVE NUMBERS.
R  INDICATES RECORD WAS SET OR TIED.
MM INDICATES DATA IS MISSING.
T  INDICATES TRACE AMOUNT.




$$
