000
CDUS43 KFSD 062226
CLIFSD


CLIMATE REPORT
NATIONAL WEATHER SERVICE SIOUX FALLS SD
425 PM CST MON NOV 6 2017


...................................

...THE SIOUX FALLS SD CLIMATE SUMMARY FOR NOVEMBER 6 2017...
VALID TODAY AS OF 0400 PM LOCAL TIME.

CLIMATE NORMAL PERIOD 1981 TO 2010
CLIMATE RECORD PERIOD 1893 TO 2017


WEATHER ITEM   OBSERVED TIME   RECORD YEAR NORMAL DEPARTURE LAST
                VALUE   (LST)  VALUE       VALUE  FROM      YEAR
                                                  NORMAL
..................................................................
TEMPERATURE (F)
 TODAY
  MAXIMUM         32    359 PM  73    2004  49    -17       69
  MINIMUM         20   1232 AM  -6    1991  28     -8       51
  AVERAGE         26                        38    -12       60

PRECIPITATION (IN)
  TODAY            0.02          0.80 1946   0.04  -0.02     0.00
  MONTH TO DATE    0.03                      0.27  -0.24      T
  SINCE SEP 1      6.93                      5.21   1.72    10.64
  SINCE JAN 1     24.52                     24.60  -0.08    28.50

SNOWFALL (IN)
  TODAY            0.2           1.5  1990   0.1    0.1      0.0
  MONTH TO DATE    0.2                       0.9   -0.7      0.0
  SINCE SEP 1      0.2                       2.2   -2.0       T
  SINCE JUL 1      0.2                       2.2   -2.0       T
  SNOW DEPTH       0

DEGREE DAYS
 HEATING
  TODAY           39                        27     12        5
  MONTH TO DATE  175                       153     22       65
  SINCE SEP 1    712                       862   -150      518
  SINCE JUL 1    718                       893   -175      526

 COOLING
  TODAY            0                         0      0        0
  MONTH TO DATE    0                         0      0        0
  SINCE SEP 1    102                        65     37       99
  SINCE JAN 1    776                       690     86      879
..................................................................


WIND (MPH)
  HIGHEST WIND SPEED    14   HIGHEST WIND DIRECTION     E (70)
  HIGHEST GUST SPEED    17   HIGHEST GUST DIRECTION     E (70)
  AVERAGE WIND SPEED     4.8


SKY COVER
  POSSIBLE SUNSHINE  MM
  AVERAGE SKY COVER 0.8


WEATHER CONDITIONS
 THE FOLLOWING WEATHER WAS RECORDED TODAY.
  LIGHT SNOW
  FOG


RELATIVE HUMIDITY (PERCENT)
 HIGHEST    92           100 AM
 LOWEST     75           700 AM
 AVERAGE    84

..........................................................


THE SIOUX FALLS SD CLIMATE NORMALS FOR TOMORROW
                         NORMAL    RECORD    YEAR
 MAXIMUM TEMPERATURE (F)   48        74      1904
 MINIMUM TEMPERATURE (F)   27        -9      1991


SUNRISE AND SUNSET
NOVEMBER  6 2017......SUNRISE   709 AM CST   SUNSET   511 PM CST
NOVEMBER  7 2017......SUNRISE   711 AM CST   SUNSET   510 PM CST


-  INDICATES NEGATIVE NUMBERS.
R  INDICATES RECORD WAS SET OR TIED.
MM INDICATES DATA IS MISSING.
T  INDICATES TRACE AMOUNT.




$$
