000
CDUS43 KFSD 190639
CLIFSD


CLIMATE REPORT
NATIONAL WEATHER SERVICE SIOUX FALLS SD
132 AM CDT WED APR 19 2017


...................................

...THE SIOUX FALLS SD CLIMATE SUMMARY FOR APRIL 18 2017...

CLIMATE NORMAL PERIOD 1981 TO 2010
CLIMATE RECORD PERIOD 1893 TO 2017


WEATHER ITEM   OBSERVED TIME   RECORD YEAR NORMAL DEPARTURE LAST
                VALUE   (LST)  VALUE       VALUE  FROM      YEAR
                                                  NORMAL
..................................................................
TEMPERATURE (F)
 YESTERDAY
  MAXIMUM         66   1242 PM  92    1985  60      6       61
  MINIMUM         47   1159 PM  14    1953  35     12       42
  AVERAGE         57                        48      9       52

PRECIPITATION (IN)
  YESTERDAY        0.08          2.12 1995   0.10  -0.02     0.91
  MONTH TO DATE    0.73                      1.75  -1.02     1.00
  SINCE MAR 1      1.27                      3.51  -2.24     3.09
  SINCE JAN 1      2.38                      4.67  -2.29     4.77

SNOWFALL (IN)
  YESTERDAY        0.0           2.9  2013   0.2   -0.2      0.0
  MONTH TO DATE    T                         3.4   -3.4       T
  SINCE MAR 1      8.0                      11.8   -3.8     12.2
  SINCE JUL 1     39.4                      43.3   -3.9     68.5
  SNOW DEPTH       0

DEGREE DAYS
 HEATING
  YESTERDAY        8                        18    -10       13
  MONTH TO DATE  238                       383   -145      309
  SINCE MAR 1   1148                      1378   -230     1073
  SINCE JUL 1   5954                      7228  -1274     6109

 COOLING
  YESTERDAY        0                         0      0        0
  MONTH TO DATE    1                         0      1        0
  SINCE MAR 1      1                         0      1        0
  SINCE JAN 1      1                         0      1        0
..................................................................


WIND (MPH)
  HIGHEST WIND SPEED    29   HIGHEST WIND DIRECTION     S (190)
  HIGHEST GUST SPEED    36   HIGHEST GUST DIRECTION     S (200)
  AVERAGE WIND SPEED    15.6


SKY COVER
  POSSIBLE SUNSHINE  MM
  AVERAGE SKY COVER 0.8


WEATHER CONDITIONS
 THE FOLLOWING WEATHER WAS RECORDED YESTERDAY.
  THUNDERSTORM
  RAIN
  LIGHT RAIN
  FOG


RELATIVE HUMIDITY (PERCENT)
 HIGHEST    93           500 AM
 LOWEST     56           100 PM
 AVERAGE    75

..........................................................


THE SIOUX FALLS SD CLIMATE NORMALS FOR TODAY
                         NORMAL    RECORD    YEAR
 MAXIMUM TEMPERATURE (F)   60        89      1987
 MINIMUM TEMPERATURE (F)   36        15      1928


SUNRISE AND SUNSET
APRIL 19 2017.........SUNRISE   637 AM CDT   SUNSET   815 PM CDT
APRIL 20 2017.........SUNRISE   636 AM CDT   SUNSET   817 PM CDT


-  INDICATES NEGATIVE NUMBERS.
R  INDICATES RECORD WAS SET OR TIED.
MM INDICATES DATA IS MISSING.
T  INDICATES TRACE AMOUNT.




$$
