000
CDUS43 KFSD 180645
CLIFSD


CLIMATE REPORT
NATIONAL WEATHER SERVICE SIOUX FALLS SD
145 AM CDT MON AUG 18 2014


...................................

...THE SIOUX FALLS SD CLIMATE SUMMARY FOR AUGUST 17 2014...

CLIMATE NORMAL PERIOD 1981 TO 2010
CLIMATE RECORD PERIOD 1893 TO 2014


WEATHER ITEM   OBSERVED TIME   RECORD YEAR NORMAL DEPARTURE LAST
                VALUE   (LST)  VALUE       VALUE  FROM      YEAR
                                                  NORMAL
..................................................................
TEMPERATURE (F)
 YESTERDAY
  MAXIMUM         84    439 PM 101    1947  82      2       79
  MINIMUM         69   1144 PM  40    2012  60      9       59
  AVERAGE         77                        71      6       69

PRECIPITATION (IN)
  YESTERDAY        T             1.16 1975   0.10  -0.10     0.00
                                      1902
  MONTH TO DATE    2.13                      1.71   0.42     2.44
  SINCE JUN 1     16.63                      8.72   7.91     7.32
  SINCE JAN 1     21.61                     18.05   3.56    19.63

SNOWFALL (IN)
  YESTERDAY        0.0           0.0    MM   0.0    0.0      0.0
  MONTH TO DATE    0.0                       0.0    0.0      0.0
  SINCE JUN 1      T                         0.0    0.0      0.0
  SINCE JUL 1      T                         0.0    0.0      0.0
  SNOW DEPTH       0

DEGREE DAYS
 HEATING
  YESTERDAY        0                         1     -1        0
  MONTH TO DATE    0                         4     -4       15
  SINCE JUN 1     47                        63    -16      103
  SINCE JUL 1     15                        12      3       34

 COOLING
  YESTERDAY       12                         6      6        4
  MONTH TO DATE   92                       124    -32       43
  SINCE JUN 1    400                       515   -115      428
  SINCE JAN 1    453                       551    -98      470
..................................................................


WIND (MPH)
  HIGHEST WIND SPEED    16   HIGHEST WIND DIRECTION    NW (310)
  HIGHEST GUST SPEED    22   HIGHEST GUST DIRECTION     W (290)
  AVERAGE WIND SPEED     5.4


SKY COVER
  POSSIBLE SUNSHINE  MM
  AVERAGE SKY COVER 0.5


WEATHER CONDITIONS
 THE FOLLOWING WEATHER WAS RECORDED YESTERDAY.
  FOG


RELATIVE HUMIDITY (PERCENT)
 HIGHEST    97           600 AM
 LOWEST     63           500 PM
 AVERAGE    80

..........................................................


THE SIOUX FALLS SD CLIMATE NORMALS FOR TODAY
                         NORMAL    RECORD    YEAR
 MAXIMUM TEMPERATURE (F)   82       101      1983
 MINIMUM TEMPERATURE (F)   60        44      2002


SUNRISE AND SUNSET
AUGUST 18 2014........SUNRISE   635 AM CDT   SUNSET   826 PM CDT
AUGUST 19 2014........SUNRISE   636 AM CDT   SUNSET   824 PM CDT


-  INDICATES NEGATIVE NUMBERS.
R  INDICATES RECORD WAS SET OR TIED.
MM INDICATES DATA IS MISSING.
T  INDICATES TRACE AMOUNT.




$$
