000
CDUS43 KFSD 122228
CLIFSD


CLIMATE REPORT
NATIONAL WEATHER SERVICE SIOUX FALLS SD
526 PM CDT MON JUN 12 2017


...................................

...THE SIOUX FALLS SD CLIMATE SUMMARY FOR JUNE 12 2017...
VALID TODAY AS OF 0500 PM LOCAL TIME.

CLIMATE NORMAL PERIOD 1981 TO 2010
CLIMATE RECORD PERIOD 1893 TO 2017


WEATHER ITEM   OBSERVED TIME   RECORD YEAR NORMAL DEPARTURE LAST
                VALUE   (LST)  VALUE       VALUE  FROM      YEAR
                                                  NORMAL
..................................................................
TEMPERATURE (F)
 TODAY
  MAXIMUM         80    359 PM  99    1956  78      2       95
  MINIMUM         57   1102 AM  40    1900  55      2       75
  AVERAGE         69                        67      2       85

PRECIPITATION (IN)
  TODAY            0.97          1.78 1925   0.14   0.83     0.00
  MONTH TO DATE    0.97                      1.59  -0.62     0.47
  SINCE JUN 1      0.97                      1.59  -0.62     0.47
  SINCE JAN 1      8.72                     10.92  -2.20    11.97

SNOWFALL (IN)
  TODAY            0.0           0.0    MM   0.0    0.0      0.0
  MONTH TO DATE    0.0                       0.0    0.0      0.0
  SINCE JUN 1      0.0                       0.0    0.0      0.0
  SINCE JUL 1     42.9                      44.5   -1.6     68.5
  SNOW DEPTH       0

DEGREE DAYS
 HEATING
  TODAY            0                         2     -2        0
  MONTH TO DATE    3                        35    -32        9
  SINCE JUN 1      3                        35    -32        9
  SINCE JUL 1   6440                      7690  -1250     6504

 COOLING
  TODAY            4                         4      0       20
  MONTH TO DATE  119                        34     85       94
  SINCE JUN 1    119                        34     85       94
  SINCE JAN 1    145                        70     75      127
..................................................................


WIND (MPH)
  HIGHEST WIND SPEED    24   HIGHEST WIND DIRECTION    SE (120)
  HIGHEST GUST SPEED    31   HIGHEST GUST DIRECTION    NW (320)
  AVERAGE WIND SPEED    11.4


SKY COVER
  POSSIBLE SUNSHINE  MM
  AVERAGE SKY COVER 0.9


WEATHER CONDITIONS
 THE FOLLOWING WEATHER WAS RECORDED TODAY.
  THUNDERSTORM
  HEAVY RAIN
  RAIN
  LIGHT RAIN
  FOG


RELATIVE HUMIDITY (PERCENT)
 HIGHEST   100          1100 AM
 LOWEST     58           400 PM
 AVERAGE    79

..........................................................


THE SIOUX FALLS SD CLIMATE NORMALS FOR TOMORROW
                         NORMAL    RECORD    YEAR
 MAXIMUM TEMPERATURE (F)   79       101      1956
 MINIMUM TEMPERATURE (F)   56        33      1969


SUNRISE AND SUNSET
JUNE 12 2017..........SUNRISE   545 AM CDT   SUNSET   909 PM CDT
JUNE 13 2017..........SUNRISE   545 AM CDT   SUNSET   909 PM CDT


-  INDICATES NEGATIVE NUMBERS.
R  INDICATES RECORD WAS SET OR TIED.
MM INDICATES DATA IS MISSING.
T  INDICATES TRACE AMOUNT.




$$
