000
CDUS43 KFSD 230624
CLIFSD


CLIMATE REPORT
NATIONAL WEATHER SERVICE SIOUX FALLS SD
1224 AM CST THU NOV 23 2017


...................................

...THE SIOUX FALLS SD CLIMATE SUMMARY FOR NOVEMBER 22 2017...

CLIMATE NORMAL PERIOD 1981 TO 2010
CLIMATE RECORD PERIOD 1893 TO 2017


WEATHER ITEM   OBSERVED TIME   RECORD YEAR NORMAL DEPARTURE LAST
                VALUE   (LST)  VALUE       VALUE  FROM      YEAR
                                                  NORMAL
..................................................................
TEMPERATURE (F)
 YESTERDAY
  MAXIMUM         40    830 PM  66    1908  38      2       37
  MINIMUM         11    422 AM  -8    1898  19     -8       34
  AVERAGE         26                        29     -3       36

PRECIPITATION (IN)
  YESTERDAY        0.00          1.60 1908   0.05  -0.05     0.47
  MONTH TO DATE    0.03                      1.03  -1.00     0.90
  SINCE SEP 1      6.93                      5.97   0.96    11.54
  SINCE JAN 1     24.52                     25.36  -0.84    29.40

SNOWFALL (IN)
  YESTERDAY        0.0           4.6  1983   0.3   -0.3      0.0
  MONTH TO DATE    0.2                       4.9   -4.7      5.0
  SINCE SEP 1      0.2                       6.2   -6.0      5.0
  SINCE JUL 1      0.2                       6.2   -6.0      5.0
  SNOW DEPTH       0

DEGREE DAYS
 HEATING
  YESTERDAY       39                        36      3       29
  MONTH TO DATE  677                       661     16      444
  SINCE SEP 1   1214                      1370   -156      897
  SINCE JUL 1   1220                      1401   -181      905

 COOLING
  YESTERDAY        0                         0      0        0
  MONTH TO DATE    0                         0      0        0
  SINCE SEP 1    102                        65     37       99
  SINCE JAN 1    776                       690     86      879
..................................................................


WIND (MPH)
  HIGHEST WIND SPEED    24   HIGHEST WIND DIRECTION     S (190)
  HIGHEST GUST SPEED    29   HIGHEST GUST DIRECTION     S (200)
  AVERAGE WIND SPEED     9.7


SKY COVER
  POSSIBLE SUNSHINE  MM
  AVERAGE SKY COVER 0.4


WEATHER CONDITIONS
 THE FOLLOWING WEATHER WAS RECORDED YESTERDAY.
  NO SIGNIFICANT WEATHER WAS OBSERVED.


RELATIVE HUMIDITY (PERCENT)
 HIGHEST    83           400 AM
 LOWEST     44           300 PM
 AVERAGE    64

..........................................................


THE SIOUX FALLS SD CLIMATE NORMALS FOR TODAY
                         NORMAL    RECORD    YEAR
 MAXIMUM TEMPERATURE (F)   38        60      1902
 MINIMUM TEMPERATURE (F)   19       -11      1898


SUNRISE AND SUNSET
NOVEMBER 23 2017......SUNRISE   731 AM CST   SUNSET   455 PM CST
NOVEMBER 24 2017......SUNRISE   732 AM CST   SUNSET   455 PM CST


-  INDICATES NEGATIVE NUMBERS.
R  INDICATES RECORD WAS SET OR TIED.
MM INDICATES DATA IS MISSING.
T  INDICATES TRACE AMOUNT.




$$
