402
CDUS43 KFSD 190653
CLIFSD


CLIMATE REPORT
NATIONAL WEATHER SERVICE SIOUX FALLS SD
1253 AM CST MON FEB 19 2018


...................................

...THE SIOUX FALLS SD CLIMATE SUMMARY FOR FEBRUARY 18 2018...

CLIMATE NORMAL PERIOD 1981 TO 2010
CLIMATE RECORD PERIOD 1893 TO 2018


WEATHER ITEM   OBSERVED TIME   RECORD YEAR NORMAL DEPARTURE LAST
                VALUE   (LST)  VALUE       VALUE  FROM      YEAR
                                                  NORMAL
..................................................................
TEMPERATURE (F)
 YESTERDAY
  MAXIMUM         44    406 PM  62    1981  32     12       61
  MINIMUM         19   1159 PM -21    1903  13      6       29
  AVERAGE         32                        22     10       45

PRECIPITATION (IN)
  YESTERDAY        0.00          1.03 1962   0.03  -0.03     0.00
  MONTH TO DATE    0.53                      0.34   0.19     0.10
  SINCE DEC 1      1.59                      1.59   0.00     2.64
  SINCE JAN 1      0.91                      0.90   0.01     0.72

SNOWFALL (IN)
  YESTERDAY        0.0          13.8  1962   0.3   -0.3      0.0
  MONTH TO DATE    7.3                       4.3    3.0       T
  SINCE DEC 1     23.5                      20.2    3.3     20.3
  SINCE JUL 1     23.7                      28.9   -5.2     26.3
  SNOW DEPTH       1

DEGREE DAYS
 HEATING
  YESTERDAY       33                        43    -10       20
  MONTH TO DATE  942                       813    129      636
  SINCE DEC 1   3763                      3733     30     3382
  SINCE JUL 1   5172                      5445   -273     4517

 COOLING
  YESTERDAY        0                         0      0        0
  MONTH TO DATE    0                         0      0        0
  SINCE DEC 1      0                         0      0        0
  SINCE JAN 1      0                         0      0        0
..................................................................


WIND (MPH)
  HIGHEST WIND SPEED    30   HIGHEST WIND DIRECTION     S (160)
  HIGHEST GUST SPEED    37   HIGHEST GUST DIRECTION     S (180)
  AVERAGE WIND SPEED    16.7


SKY COVER
  POSSIBLE SUNSHINE  MM
  AVERAGE SKY COVER 0.7


WEATHER CONDITIONS
 THE FOLLOWING WEATHER WAS RECORDED YESTERDAY.
  NO SIGNIFICANT WEATHER WAS OBSERVED.


RELATIVE HUMIDITY (PERCENT)
 HIGHEST    92          1200 AM
 LOWEST     57          1100 AM
 AVERAGE    75

..........................................................


THE SIOUX FALLS SD CLIMATE NORMALS FOR TODAY
                         NORMAL    RECORD    YEAR
 MAXIMUM TEMPERATURE (F)   32        65      1996
 MINIMUM TEMPERATURE (F)   13       -24      1959


SUNRISE AND SUNSET
FEBRUARY 19 2018......SUNRISE   719 AM CST   SUNSET   603 PM CST
FEBRUARY 20 2018......SUNRISE   718 AM CST   SUNSET   604 PM CST


-  INDICATES NEGATIVE NUMBERS.
R  INDICATES RECORD WAS SET OR TIED.
MM INDICATES DATA IS MISSING.
T  INDICATES TRACE AMOUNT.




$$
