000
CDUS43 KFSD 022226
CLIFSD


CLIMATE REPORT
NATIONAL WEATHER SERVICE SIOUX FALLS SD
524 PM CDT TUE JUN 2 2015


...................................

...THE SIOUX FALLS SD CLIMATE SUMMARY FOR JUNE 2 2015...
VALID TODAY AS OF 0500 PM LOCAL TIME.

CLIMATE NORMAL PERIOD 1981 TO 2010
CLIMATE RECORD PERIOD 1893 TO 2015


WEATHER ITEM   OBSERVED TIME   RECORD YEAR NORMAL DEPARTURE LAST
                VALUE   (LST)  VALUE       VALUE  FROM      YEAR
                                                  NORMAL
..................................................................
TEMPERATURE (F)
 TODAY
  MAXIMUM         78    359 PM  97    1934  75      3       75
  MINIMUM         59    604 AM  37    1964  52      7       56
                                      1946
  AVERAGE         69                        64      5       66

PRECIPITATION (IN)
  TODAY            0.00          0.97 2007   0.13  -0.13     0.00
  MONTH TO DATE    0.00                      0.25  -0.25     2.47
  SINCE JUN 1      0.00                      0.25  -0.25     2.47
  SINCE JAN 1      6.55                      9.58  -3.03     7.45

SNOWFALL (IN)
  TODAY            0.0           0.0    MM   0.0    0.0      0.0
  MONTH TO DATE    0.0                       0.0    0.0      0.0
  SINCE JUN 1      0.0                       0.0    0.0      0.0
  SINCE JUL 1     31.9                      44.5  -12.6     45.3
  SNOW DEPTH       0

DEGREE DAYS
 HEATING
  TODAY            0                         4     -4        0
  MONTH TO DATE    0                         8     -8        0
  SINCE JUN 1      0                         8     -8        0
  SINCE JUL 1   7237                      7663   -426     8288

 COOLING
  TODAY            4                         2      2        1
  MONTH TO DATE    5                         4      1        7
  SINCE JUN 1      5                         4      1        7
  SINCE JAN 1     27                        40    -13       60
..................................................................


WIND (MPH)
  HIGHEST WIND SPEED    26   HIGHEST WIND DIRECTION     S (160)
  HIGHEST GUST SPEED    33   HIGHEST GUST DIRECTION     S (170)
  AVERAGE WIND SPEED    16.0


SKY COVER
  POSSIBLE SUNSHINE  MM
  AVERAGE SKY COVER 0.6


WEATHER CONDITIONS
 THE FOLLOWING WEATHER WAS RECORDED TODAY.
  NO SIGNIFICANT WEATHER WAS OBSERVED.


RELATIVE HUMIDITY (PERCENT)
 HIGHEST    80           600 AM
 LOWEST     58           400 PM
 AVERAGE    69

..........................................................


THE SIOUX FALLS SD CLIMATE NORMALS FOR TOMORROW
                         NORMAL    RECORD    YEAR
 MAXIMUM TEMPERATURE (F)   75        96      1968
 MINIMUM TEMPERATURE (F)   52        36      1969


SUNRISE AND SUNSET
JUNE  2 2015..........SUNRISE   548 AM CDT   SUNSET   902 PM CDT
JUNE  3 2015..........SUNRISE   548 AM CDT   SUNSET   903 PM CDT


-  INDICATES NEGATIVE NUMBERS.
R  INDICATES RECORD WAS SET OR TIED.
MM INDICATES DATA IS MISSING.
T  INDICATES TRACE AMOUNT.




$$
