000
CDUS43 KFSD 152226
CLIFSD


CLIMATE REPORT
NATIONAL WEATHER SERVICE SIOUX FALLS SD
526 PM CDT FRI APR 15 2016


...................................

...THE SIOUX FALLS SD CLIMATE SUMMARY FOR APRIL 15 2016...
VALID TODAY AS OF 0500 PM LOCAL TIME.

CLIMATE NORMAL PERIOD 1981 TO 2010
CLIMATE RECORD PERIOD 1893 TO 2016


WEATHER ITEM   OBSERVED TIME   RECORD YEAR NORMAL DEPARTURE LAST
                VALUE   (LST)  VALUE       VALUE  FROM      YEAR
                                                  NORMAL
..................................................................
TEMPERATURE (F)
 TODAY
  MAXIMUM         73    359 PM  89    2002  59     14       65
  MINIMUM         53    615 AM  11    2014  34     19       46
  AVERAGE         63                        46     17       56

PRECIPITATION (IN)
  TODAY            T             1.28 2011   0.11  -0.11      T
  MONTH TO DATE    0.09                      1.44  -1.35     0.55
  SINCE MAR 1      2.18                      3.20  -1.02     0.88
  SINCE JAN 1      3.86                      4.36  -0.50     2.10

SNOWFALL (IN)
  TODAY            0.0           2.4  1953   0.1   -0.1      0.0
  MONTH TO DATE    T                         2.8   -2.8       T
  SINCE MAR 1     12.2                      11.2    1.0      1.7
  SINCE JUL 1     68.5                      42.7   25.8     31.9
  SNOW DEPTH       0

DEGREE DAYS
 HEATING
  TODAY            2                        19    -17        9
  MONTH TO DATE  291                       329    -38      231
  SINCE MAR 1   1055                      1324   -269     1051
  SINCE JUL 1   6091                      7174  -1083     6800

 COOLING
  TODAY            0                         0      0        0
  MONTH TO DATE    0                         0      0        4
  SINCE MAR 1      0                         0      0        4
  SINCE JAN 1      0                         0      0        4
..................................................................


WIND (MPH)
  HIGHEST WIND SPEED    29   HIGHEST WIND DIRECTION     S (170)
  HIGHEST GUST SPEED    38   HIGHEST GUST DIRECTION     S (180)
  AVERAGE WIND SPEED    19.8


SKY COVER
  POSSIBLE SUNSHINE  MM
  AVERAGE SKY COVER 0.6


WEATHER CONDITIONS
 THE FOLLOWING WEATHER WAS RECORDED TODAY.
  LIGHT RAIN


RELATIVE HUMIDITY (PERCENT)
 HIGHEST    55           700 AM
 LOWEST     38           100 PM
 AVERAGE    47

..........................................................


THE SIOUX FALLS SD CLIMATE NORMALS FOR TOMORROW
                         NORMAL    RECORD    YEAR
 MAXIMUM TEMPERATURE (F)   59        92      1964
 MINIMUM TEMPERATURE (F)   35        13      1904


SUNRISE AND SUNSET
APRIL 15 2016.........SUNRISE   643 AM CDT   SUNSET   811 PM CDT
APRIL 16 2016.........SUNRISE   642 AM CDT   SUNSET   812 PM CDT


-  INDICATES NEGATIVE NUMBERS.
R  INDICATES RECORD WAS SET OR TIED.
MM INDICATES DATA IS MISSING.
T  INDICATES TRACE AMOUNT.




$$
