000
CDUS43 KFSD 160642
CLIFSD


CLIMATE REPORT
NATIONAL WEATHER SERVICE SIOUX FALLS SD
142 AM CDT TUE SEP 16 2014


...................................

...THE SIOUX FALLS SD CLIMATE SUMMARY FOR SEPTEMBER 15 2014...

CLIMATE NORMAL PERIOD 1981 TO 2010
CLIMATE RECORD PERIOD 1893 TO 2014


WEATHER ITEM   OBSERVED TIME   RECORD YEAR NORMAL DEPARTURE LAST
                VALUE   (LST)  VALUE       VALUE  FROM      YEAR
                                                  NORMAL
..................................................................
TEMPERATURE (F)
 YESTERDAY
  MAXIMUM         64    209 PM  99    1955  74    -10       67
  MINIMUM         43   1152 PM  28    1916  50     -7       46
  AVERAGE         54                        62     -8       57

PRECIPITATION (IN)
  YESTERDAY        0.31          1.50 1988   0.09   0.22      T
  MONTH TO DATE    1.92                      1.44   0.48     0.21
  SINCE SEP 1      1.92                      1.44   0.48     0.21
  SINCE JAN 1     26.35                     20.83   5.52    20.63

SNOWFALL (IN)
  YESTERDAY        0.0           0.0    MM   0.0    0.0      0.0
  MONTH TO DATE    0.0                       0.0    0.0      0.0
  SINCE SEP 1      0.0                       0.0    0.0      0.0
  SINCE JUL 1      T                         0.0    0.0      0.0
  SNOW DEPTH       0

DEGREE DAYS
 HEATING
  YESTERDAY       11                         5      6        8
  MONTH TO DATE   94                        51     43       17
  SINCE SEP 1     94                        51     43       17
  SINCE JUL 1    112                        82     30       51

 COOLING
  YESTERDAY        0                         2     -2        0
  MONTH TO DATE   22                        46    -24       94
  SINCE SEP 1     22                        46    -24       94
  SINCE JAN 1    573                       671    -98      748
..................................................................


WIND (MPH)
  HIGHEST WIND SPEED    14   HIGHEST WIND DIRECTION     N (360)
  HIGHEST GUST SPEED    18   HIGHEST GUST DIRECTION     N (350)
  AVERAGE WIND SPEED     5.3


SKY COVER
  POSSIBLE SUNSHINE  MM
  AVERAGE SKY COVER 0.5


WEATHER CONDITIONS
 THE FOLLOWING WEATHER WAS RECORDED YESTERDAY.
  HEAVY RAIN
  RAIN
  LIGHT RAIN
  FOG


RELATIVE HUMIDITY (PERCENT)
 HIGHEST    93           200 AM
 LOWEST     43           500 PM
 AVERAGE    68

..........................................................


THE SIOUX FALLS SD CLIMATE NORMALS FOR TODAY
                         NORMAL    RECORD    YEAR
 MAXIMUM TEMPERATURE (F)   73        96      1955
 MINIMUM TEMPERATURE (F)   49        28      1903
                                             1893


SUNRISE AND SUNSET
SEPTEMBER 16 2014.....SUNRISE   707 AM CDT   SUNSET   735 PM CDT
SEPTEMBER 17 2014.....SUNRISE   709 AM CDT   SUNSET   733 PM CDT


-  INDICATES NEGATIVE NUMBERS.
R  INDICATES RECORD WAS SET OR TIED.
MM INDICATES DATA IS MISSING.
T  INDICATES TRACE AMOUNT.




$$
