000
CDUS43 KFSD 110624
CLIFSD


CLIMATE REPORT
NATIONAL WEATHER SERVICE SIOUX FALLS SD
1223 AM CST SAT FEB 11 2017


...................................

...THE SIOUX FALLS SD CLIMATE SUMMARY FOR FEBRUARY 10 2017...

CLIMATE NORMAL PERIOD 1981 TO 2010
CLIMATE RECORD PERIOD 1893 TO 2017


WEATHER ITEM   OBSERVED TIME   RECORD YEAR NORMAL DEPARTURE LAST
                VALUE   (LST)  VALUE       VALUE  FROM      YEAR
                                                  NORMAL
..................................................................
TEMPERATURE (F)
 YESTERDAY
  MAXIMUM         59R   319 PM  56    1977  30     29       21
  MINIMUM         22   1206 AM -35    1893  10     12       13
  AVERAGE         41                        20     21       17

PRECIPITATION (IN)
  YESTERDAY        0.00          0.48 1944   0.02  -0.02     0.08
  MONTH TO DATE    T                         0.18  -0.18     0.40
  SINCE DEC 1      2.54                      1.43   1.11     2.19
  SINCE JAN 1      0.62                      0.74  -0.12     0.88

SNOWFALL (IN)
  YESTERDAY        0.0           7.4  1959   0.2   -0.2      0.9
  MONTH TO DATE    T                         2.4   -2.4      5.5
  SINCE DEC 1     20.3                      18.3    2.0     31.5
  SINCE JUL 1     26.3                      27.0   -0.7     48.8
  SNOW DEPTH       T

DEGREE DAYS
 HEATING
  YESTERDAY       24                        45    -21       48
  MONTH TO DATE  432                       462    -30      424
  SINCE DEC 1   3178                      3382   -204     3086
  SINCE JUL 1   4313                      5094   -781     4360

 COOLING
  YESTERDAY        0                         0      0        0
  MONTH TO DATE    0                         0      0        0
  SINCE DEC 1      0                         0      0        0
  SINCE JAN 1      0                         0      0        0
..................................................................


WIND (MPH)
  HIGHEST WIND SPEED    22   HIGHEST WIND DIRECTION     S (180)
  HIGHEST GUST SPEED    27   HIGHEST GUST DIRECTION     S (170)
  AVERAGE WIND SPEED     6.8


SKY COVER
  POSSIBLE SUNSHINE  MM
  AVERAGE SKY COVER 0.6


WEATHER CONDITIONS
 THE FOLLOWING WEATHER WAS RECORDED YESTERDAY.
  NO SIGNIFICANT WEATHER WAS OBSERVED.


RELATIVE HUMIDITY (PERCENT)
 HIGHEST    92          1000 PM
 LOWEST     47           100 PM
 AVERAGE    70

..........................................................


THE SIOUX FALLS SD CLIMATE NORMALS FOR TODAY
                         NORMAL    RECORD    YEAR
 MAXIMUM TEMPERATURE (F)   30        61      1977
 MINIMUM TEMPERATURE (F)   10       -40      1899


SUNRISE AND SUNSET
FEBRUARY 11 2017......SUNRISE   731 AM CST   SUNSET   552 PM CST
FEBRUARY 12 2017......SUNRISE   729 AM CST   SUNSET   554 PM CST


-  INDICATES NEGATIVE NUMBERS.
R  INDICATES RECORD WAS SET OR TIED.
MM INDICATES DATA IS MISSING.
T  INDICATES TRACE AMOUNT.




$$
