000
CDUS43 KFSD 020622
CLIFSD


CLIMATE REPORT
NATIONAL WEATHER SERVICE SIOUX FALLS SD
1222 AM CST TUE JAN 2 2018


...................................

...THE SIOUX FALLS SD CLIMATE SUMMARY FOR JANUARY 1 2018...

CLIMATE NORMAL PERIOD 1981 TO 2010
CLIMATE RECORD PERIOD 1893 TO 2018


WEATHER ITEM   OBSERVED TIME   RECORD YEAR NORMAL DEPARTURE LAST
                VALUE   (LST)  VALUE       VALUE  FROM      YEAR
                                                  NORMAL
..................................................................
TEMPERATURE (F)
 YESTERDAY
  MAXIMUM         -7    353 PM  55    1998  26    -33       31
  MINIMUM        -24    652 AM -32    1974   7    -31       15
  AVERAGE        -15                        17    -32       23

PRECIPITATION (IN)
  YESTERDAY        0.00          1.59 1960   0.02  -0.02     0.04
  MONTH TO DATE    0.00                      0.02  -0.02     0.04
  SINCE DEC 1      0.68                      0.71  -0.03     1.96
  SINCE JAN 1      0.00                      0.02  -0.02     0.04

SNOWFALL (IN)
  YESTERDAY        0.0          11.3  1960   0.2   -0.2      0.6
  MONTH TO DATE    0.0                       0.2   -0.2      0.6
  SINCE DEC 1     10.4                       8.4    2.0     11.5
  SINCE JUL 1     10.6                      17.1   -6.5     17.5
  SNOW DEPTH       5

DEGREE DAYS
 HEATING
  YESTERDAY       80                        49     31       42
  MONTH TO DATE   80                        49     31       42
  SINCE DEC 1   1432                      1470    -38     1431
  SINCE JUL 1   2841                      3182   -341     2566

 COOLING
  YESTERDAY        0                         0      0        0
  MONTH TO DATE    0                         0      0        0
  SINCE DEC 1      0                         0      0        0
  SINCE JAN 1      0                         0      0        0
..................................................................


WIND (MPH)
  HIGHEST WIND SPEED     9   HIGHEST WIND DIRECTION     W (270)
  HIGHEST GUST SPEED    11   HIGHEST GUST DIRECTION     W (290)
  AVERAGE WIND SPEED     3.2


SKY COVER
  POSSIBLE SUNSHINE  MM
  AVERAGE SKY COVER 0.0


WEATHER CONDITIONS
 THE FOLLOWING WEATHER WAS RECORDED YESTERDAY.
  NO SIGNIFICANT WEATHER WAS OBSERVED.


RELATIVE HUMIDITY (PERCENT)
 HIGHEST    91           700 PM
 LOWEST     64           100 PM
 AVERAGE    78

..........................................................


THE SIOUX FALLS SD CLIMATE NORMALS FOR TODAY
                         NORMAL    RECORD    YEAR
 MAXIMUM TEMPERATURE (F)   26        54      2004
                                             1964
 MINIMUM TEMPERATURE (F)    7       -30      2010


SUNRISE AND SUNSET
JANUARY  2 2018.......SUNRISE   800 AM CST   SUNSET   502 PM CST
JANUARY  3 2018.......SUNRISE   800 AM CST   SUNSET   503 PM CST


-  INDICATES NEGATIVE NUMBERS.
R  INDICATES RECORD WAS SET OR TIED.
MM INDICATES DATA IS MISSING.
T  INDICATES TRACE AMOUNT.




$$
