000
CDUS43 KFSD 300639
CLIFSD


CLIMATE REPORT
NATIONAL WEATHER SERVICE SIOUX FALLS SD
1239 AM CST SAT JAN 30 2016


...................................

...THE SIOUX FALLS SD CLIMATE SUMMARY FOR JANUARY 29 2016...

CLIMATE NORMAL PERIOD 1981 TO 2010
CLIMATE RECORD PERIOD 1893 TO 2016


WEATHER ITEM   OBSERVED TIME   RECORD YEAR NORMAL DEPARTURE LAST
                VALUE   (LST)  VALUE       VALUE  FROM      YEAR
                                                  NORMAL
..................................................................
TEMPERATURE (F)
 YESTERDAY
  MAXIMUM         40    520 PM  62    1931  27     13       34
  MINIMUM         30    823 AM -29    1966   8     22       21
  AVERAGE         35                        18     17       28

PRECIPITATION (IN)
  YESTERDAY        0.00          0.90 1922   0.02  -0.02      T
  MONTH TO DATE    0.48                      0.52  -0.04     0.57
  SINCE DEC 1      1.79                      1.21   0.58     1.90
  SINCE JAN 1      0.48                      0.52  -0.04     0.57

SNOWFALL (IN)
  YESTERDAY        0.0           6.0  1922   0.3   -0.3      0.0
  MONTH TO DATE    6.9                       7.2   -0.3      6.6
  SINCE DEC 1     26.0                      15.4   10.6     12.5
  SINCE JUL 1     43.3                      24.1   19.2     20.8
  SNOW DEPTH       4

DEGREE DAYS
 HEATING
  YESTERDAY       30                        48    -18       37
  MONTH TO DATE 1402                      1410     -8     1290
  SINCE DEC 1   2596                      2831   -235     2539
  SINCE JUL 1   3870                      4543   -673     4295

 COOLING
  YESTERDAY        0                         0      0        0
  MONTH TO DATE    0                         0      0        0
  SINCE DEC 1      0                         0      0        0
  SINCE JAN 1      0                         0      0        0
..................................................................


WIND (MPH)
  HIGHEST WIND SPEED    18   HIGHEST WIND DIRECTION     S (160)
  HIGHEST GUST SPEED    22   HIGHEST GUST DIRECTION    SE (150)
  AVERAGE WIND SPEED    10.1


SKY COVER
  POSSIBLE SUNSHINE  MM
  AVERAGE SKY COVER 0.3


WEATHER CONDITIONS
 THE FOLLOWING WEATHER WAS RECORDED YESTERDAY.
  NO SIGNIFICANT WEATHER WAS OBSERVED.


RELATIVE HUMIDITY (PERCENT)
 HIGHEST    85          1200 AM
 LOWEST     70           100 PM
 AVERAGE    78

..........................................................


THE SIOUX FALLS SD CLIMATE NORMALS FOR TODAY
                         NORMAL    RECORD    YEAR
 MAXIMUM TEMPERATURE (F)   28        58      1989
 MINIMUM TEMPERATURE (F)    8       -27      1899


SUNRISE AND SUNSET
JANUARY 30 2016.......SUNRISE   746 AM CST   SUNSET   535 PM CST
JANUARY 31 2016.......SUNRISE   745 AM CST   SUNSET   536 PM CST


-  INDICATES NEGATIVE NUMBERS.
R  INDICATES RECORD WAS SET OR TIED.
MM INDICATES DATA IS MISSING.
T  INDICATES TRACE AMOUNT.




$$
