000
CDUS43 KFSD 120624
CLIFSD


CLIMATE REPORT
NATIONAL WEATHER SERVICE SIOUX FALLS SD
1223 AM CST SUN NOV 12 2017


...................................

...THE SIOUX FALLS SD CLIMATE SUMMARY FOR NOVEMBER 11 2017...

CLIMATE NORMAL PERIOD 1981 TO 2010
CLIMATE RECORD PERIOD 1893 TO 2017


WEATHER ITEM   OBSERVED TIME   RECORD YEAR NORMAL DEPARTURE LAST
                VALUE   (LST)  VALUE       VALUE  FROM      YEAR
                                                  NORMAL
..................................................................
TEMPERATURE (F)
 YESTERDAY
  MAXIMUM         50    334 PM  70    2005  45      5       52
  MINIMUM         28   1056 PM  -5    1986  25      3       30
                                      1896
  AVERAGE         39                        35      4       41

PRECIPITATION (IN)
  YESTERDAY        0.00          1.79 1915   0.05  -0.05     0.00
  MONTH TO DATE    0.03                      0.50  -0.47     0.02
  SINCE SEP 1      6.93                      5.44   1.49    10.66
  SINCE JAN 1     24.52                     24.83  -0.31    28.52

SNOWFALL (IN)
  YESTERDAY        0.0           4.0  1982   0.2   -0.2      0.0
  MONTH TO DATE    0.2                       1.8   -1.6      0.0
  SINCE SEP 1      0.2                       3.1   -2.9       T
  SINCE JUL 1      0.2                       3.1   -2.9       T
  SNOW DEPTH       0

DEGREE DAYS
 HEATING
  YESTERDAY       26                        30     -4       24
  MONTH TO DATE  347                       296     51      152
  SINCE SEP 1    884                      1005   -121      605
  SINCE JUL 1    890                      1036   -146      613

 COOLING
  YESTERDAY        0                         0      0        0
  MONTH TO DATE    0                         0      0        0
  SINCE SEP 1    102                        65     37       99
  SINCE JAN 1    776                       690     86      879
..................................................................


WIND (MPH)
  HIGHEST WIND SPEED    15   HIGHEST WIND DIRECTION     S (180)
  HIGHEST GUST SPEED    20   HIGHEST GUST DIRECTION     S (180)
  AVERAGE WIND SPEED     5.6


SKY COVER
  POSSIBLE SUNSHINE  MM
  AVERAGE SKY COVER 0.4


WEATHER CONDITIONS
 THE FOLLOWING WEATHER WAS RECORDED YESTERDAY.
  NO SIGNIFICANT WEATHER WAS OBSERVED.


RELATIVE HUMIDITY (PERCENT)
 HIGHEST    85          1100 PM
 LOWEST     46           200 PM
 AVERAGE    66

..........................................................


THE SIOUX FALLS SD CLIMATE NORMALS FOR TODAY
                         NORMAL    RECORD    YEAR
 MAXIMUM TEMPERATURE (F)   45        68      2001
                                             1999
 MINIMUM TEMPERATURE (F)   25        -6      1911


SUNRISE AND SUNSET
NOVEMBER 12 2017......SUNRISE   717 AM CST   SUNSET   504 PM CST
NOVEMBER 13 2017......SUNRISE   719 AM CST   SUNSET   503 PM CST


-  INDICATES NEGATIVE NUMBERS.
R  INDICATES RECORD WAS SET OR TIED.
MM INDICATES DATA IS MISSING.
T  INDICATES TRACE AMOUNT.




$$
