000
CDUS43 KFSD 080658
CLIFSD


CLIMATE REPORT
NATIONAL WEATHER SERVICE SIOUX FALLS SD
1256 AM CST SUN JAN 8 2017


...................................

...THE SIOUX FALLS SD CLIMATE SUMMARY FOR JANUARY 7 2017...

CLIMATE NORMAL PERIOD 1981 TO 2010
CLIMATE RECORD PERIOD 1893 TO 2017


WEATHER ITEM   OBSERVED TIME   RECORD YEAR NORMAL DEPARTURE LAST
                VALUE   (LST)  VALUE       VALUE  FROM      YEAR
                                                  NORMAL
..................................................................
TEMPERATURE (F)
 YESTERDAY
  MAXIMUM         12    350 PM  56    2003  26    -14       34
  MINIMUM          0    800 AM -30    1912   7     -7       32
  AVERAGE          6                        16    -10       33

PRECIPITATION (IN)
  YESTERDAY        0.00          0.37 1992   0.03  -0.03     0.01
  MONTH TO DATE    0.06                      0.14  -0.08     0.01
  SINCE DEC 1      1.98                      0.83   1.15     1.32
  SINCE JAN 1      0.06                      0.14  -0.08     0.01

SNOWFALL (IN)
  YESTERDAY        0.0           2.9  1967   0.2   -0.2      0.2
  MONTH TO DATE    0.6                       1.7   -1.1      0.2
  SINCE DEC 1     11.5                       9.9    1.6     19.3
  SINCE JUL 1     17.5                      18.6   -1.1     36.6
  SNOW DEPTH       T

DEGREE DAYS
 HEATING
  YESTERDAY       59                        49     10       32
  MONTH TO DATE  384                       343     41      300
  SINCE DEC 1   1773                      1764      9     1494
  SINCE JUL 1   2908                      3476   -568     2768

 COOLING
  YESTERDAY        0                         0      0        0
  MONTH TO DATE    0                         0      0        0
  SINCE DEC 1      0                         0      0        0
  SINCE JAN 1      0                         0      0        0
..................................................................


WIND (MPH)
  HIGHEST WIND SPEED    12   HIGHEST WIND DIRECTION     N (350)
  HIGHEST GUST SPEED    15   HIGHEST GUST DIRECTION    NW (330)
  AVERAGE WIND SPEED     5.7


SKY COVER
  POSSIBLE SUNSHINE  MM
  AVERAGE SKY COVER 0.1


WEATHER CONDITIONS
 THE FOLLOWING WEATHER WAS RECORDED YESTERDAY.
  NO SIGNIFICANT WEATHER WAS OBSERVED.


RELATIVE HUMIDITY (PERCENT)
 HIGHEST    91           400 AM
 LOWEST     61           300 PM
 AVERAGE    76

..........................................................


THE SIOUX FALLS SD CLIMATE NORMALS FOR TODAY
                         NORMAL    RECORD    YEAR
 MAXIMUM TEMPERATURE (F)   26        57      2003
                                             2002
 MINIMUM TEMPERATURE (F)    7       -24      1894


SUNRISE AND SUNSET
JANUARY  8 2017.......SUNRISE   800 AM CST   SUNSET   508 PM CST
JANUARY  9 2017.......SUNRISE   759 AM CST   SUNSET   509 PM CST


-  INDICATES NEGATIVE NUMBERS.
R  INDICATES RECORD WAS SET OR TIED.
MM INDICATES DATA IS MISSING.
T  INDICATES TRACE AMOUNT.




$$
