000
CDUS43 KFSD 140630
CLIFSD


CLIMATE REPORT
NATIONAL WEATHER SERVICE SIOUX FALLS SD
130 AM CDT SUN MAY 14 2017


...................................

...THE SIOUX FALLS SD CLIMATE SUMMARY FOR MAY 13 2017...

CLIMATE NORMAL PERIOD 1981 TO 2010
CLIMATE RECORD PERIOD 1893 TO 2017


WEATHER ITEM   OBSERVED TIME   RECORD YEAR NORMAL DEPARTURE LAST
                VALUE   (LST)  VALUE       VALUE  FROM      YEAR
                                                  NORMAL
..................................................................
TEMPERATURE (F)
 YESTERDAY
  MAXIMUM         80    325 PM  92    1987  69     11       48
  MINIMUM         52    502 AM  24    1997  45      7       37
  AVERAGE         66                        57      9       43

PRECIPITATION (IN)
  YESTERDAY        0.00          1.70 1957   0.11  -0.11     0.02
  MONTH TO DATE    0.56                      1.37  -0.81     0.65
  SINCE MAR 1      3.97                      6.14  -2.17     7.36
  SINCE JAN 1      5.08                      7.30  -2.22     9.04

SNOWFALL (IN)
  YESTERDAY        0.0          MM      MM   0.0    0.0      0.0
  MONTH TO DATE    2.2                       0.4    1.8      0.0
  SINCE MAR 1     11.5                      13.4   -1.9     12.2
  SINCE JUL 1     42.9                      44.9   -2.0     68.5
  SNOW DEPTH       0

DEGREE DAYS
 HEATING
  YESTERDAY        0                         9     -9       22
  MONTH TO DATE  106                       136    -30      123
  SINCE MAR 1   1490                      1693   -203     1369
  SINCE JUL 1   6296                      7543  -1247     6405

 COOLING
  YESTERDAY        1                         1      0        0
  MONTH TO DATE    6                         9     -3        6
  SINCE MAR 1      7                        14     -7        6
  SINCE JAN 1      7                        14     -7        6
..................................................................


WIND (MPH)
  HIGHEST WIND SPEED    26   HIGHEST WIND DIRECTION     S (170)
  HIGHEST GUST SPEED    34   HIGHEST GUST DIRECTION     S (170)
  AVERAGE WIND SPEED    13.2


SKY COVER
  POSSIBLE SUNSHINE  MM
  AVERAGE SKY COVER 0.2


WEATHER CONDITIONS
 THE FOLLOWING WEATHER WAS RECORDED YESTERDAY.
  NO SIGNIFICANT WEATHER WAS OBSERVED.


RELATIVE HUMIDITY (PERCENT)
 HIGHEST    66           500 AM
 LOWEST     25           300 PM
 AVERAGE    46

..........................................................


THE SIOUX FALLS SD CLIMATE NORMALS FOR TODAY
                         NORMAL    RECORD    YEAR
 MAXIMUM TEMPERATURE (F)   69        96      1941
 MINIMUM TEMPERATURE (F)   46        29      1904


SUNRISE AND SUNSET
MAY 14 2017...........SUNRISE   603 AM CDT   SUNSET   844 PM CDT
MAY 15 2017...........SUNRISE   602 AM CDT   SUNSET   845 PM CDT


-  INDICATES NEGATIVE NUMBERS.
R  INDICATES RECORD WAS SET OR TIED.
MM INDICATES DATA IS MISSING.
T  INDICATES TRACE AMOUNT.




$$
