000
CDUS43 KFSD 150625
CLIFSD


CLIMATE REPORT
NATIONAL WEATHER SERVICE SIOUX FALLS SD
125 AM CDT WED OCT 15 2014


...................................

...THE SIOUX FALLS SD CLIMATE SUMMARY FOR OCTOBER 14 2014...

CLIMATE NORMAL PERIOD 1981 TO 2010
CLIMATE RECORD PERIOD 1893 TO 2014


WEATHER ITEM   OBSERVED TIME   RECORD YEAR NORMAL DEPARTURE LAST
                VALUE   (LST)  VALUE       VALUE  FROM      YEAR
                                                  NORMAL
..................................................................
TEMPERATURE (F)
 YESTERDAY
  MAXIMUM         65    303 PM  88    1958  61      4       52
  MINIMUM         35   1124 PM  19    1937  37     -2       44
  AVERAGE         50                        49      1       48

PRECIPITATION (IN)
  YESTERDAY        0.00          2.27 2013   0.08  -0.08     2.27
  MONTH TO DATE    0.36                      1.17  -0.81     2.52
  SINCE SEP 1      2.64                      3.94  -1.30     3.29
  SINCE JAN 1     27.07                     23.33   3.74    23.71

SNOWFALL (IN)
  YESTERDAY        0.0           0.4  1966   0.0    0.0      0.0
  MONTH TO DATE    0.0                       0.2   -0.2      0.0
  SINCE SEP 1      0.0                       0.2   -0.2      0.0
  SINCE JUL 1      T                         0.2   -0.2      0.0
  SNOW DEPTH       0

DEGREE DAYS
 HEATING
  YESTERDAY       15                        16     -1       17
  MONTH TO DATE  208                       193     15      126
  SINCE SEP 1    338                       366    -28      192
  SINCE JUL 1    356                       397    -41      226

 COOLING
  YESTERDAY        0                         0      0        0
  MONTH TO DATE    0                         0      0        3
  SINCE SEP 1     59                        60     -1      133
  SINCE JAN 1    610                       685    -75      787
..................................................................


WIND (MPH)
  HIGHEST WIND SPEED    22   HIGHEST WIND DIRECTION     N (360)
  HIGHEST GUST SPEED    28   HIGHEST GUST DIRECTION     N (10)
  AVERAGE WIND SPEED    10.0


SKY COVER
  POSSIBLE SUNSHINE  MM
  AVERAGE SKY COVER 0.2


WEATHER CONDITIONS
 THE FOLLOWING WEATHER WAS RECORDED YESTERDAY.
  HAZE


RELATIVE HUMIDITY (PERCENT)
 HIGHEST    85          1100 PM
 LOWEST     32           400 PM
 AVERAGE    59

..........................................................


THE SIOUX FALLS SD CLIMATE NORMALS FOR TODAY
                         NORMAL    RECORD    YEAR
 MAXIMUM TEMPERATURE (F)   60        92      1958
 MINIMUM TEMPERATURE (F)   36        23      1974
                                             1972
                                             1952


SUNRISE AND SUNSET
OCTOBER 15 2014.......SUNRISE   741 AM CDT   SUNSET   644 PM CDT
OCTOBER 16 2014.......SUNRISE   742 AM CDT   SUNSET   642 PM CDT


-  INDICATES NEGATIVE NUMBERS.
R  INDICATES RECORD WAS SET OR TIED.
MM INDICATES DATA IS MISSING.
T  INDICATES TRACE AMOUNT.




$$
