000
CDUS43 KFSD 150819
CLIFSD


CLIMATE REPORT
NATIONAL WEATHER SERVICE SIOUX FALLS SD
318 AM CDT FRI JUL 15 2016


...................................

...THE SIOUX FALLS SD CLIMATE SUMMARY FOR JULY 14 2016...

CLIMATE NORMAL PERIOD 1981 TO 2010
CLIMATE RECORD PERIOD 1893 TO 2016


WEATHER ITEM   OBSERVED TIME   RECORD YEAR NORMAL DEPARTURE LAST
                VALUE   (LST)  VALUE       VALUE  FROM      YEAR
                                                  NORMAL
..................................................................
TEMPERATURE (F)
 YESTERDAY
  MAXIMUM         81    226 PM 103    1936  84     -3       87
  MINIMUM         56   1149 PM  42    1967  62     -6       66
  AVERAGE         69                        73     -4       77

PRECIPITATION (IN)
  YESTERDAY        0.00          1.99 2011   0.09  -0.09     0.00
  MONTH TO DATE    0.66                      1.43  -0.77     1.98
  SINCE JUN 1      2.38                      5.35  -2.97     6.27
  SINCE JAN 1     13.88                     14.68  -0.80    12.82

SNOWFALL (IN)
  YESTERDAY        0.0           0.0    MM   0.0    0.0      0.0
  MONTH TO DATE    0.0                       0.0    0.0      0.0
  SINCE JUN 1      0.0                       0.0    0.0      0.0
  SINCE JUL 1      0.0                       0.0    0.0      0.0
  SNOW DEPTH       0

DEGREE DAYS
 HEATING
  YESTERDAY        0                         0      0        0
  MONTH TO DATE    4                         0      4        6
  SINCE JUN 1     13                        51    -38       15
  SINCE JUL 1      4                         0      4        6

 COOLING
  YESTERDAY        4                         9     -5       12
  MONTH TO DATE  106                       113     -7       88
  SINCE JUN 1    341                       248     93      227
  SINCE JAN 1    374                       284     90      249
..................................................................


WIND (MPH)
  HIGHEST WIND SPEED    28   HIGHEST WIND DIRECTION    NW (320)
  HIGHEST GUST SPEED    35   HIGHEST GUST DIRECTION    NW (310)
  AVERAGE WIND SPEED    12.5


SKY COVER
  POSSIBLE SUNSHINE  MM
  AVERAGE SKY COVER 0.2


WEATHER CONDITIONS
 THE FOLLOWING WEATHER WAS RECORDED YESTERDAY.
  NO SIGNIFICANT WEATHER WAS OBSERVED.


RELATIVE HUMIDITY (PERCENT)
 HIGHEST    86          1100 PM
 LOWEST     36           300 PM
 AVERAGE    61

..........................................................


THE SIOUX FALLS SD CLIMATE NORMALS FOR TODAY
                         NORMAL    RECORD    YEAR
 MAXIMUM TEMPERATURE (F)   84       103      1936
                                             1931
 MINIMUM TEMPERATURE (F)   62        45      1906


SUNRISE AND SUNSET
JULY 15 2016..........SUNRISE   600 AM CDT   SUNSET   905 PM CDT
JULY 16 2016..........SUNRISE   601 AM CDT   SUNSET   905 PM CDT


-  INDICATES NEGATIVE NUMBERS.
R  INDICATES RECORD WAS SET OR TIED.
MM INDICATES DATA IS MISSING.
T  INDICATES TRACE AMOUNT.




$$
