946
CDUS43 KFSD 280633
CLIFSD


CLIMATE REPORT
NATIONAL WEATHER SERVICE SIOUX FALLS SD
1231 AM CST MON NOV 28 2016


...................................

...THE SIOUX FALLS SD CLIMATE SUMMARY FOR NOVEMBER 27 2016...

CLIMATE NORMAL PERIOD 1981 TO 2010
CLIMATE RECORD PERIOD 1893 TO 2016


WEATHER ITEM   OBSERVED TIME   RECORD YEAR NORMAL DEPARTURE LAST
                VALUE   (LST)  VALUE       VALUE  FROM      YEAR
                                                  NORMAL
..................................................................
TEMPERATURE (F)
 YESTERDAY
  MAXIMUM         51   1155 PM  65    1963  35     16       28
  MINIMUM         22    338 AM  -8    1985  17      5       11
                                      1897
  AVERAGE         37                        26     11       20

PRECIPITATION (IN)
  YESTERDAY        0.66          0.94 1935   0.04   0.62     0.00
  MONTH TO DATE    1.56                      1.25   0.31     3.24
  SINCE SEP 1     12.20                      6.19   6.01     9.38
  SINCE JAN 1     30.06                     25.58   4.48    30.98

SNOWFALL (IN)
  YESTERDAY        0.0           9.6  1994   0.3   -0.3      0.0
  MONTH TO DATE    5.0                       6.5   -1.5      8.6
  SINCE SEP 1      5.0                       7.8   -2.8      8.6
  SINCE JUL 1      5.0                       7.8   -2.8      8.6
  SNOW DEPTH       0

DEGREE DAYS
 HEATING
  YESTERDAY       28                        39    -11       45
  MONTH TO DATE  586                       850   -264      678
  SINCE SEP 1   1039                      1559   -520     1117
  SINCE JUL 1   1047                      1590   -543     1157

 COOLING
  YESTERDAY        0                         0      0        0
  MONTH TO DATE    0                         0      0        0
  SINCE SEP 1     99                        65     34      140
  SINCE JAN 1    879                       690    189      715
..................................................................


WIND (MPH)
  HIGHEST WIND SPEED    29   HIGHEST WIND DIRECTION     E (110)
  HIGHEST GUST SPEED    37   HIGHEST GUST DIRECTION    SE (120)
  AVERAGE WIND SPEED    10.9


SKY COVER
  POSSIBLE SUNSHINE  MM
  AVERAGE SKY COVER 0.9


WEATHER CONDITIONS
 THE FOLLOWING WEATHER WAS RECORDED YESTERDAY.
  THUNDERSTORM
  HEAVY RAIN
  RAIN
  LIGHT RAIN
  FOG
  FOG W/VISIBILITY <= 1/4 MILE


RELATIVE HUMIDITY (PERCENT)
 HIGHEST   100           200 AM
 LOWEST     85          1200 PM
 AVERAGE    93

..........................................................


THE SIOUX FALLS SD CLIMATE NORMALS FOR TODAY
                         NORMAL    RECORD    YEAR
 MAXIMUM TEMPERATURE (F)   35        66      1941
 MINIMUM TEMPERATURE (F)   16       -11      1896


SUNRISE AND SUNSET
NOVEMBER 28 2016......SUNRISE   737 AM CST   SUNSET   452 PM CST
NOVEMBER 29 2016......SUNRISE   739 AM CST   SUNSET   452 PM CST


-  INDICATES NEGATIVE NUMBERS.
R  INDICATES RECORD WAS SET OR TIED.
MM INDICATES DATA IS MISSING.
T  INDICATES TRACE AMOUNT.




$$
