000
CDUS43 KFSD 270042
CLIFSD

CLIMATE REPORT
NATIONAL WEATHER SERVICE SIOUX FALLS SD
742 PM CDT SAT JUL 26 2014


...................................

...THE SIOUX FALLS SD CLIMATE SUMMARY FOR JULY 26 2014...
VALID AS OF 0700 PM LOCAL TIME.

CLIMATE NORMAL PERIOD 1981 TO 2010
CLIMATE RECORD PERIOD 1893 TO 2014


WEATHER ITEM   OBSERVED TIME   RECORD YEAR NORMAL DEPARTURE LAST
                VALUE   (LST)  VALUE       VALUE  FROM      YEAR
                                                  NORMAL
..................................................................
TEMPERATURE (F)
 TODAY
  MAXIMUM         84    329 PM 103    1975  84      0       72
  MINIMUM         70    533 AM  45    1971  62      8       51
  AVERAGE         77                        73      4       62

PRECIPITATION (IN)
  TODAY            0.15          1.39 1905   0.09   0.06     0.00
  MONTH TO DATE    0.80                      2.60  -1.80     0.59
  SINCE JUN 1     14.50                      6.52   7.98     4.87
  SINCE JAN 1     19.48                     15.85   3.63    17.18

SNOWFALL (IN)
  TODAY            0.0           0.0    MM   0.0    0.0      0.0
  MONTH TO DATE    T                         0.0    0.0      0.0
  SINCE JUN 1      T                         0.0    0.0      0.0
  SINCE JUL 1      T                         0.0    0.0      0.0
  SNOW DEPTH       0

DEGREE DAYS
 HEATING
  TODAY            0                         0      0        3
  MONTH TO DATE   13                         0     13        3
  SINCE JUN 1     45                        51     -6       72
  SINCE JUL 1     13                         0     13        3

 COOLING
  TODAY           12                         8      4        0
  MONTH TO DATE  169                       216    -47      239
  SINCE JUN 1    305                       351    -46      375
  SINCE JAN 1    358                       387    -29      417
..................................................................


WIND (MPH)
  HIGHEST WIND SPEED    15   HIGHEST WIND DIRECTION     S (180)
  HIGHEST GUST SPEED    19   HIGHEST GUST DIRECTION     S (200)
  AVERAGE WIND SPEED     6.9


SKY COVER
  POSSIBLE SUNSHINE  MM
  AVERAGE SKY COVER 0.6


WEATHER CONDITIONS
 THE FOLLOWING WEATHER WAS RECORDED TODAY.
  THUNDERSTORM
  HEAVY RAIN
  LIGHT RAIN
  FOG


RELATIVE HUMIDITY (PERCENT)
 HIGHEST    97           100 AM
 LOWEST     54           200 PM
 AVERAGE    76

..........................................................


THE SIOUX FALLS SD CLIMATE NORMALS FOR TOMORROW
                         NORMAL    RECORD    YEAR
 MAXIMUM TEMPERATURE (F)   84       105      1930
 MINIMUM TEMPERATURE (F)   62        47      2005


SUNRISE AND SUNSET
JULY 26 2014..........SUNRISE   610 AM CDT   SUNSET   856 PM CDT
JULY 27 2014..........SUNRISE   611 AM CDT   SUNSET   855 PM CDT


-  INDICATES NEGATIVE NUMBERS.
R  INDICATES RECORD WAS SET OR TIED.
MM INDICATES DATA IS MISSING.
T  INDICATES TRACE AMOUNT.




&&
.........................................................

ADDITIONAL WEATHER INFORMATION FOR TODAY
        TEMPERATURE / HUMIDITY
AT  4 AM      72    /    93%
AT  7 AM      71    /    90%
AT 10 AM      73    /    90%
AT  1 PM      76    /    73%
AT  4 PM      83    /    52%
AT  7 PM      81    /    58%

$$
