000
CDUS43 KFSD 082232
CLIFSD


CLIMATE REPORT
NATIONAL WEATHER SERVICE SIOUX FALLS SD
532 PM CDT SUN MAY 8 2016


...................................

...THE SIOUX FALLS SD CLIMATE SUMMARY FOR MAY 8 2016...
VALID TODAY AS OF 0500 PM LOCAL TIME.

CLIMATE NORMAL PERIOD 1981 TO 2010
CLIMATE RECORD PERIOD 1893 TO 2016


WEATHER ITEM   OBSERVED TIME   RECORD YEAR NORMAL DEPARTURE LAST
                VALUE   (LST)  VALUE       VALUE  FROM      YEAR
                                                  NORMAL
..................................................................
TEMPERATURE (F)
 TODAY
  MAXIMUM         72    349 PM  96    1934  68      4       58
  MINIMUM         45   1237 AM  26    1980  43      2       41
  AVERAGE         59                        56      3       50

PRECIPITATION (IN)
  TODAY            T             2.26 1965   0.11  -0.11      T
  MONTH TO DATE    0.06                      0.86  -0.80     0.23
  SINCE MAR 1      6.77                      5.63   1.14     1.56
  SINCE JAN 1      8.45                      6.79   1.66     2.78

SNOWFALL (IN)
  TODAY            0.0          MM      MM   0.0    0.0      0.0
  MONTH TO DATE    0.0                       0.3   -0.3      0.0
  SINCE MAR 1     12.2                      13.3   -1.1      1.7
  SINCE JUL 1     68.5                      44.8   23.7     31.9
  SNOW DEPTH       0

DEGREE DAYS
 HEATING
  TODAY            6                        10     -4       15
  MONTH TO DATE   75                        89    -14       35
  SINCE MAR 1   1321                      1646   -325     1286
  SINCE JUL 1   6357                      7496  -1139     7035

 COOLING
  TODAY            0                         1     -1        0
  MONTH TO DATE    6                         4      2        6
  SINCE MAR 1      6                         9     -3       10
  SINCE JAN 1      6                         9     -3       10
..................................................................


WIND (MPH)
  HIGHEST WIND SPEED    24   HIGHEST WIND DIRECTION     E (110)
  HIGHEST GUST SPEED    31   HIGHEST GUST DIRECTION     E (100)
  AVERAGE WIND SPEED     9.8


SKY COVER
  POSSIBLE SUNSHINE  MM
  AVERAGE SKY COVER 0.5


WEATHER CONDITIONS
 THE FOLLOWING WEATHER WAS RECORDED TODAY.
  LIGHT RAIN


RELATIVE HUMIDITY (PERCENT)
 HIGHEST    83           600 AM
 LOWEST     33           100 PM
 AVERAGE    58

..........................................................


THE SIOUX FALLS SD CLIMATE NORMALS FOR TOMORROW
                         NORMAL    RECORD    YEAR
 MAXIMUM TEMPERATURE (F)   68        94      1934
 MINIMUM TEMPERATURE (F)   44        25      1966


SUNRISE AND SUNSET
MAY  8 2016...........SUNRISE   610 AM CDT   SUNSET   838 PM CDT
MAY  9 2016...........SUNRISE   608 AM CDT   SUNSET   839 PM CDT


-  INDICATES NEGATIVE NUMBERS.
R  INDICATES RECORD WAS SET OR TIED.
MM INDICATES DATA IS MISSING.
T  INDICATES TRACE AMOUNT.




$$
