000
CDUS43 KFSD 140633
CLIFSD


CLIMATE REPORT
NATIONAL WEATHER SERVICE SIOUX FALLS SD
133 AM CDT THU SEP 14 2017


...................................

...THE SIOUX FALLS SD CLIMATE SUMMARY FOR SEPTEMBER 13 2017...

CLIMATE NORMAL PERIOD 1981 TO 2010
CLIMATE RECORD PERIOD 1893 TO 2017


WEATHER ITEM   OBSERVED TIME   RECORD YEAR NORMAL DEPARTURE LAST
                VALUE   (LST)  VALUE       VALUE  FROM      YEAR
                                                  NORMAL
..................................................................
TEMPERATURE (F)
 YESTERDAY
  MAXIMUM         86    336 PM  96    1939  74     12       61
  MINIMUM         64    643 AM  32    1902  51     13       47
                                      1899
  AVERAGE         75                        62     13       54

PRECIPITATION (IN)
  YESTERDAY        0.00          1.42 1938   0.09  -0.09     0.00
  MONTH TO DATE    0.17                      1.26  -1.09     2.71
  SINCE SEP 1      0.17                      1.26  -1.09     2.71
  SINCE JAN 1     17.76                     20.65  -2.89    20.57

SNOWFALL (IN)
  YESTERDAY        0.0           0.0    MM   0.0    0.0      0.0
  MONTH TO DATE    0.0                       0.0    0.0      0.0
  SINCE SEP 1      0.0                       0.0    0.0      0.0
  SINCE JUL 1      0.0                       0.0    0.0      0.0
  SNOW DEPTH       0

DEGREE DAYS
 HEATING
  YESTERDAY        0                         5     -5       11
  MONTH TO DATE   22                        41    -19       15
  SINCE SEP 1     22                        41    -19       15
  SINCE JUL 1     28                        72    -44       23

 COOLING
  YESTERDAY       10                         2      8        0
  MONTH TO DATE   48                        42      6       44
  SINCE SEP 1     48                        42      6       44
  SINCE JAN 1    722                       667     55      824
..................................................................


WIND (MPH)
  HIGHEST WIND SPEED    14   HIGHEST WIND DIRECTION     S (200)
  HIGHEST GUST SPEED    20   HIGHEST GUST DIRECTION    SW (210)
  AVERAGE WIND SPEED     7.5


SKY COVER
  POSSIBLE SUNSHINE  MM
  AVERAGE SKY COVER 0.4


WEATHER CONDITIONS
 THE FOLLOWING WEATHER WAS RECORDED YESTERDAY.
  NO SIGNIFICANT WEATHER WAS OBSERVED.


RELATIVE HUMIDITY (PERCENT)
 HIGHEST    81           500 AM
 LOWEST     55          1200 PM
 AVERAGE    68

..........................................................


THE SIOUX FALLS SD CLIMATE NORMALS FOR TODAY
                         NORMAL    RECORD    YEAR
 MAXIMUM TEMPERATURE (F)   74        97      1939
 MINIMUM TEMPERATURE (F)   50        33      1949


SUNRISE AND SUNSET
SEPTEMBER 14 2017.....SUNRISE   705 AM CDT   SUNSET   738 PM CDT
SEPTEMBER 15 2017.....SUNRISE   707 AM CDT   SUNSET   737 PM CDT


-  INDICATES NEGATIVE NUMBERS.
R  INDICATES RECORD WAS SET OR TIED.
MM INDICATES DATA IS MISSING.
T  INDICATES TRACE AMOUNT.




$$
