000
CDUS43 KFSD 080637
CLIFSD


CLIMATE REPORT
NATIONAL WEATHER SERVICE SIOUX FALLS SD
137 AM CDT SAT APR 8 2017


...................................

...THE SIOUX FALLS SD CLIMATE SUMMARY FOR APRIL 7 2017...

CLIMATE NORMAL PERIOD 1981 TO 2010
CLIMATE RECORD PERIOD 1893 TO 2017


WEATHER ITEM   OBSERVED TIME   RECORD YEAR NORMAL DEPARTURE LAST
                VALUE   (LST)  VALUE       VALUE  FROM      YEAR
                                                  NORMAL
..................................................................
TEMPERATURE (F)
 YESTERDAY
  MAXIMUM         67    432 PM  86    1988  54     13       47
  MINIMUM         30    207 AM  11    1936  31     -1       28
  AVERAGE         49                        43      6       38

PRECIPITATION (IN)
  YESTERDAY        0.00          1.79 2006   0.09  -0.09      T
  MONTH TO DATE    0.09                      0.62  -0.53     0.09
  SINCE MAR 1      0.63                      2.38  -1.75     2.18
  SINCE JAN 1      1.74                      3.54  -1.80     3.86

SNOWFALL (IN)
  YESTERDAY        0.0           5.3  2000   0.2   -0.2      0.0
  MONTH TO DATE    0.0                       1.4   -1.4       T
  SINCE MAR 1      8.0                       9.8   -1.8     12.2
  SINCE JUL 1     39.4                      41.3   -1.9     68.5
  SNOW DEPTH       0

DEGREE DAYS
 HEATING
  YESTERDAY       16                        22     -6       27
  MONTH TO DATE  111                       166    -55      155
  SINCE MAR 1   1021                      1161   -140      919
  SINCE JUL 1   5827                      7011  -1184     5955

 COOLING
  YESTERDAY        0                         0      0        0
  MONTH TO DATE    0                         0      0        0
  SINCE MAR 1      0                         0      0        0
  SINCE JAN 1      0                         0      0        0
..................................................................


WIND (MPH)
  HIGHEST WIND SPEED    33   HIGHEST WIND DIRECTION     S (190)
  HIGHEST GUST SPEED    46   HIGHEST GUST DIRECTION     S (190)
  AVERAGE WIND SPEED    17.2


SKY COVER
  POSSIBLE SUNSHINE  MM
  AVERAGE SKY COVER 0.5


WEATHER CONDITIONS
 THE FOLLOWING WEATHER WAS RECORDED YESTERDAY.
  NO SIGNIFICANT WEATHER WAS OBSERVED.


RELATIVE HUMIDITY (PERCENT)
 HIGHEST    85           200 AM
 LOWEST     32           200 PM
 AVERAGE    59

..........................................................


THE SIOUX FALLS SD CLIMATE NORMALS FOR TODAY
                         NORMAL    RECORD    YEAR
 MAXIMUM TEMPERATURE (F)   55        85      1988
 MINIMUM TEMPERATURE (F)   31         8      1997


SUNRISE AND SUNSET
APRIL  8 2017.........SUNRISE   656 AM CDT   SUNSET   802 PM CDT
APRIL  9 2017.........SUNRISE   654 AM CDT   SUNSET   804 PM CDT


-  INDICATES NEGATIVE NUMBERS.
R  INDICATES RECORD WAS SET OR TIED.
MM INDICATES DATA IS MISSING.
T  INDICATES TRACE AMOUNT.




$$
