000
CDUS43 KFSD 050636
CLIFSD


CLIMATE REPORT
NATIONAL WEATHER SERVICE SIOUX FALLS SD
1234 AM CST FRI JAN 5 2018


...................................

...THE SIOUX FALLS SD CLIMATE SUMMARY FOR JANUARY 4 2018...

CLIMATE NORMAL PERIOD 1981 TO 2010
CLIMATE RECORD PERIOD 1893 TO 2018


WEATHER ITEM   OBSERVED TIME   RECORD YEAR NORMAL DEPARTURE LAST
                VALUE   (LST)  VALUE       VALUE  FROM      YEAR
                                                  NORMAL
..................................................................
TEMPERATURE (F)
 YESTERDAY
  MAXIMUM         10   1112 PM  54    2012  26    -16        6
                                      1916
  MINIMUM         -3   1201 AM -26    1942   7    -10       -6
  AVERAGE          4                        16    -12        0

PRECIPITATION (IN)
  YESTERDAY        0.00          0.60 1897   0.02  -0.02     0.00
  MONTH TO DATE    T                         0.08  -0.08     0.06
  SINCE DEC 1      0.68                      0.77  -0.09     1.98
  SINCE JAN 1      T                         0.08  -0.08     0.06

SNOWFALL (IN)
  YESTERDAY        0.0           6.0  1897   0.3   -0.3      0.0
  MONTH TO DATE    T                         1.0   -1.0      0.6
  SINCE DEC 1     10.4                       9.2    1.2     11.5
  SINCE JUL 1     10.6                      17.9   -7.3     17.5
  SNOW DEPTH       4

DEGREE DAYS
 HEATING
  YESTERDAY       61                        49     12       65
  MONTH TO DATE  268                       196     72      200
  SINCE DEC 1   1620                      1617      3     1589
  SINCE JUL 1   3029                      3329   -300     2724

 COOLING
  YESTERDAY        0                         0      0        0
  MONTH TO DATE    0                         0      0        0
  SINCE DEC 1      0                         0      0        0
  SINCE JAN 1      0                         0      0        0
..................................................................


WIND (MPH)
  HIGHEST WIND SPEED    14   HIGHEST WIND DIRECTION     E (110)
  HIGHEST GUST SPEED    16   HIGHEST GUST DIRECTION     E (110)
  AVERAGE WIND SPEED     7.6


SKY COVER
  POSSIBLE SUNSHINE  MM
  AVERAGE SKY COVER 0.9


WEATHER CONDITIONS
 THE FOLLOWING WEATHER WAS RECORDED YESTERDAY.
  NO SIGNIFICANT WEATHER WAS OBSERVED.


RELATIVE HUMIDITY (PERCENT)
 HIGHEST    87          1200 AM
 LOWEST     69           100 PM
 AVERAGE    78

..........................................................


THE SIOUX FALLS SD CLIMATE NORMALS FOR TODAY
                         NORMAL    RECORD    YEAR
 MAXIMUM TEMPERATURE (F)   26        62      2012
 MINIMUM TEMPERATURE (F)    7       -29      1924


SUNRISE AND SUNSET
JANUARY  5 2018.......SUNRISE   800 AM CST   SUNSET   505 PM CST
JANUARY  6 2018.......SUNRISE   800 AM CST   SUNSET   506 PM CST


-  INDICATES NEGATIVE NUMBERS.
R  INDICATES RECORD WAS SET OR TIED.
MM INDICATES DATA IS MISSING.
T  INDICATES TRACE AMOUNT.




$$
