000
CDUS43 KFSD 090737
CLIFSD


CLIMATE REPORT
NATIONAL WEATHER SERVICE SIOUX FALLS SD
134 AM CST THU MAR 9 2017


...................................

...THE SIOUX FALLS SD CLIMATE SUMMARY FOR MARCH 8 2017...

CLIMATE NORMAL PERIOD 1981 TO 2010
CLIMATE RECORD PERIOD 1893 TO 2017


WEATHER ITEM   OBSERVED TIME   RECORD YEAR NORMAL DEPARTURE LAST
                VALUE   (LST)  VALUE       VALUE  FROM      YEAR
                                                  NORMAL
..................................................................
TEMPERATURE (F)
 YESTERDAY
  MAXIMUM         43    318 PM  67    1911  39      4       61
  MINIMUM         27    748 PM -15    1995  20      7       37
  AVERAGE         35                        29      6       49

PRECIPITATION (IN)
  YESTERDAY        0.00          1.30 1893   0.04  -0.04      T
  MONTH TO DATE    0.09                      0.29  -0.20     0.03
  SINCE MAR 1      0.09                      0.29  -0.20     0.03
  SINCE JAN 1      1.20                      1.45  -0.25     1.71

SNOWFALL (IN)
  YESTERDAY        0.0           9.3  1999   0.3   -0.3      0.0
  MONTH TO DATE    2.5                       2.5    0.0      0.3
  SINCE MAR 1      2.5                       2.5    0.0      0.3
  SINCE JUL 1     33.9                      34.0   -0.1     56.6
  SNOW DEPTH       0

DEGREE DAYS
 HEATING
  YESTERDAY       30                        36     -6       16
  MONTH TO DATE  230                       296    -66      236
  SINCE MAR 1    230                       296    -66      236
  SINCE JUL 1   5036                      6146  -1110     5272

 COOLING
  YESTERDAY        0                         0      0        0
  MONTH TO DATE    0                         0      0        0
  SINCE MAR 1      0                         0      0        0
  SINCE JAN 1      0                         0      0        0
..................................................................


WIND (MPH)
  HIGHEST WIND SPEED    29   HIGHEST WIND DIRECTION    NW (310)
  HIGHEST GUST SPEED    36   HIGHEST GUST DIRECTION    NW (310)
  AVERAGE WIND SPEED    14.4


SKY COVER
  POSSIBLE SUNSHINE  MM
  AVERAGE SKY COVER 0.3


WEATHER CONDITIONS
 THE FOLLOWING WEATHER WAS RECORDED YESTERDAY.
  NO SIGNIFICANT WEATHER WAS OBSERVED.


RELATIVE HUMIDITY (PERCENT)
 HIGHEST    69           900 PM
 LOWEST     30           200 PM
 AVERAGE    50

..........................................................


THE SIOUX FALLS SD CLIMATE NORMALS FOR TODAY
                         NORMAL    RECORD    YEAR
 MAXIMUM TEMPERATURE (F)   40        63      1967
 MINIMUM TEMPERATURE (F)   20       -14      1984


SUNRISE AND SUNSET
MARCH  9 2017.........SUNRISE   649 AM CST   SUNSET   626 PM CST
MARCH 10 2017.........SUNRISE   647 AM CST   SUNSET   627 PM CST


-  INDICATES NEGATIVE NUMBERS.
R  INDICATES RECORD WAS SET OR TIED.
MM INDICATES DATA IS MISSING.
T  INDICATES TRACE AMOUNT.




$$
