000
CDUS43 KFSD 070630
CLIFSD


CLIMATE REPORT
NATIONAL WEATHER SERVICE SIOUX FALLS SD
130 AM CDT WED JUN 7 2017


...................................

...THE SIOUX FALLS SD CLIMATE SUMMARY FOR JUNE 6 2017...

CLIMATE NORMAL PERIOD 1981 TO 2010
CLIMATE RECORD PERIOD 1893 TO 2017


WEATHER ITEM   OBSERVED TIME   RECORD YEAR NORMAL DEPARTURE LAST
                VALUE   (LST)  VALUE       VALUE  FROM      YEAR
                                                  NORMAL
..................................................................
TEMPERATURE (F)
 YESTERDAY
  MAXIMUM         88        MM 100    1933  76     12       74
  MINIMUM         60        MM  33    1897  53      7       54
  AVERAGE         74                        65      9       64

PRECIPITATION (IN)
  YESTERDAY        0.00          4.13 1896   0.13  -0.13     0.00
  MONTH TO DATE    0.00                      0.76  -0.76     0.38
  SINCE JUN 1      0.00                      0.76  -0.76     0.38
  SINCE JAN 1      7.75                     10.09  -2.34    11.88

SNOWFALL (IN)
  YESTERDAY        0.0           0.0    MM   0.0    0.0      0.0
  MONTH TO DATE    0.0                       0.0    0.0      0.0
  SINCE JUN 1      0.0                       0.0    0.0      0.0
  SINCE JUL 1     42.9                      44.5   -1.6     68.5
  SNOW DEPTH       0

DEGREE DAYS
 HEATING
  YESTERDAY        0                         3     -3        1
  MONTH TO DATE    3                        21    -18        7
  SINCE JUN 1      3                        21    -18        7
  SINCE JUL 1   6440                      7676  -1236     6502

 COOLING
  YESTERDAY        9                         3      6        0
  MONTH TO DATE   49                        14     35       10
  SINCE JUN 1     49                        14     35       10
  SINCE JAN 1     75                        50     25       43
..................................................................


WIND (MPH)
  HIGHEST WIND SPEED    15   HIGHEST WIND DIRECTION    SE (150)
  HIGHEST GUST SPEED    22   HIGHEST GUST DIRECTION    SE (150)
  AVERAGE WIND SPEED     7.1


SKY COVER
  POSSIBLE SUNSHINE  MM
  AVERAGE SKY COVER 0.6


WEATHER CONDITIONS
 THE FOLLOWING WEATHER WAS RECORDED YESTERDAY.
  NO SIGNIFICANT WEATHER WAS OBSERVED.


RELATIVE HUMIDITY (PERCENT)
 HIGHEST    73           600 AM
 LOWEST     34           300 PM
 AVERAGE    54

..........................................................


THE SIOUX FALLS SD CLIMATE NORMALS FOR TODAY
                         NORMAL    RECORD    YEAR
 MAXIMUM TEMPERATURE (F)   77        96      1981
 MINIMUM TEMPERATURE (F)   54        32      1901
                                             1897


SUNRISE AND SUNSET
JUNE  7 2017..........SUNRISE   546 AM CDT   SUNSET   906 PM CDT
JUNE  8 2017..........SUNRISE   546 AM CDT   SUNSET   907 PM CDT


-  INDICATES NEGATIVE NUMBERS.
R  INDICATES RECORD WAS SET OR TIED.
MM INDICATES DATA IS MISSING.
T  INDICATES TRACE AMOUNT.




$$
