000
CDUS43 KFSD 170651
CLIFSD


CLIMATE REPORT
NATIONAL WEATHER SERVICE SIOUX FALLS SD
151 AM CDT WED MAY 17 2017


...................................

...THE SIOUX FALLS SD CLIMATE SUMMARY FOR MAY 16 2017...

CLIMATE NORMAL PERIOD 1981 TO 2010
CLIMATE RECORD PERIOD 1893 TO 2017


WEATHER ITEM   OBSERVED TIME   RECORD YEAR NORMAL DEPARTURE LAST
                VALUE   (LST)  VALUE       VALUE  FROM      YEAR
                                                  NORMAL
..................................................................
TEMPERATURE (F)
 YESTERDAY
  MAXIMUM         82    336 PM  92    1934  70     12       67
  MINIMUM         63   1159 PM  23    2014  46     17       38
  AVERAGE         73                        58     15       53

PRECIPITATION (IN)
  YESTERDAY        0.20          1.85 1991   0.11   0.09      T
  MONTH TO DATE    1.31                      1.69  -0.38     0.65
  SINCE MAR 1      4.72                      6.46  -1.74     7.36
  SINCE JAN 1      5.83                      7.62  -1.79     9.04

SNOWFALL (IN)
  YESTERDAY        0.0           T    1916   0.0    0.0      0.0
  MONTH TO DATE    2.2                       0.4    1.8      0.0
  SINCE MAR 1     11.5                      13.4   -1.9     12.2
  SINCE JUL 1     42.9                      44.9   -2.0     68.5
  SNOW DEPTH       0

DEGREE DAYS
 HEATING
  YESTERDAY        0                         8     -8       12
  MONTH TO DATE  106                       160    -54      170
  SINCE MAR 1   1490                      1717   -227     1416
  SINCE JUL 1   6296                      7567  -1271     6452

 COOLING
  YESTERDAY        8                         1      7        0
  MONTH TO DATE   25                        12     13        6
  SINCE MAR 1     26                        17      9        6
  SINCE JAN 1     26                        17      9        6
..................................................................


WIND (MPH)
  HIGHEST WIND SPEED    24   HIGHEST WIND DIRECTION     S (200)
  HIGHEST GUST SPEED    32   HIGHEST GUST DIRECTION     S (190)
  AVERAGE WIND SPEED    10.2


SKY COVER
  POSSIBLE SUNSHINE  MM
  AVERAGE SKY COVER 0.6


WEATHER CONDITIONS
 THE FOLLOWING WEATHER WAS RECORDED YESTERDAY.
  THUNDERSTORM
  LIGHT RAIN
  FOG


RELATIVE HUMIDITY (PERCENT)
 HIGHEST    87          1200 AM
 LOWEST     48           600 PM
 AVERAGE    68

..........................................................


THE SIOUX FALLS SD CLIMATE NORMALS FOR TODAY
                         NORMAL    RECORD    YEAR
 MAXIMUM TEMPERATURE (F)   70        97      1934
 MINIMUM TEMPERATURE (F)   47        27      1930


SUNRISE AND SUNSET
MAY 17 2017...........SUNRISE   600 AM CDT   SUNSET   848 PM CDT
MAY 18 2017...........SUNRISE   559 AM CDT   SUNSET   849 PM CDT


-  INDICATES NEGATIVE NUMBERS.
R  INDICATES RECORD WAS SET OR TIED.
MM INDICATES DATA IS MISSING.
T  INDICATES TRACE AMOUNT.




$$
