000
CDUS43 KFSD 140658
CLIFSD


CLIMATE REPORT
NATIONAL WEATHER SERVICE SIOUX FALLS SD
158 AM CDT MON APR 14 2014


...................................

...THE SIOUX FALLS SD CLIMATE SUMMARY FOR APRIL 13 2014...

CLIMATE NORMAL PERIOD 1981 TO 2010
CLIMATE RECORD PERIOD 1893 TO 2014


WEATHER ITEM   OBSERVED TIME   RECORD YEAR NORMAL DEPARTURE LAST
                VALUE   (LST)  VALUE       VALUE  FROM      YEAR
                                                  NORMAL
..................................................................
TEMPERATURE (F)
 YESTERDAY
  MAXIMUM         48   1212 AM  87    2006  58    -10       34
                                      1908
  MINIMUM         27   1159 PM  11    1950  33     -6       22
  AVERAGE         38                        45     -7       28

PRECIPITATION (IN)
  YESTERDAY        T             1.84 1927   0.11  -0.11     0.02
  MONTH TO DATE    0.22                      1.23  -1.01     2.23
  SINCE MAR 1      0.93                      2.99  -2.06     3.11
  SINCE JAN 1      1.92                      4.15  -2.23     4.46

SNOWFALL (IN)
  YESTERDAY        T             3.7  1983   0.2   -0.2       T
  MONTH TO DATE    2.6                       2.5    0.1      7.2
  SINCE MAR 1     10.3                      10.9   -0.6      8.7
  SINCE JUL 1     44.5                      42.4    2.1     34.2
  SNOW DEPTH       0

DEGREE DAYS
 HEATING
  YESTERDAY       27                        20      7       37
  MONTH TO DATE  270                       291    -21      369
  SINCE MAR 1   1371                      1286     85     1522
  SINCE JUL 1   7718                      7136    582     7141

 COOLING
  YESTERDAY        0                         0      0        0
  MONTH TO DATE    0                         0      0        0
  SINCE MAR 1      0                         0      0        0
  SINCE JAN 1      0                         0      0        0
..................................................................


WIND (MPH)
  HIGHEST WIND SPEED    33   HIGHEST WIND DIRECTION     N (360)
  HIGHEST GUST SPEED    44   HIGHEST GUST DIRECTION     N (360)
  AVERAGE WIND SPEED    22.6


SKY COVER
  POSSIBLE SUNSHINE  MM
  AVERAGE SKY COVER 0.9


WEATHER CONDITIONS
 THE FOLLOWING WEATHER WAS RECORDED YESTERDAY.
  LIGHT SNOW


RELATIVE HUMIDITY (PERCENT)
 HIGHEST    89           100 AM
 LOWEST     52           600 PM
 AVERAGE    71

..........................................................


THE SIOUX FALLS SD CLIMATE NORMALS FOR TODAY
                         NORMAL    RECORD    YEAR
 MAXIMUM TEMPERATURE (F)   58        91      1954
 MINIMUM TEMPERATURE (F)   34        11      1928


SUNRISE AND SUNSET
APRIL 14 2014.........SUNRISE   646 AM CDT   SUNSET   809 PM CDT
APRIL 15 2014.........SUNRISE   644 AM CDT   SUNSET   810 PM CDT


-  INDICATES NEGATIVE NUMBERS.
R  INDICATES RECORD WAS SET OR TIED.
MM INDICATES DATA IS MISSING.
T  INDICATES TRACE AMOUNT.




$$
