000
CDUS43 KFSD 052229
CLIFSD


CLIMATE REPORT
NATIONAL WEATHER SERVICE SIOUX FALLS SD
428 PM CST MON FEB 5 2018


...................................

...THE SIOUX FALLS SD CLIMATE SUMMARY FOR FEBRUARY 5 2018...
VALID TODAY AS OF 0400 PM LOCAL TIME.

CLIMATE NORMAL PERIOD 1981 TO 2010
CLIMATE RECORD PERIOD 1893 TO 2018


WEATHER ITEM   OBSERVED TIME   RECORD YEAR NORMAL DEPARTURE LAST
                VALUE   (LST)  VALUE       VALUE  FROM      YEAR
                                                  NORMAL
..................................................................
TEMPERATURE (F)
 TODAY
  MAXIMUM         17    359 PM  59    1964  29    -12       27
                                      1963
  MINIMUM          2    220 AM -28    1899   9     -7       15
  AVERAGE         10                        19     -9       21

PRECIPITATION (IN)
  TODAY            0.14          1.10 1911   0.02   0.12     0.00
  MONTH TO DATE    0.14                      0.09   0.05      T
  SINCE DEC 1      1.20                      1.34  -0.14     2.54
  SINCE JAN 1      0.52                      0.65  -0.13     0.62

SNOWFALL (IN)
  TODAY            2.3           8.0  1915   0.3    2.0      0.0
  MONTH TO DATE    2.3                       1.3    1.0       T
  SINCE DEC 1     18.5                      17.2    1.3     20.3
  SINCE JUL 1     18.7                      25.9   -7.2     26.3
  SNOW DEPTH       T

DEGREE DAYS
 HEATING
  TODAY           55                        46      9       44
  MONTH TO DATE  254                       234     20      226
  SINCE DEC 1   3075                      3154    -79     2972
  SINCE JUL 1   4484                      4866   -382     4107

 COOLING
  TODAY            0                         0      0        0
  MONTH TO DATE    0                         0      0        0
  SINCE DEC 1      0                         0      0        0
  SINCE JAN 1      0                         0      0        0
..................................................................


WIND (MPH)
  HIGHEST WIND SPEED    22   HIGHEST WIND DIRECTION     N (340)
  HIGHEST GUST SPEED    25   HIGHEST GUST DIRECTION     N (360)
  AVERAGE WIND SPEED    11.3


SKY COVER
  POSSIBLE SUNSHINE  MM
  AVERAGE SKY COVER 0.7


WEATHER CONDITIONS
 THE FOLLOWING WEATHER WAS RECORDED TODAY.
  SNOW
  LIGHT SNOW
  FOG


RELATIVE HUMIDITY (PERCENT)
 HIGHEST    91           900 AM
 LOWEST     61           300 PM
 AVERAGE    76

..........................................................


THE SIOUX FALLS SD CLIMATE NORMALS FOR TOMORROW
                         NORMAL    RECORD    YEAR
 MAXIMUM TEMPERATURE (F)   29        55      1987
 MINIMUM TEMPERATURE (F)    9       -30      1899


SUNRISE AND SUNSET
FEBRUARY  5 2018......SUNRISE   739 AM CST   SUNSET   544 PM CST
FEBRUARY  6 2018......SUNRISE   737 AM CST   SUNSET   545 PM CST


-  INDICATES NEGATIVE NUMBERS.
R  INDICATES RECORD WAS SET OR TIED.
MM INDICATES DATA IS MISSING.
T  INDICATES TRACE AMOUNT.




$$
