000
CDUS43 KFSD 172226
CLIFSD


CLIMATE REPORT
NATIONAL WEATHER SERVICE SIOUX FALLS SD
426 PM CST MON NOV 17 2014


...................................

...THE SIOUX FALLS SD CLIMATE SUMMARY FOR NOVEMBER 17 2014...
VALID TODAY AS OF 0400 PM LOCAL TIME.

CLIMATE NORMAL PERIOD 1981 TO 2010
CLIMATE RECORD PERIOD 1893 TO 2014


WEATHER ITEM   OBSERVED TIME   RECORD YEAR NORMAL DEPARTURE LAST
                VALUE   (LST)  VALUE       VALUE  FROM      YEAR
                                                  NORMAL
..................................................................
TEMPERATURE (F)
 TODAY
  MAXIMUM         14   1200 AM  68    1953  42    -28       49
                                      1908
  MINIMUM          3    842 AM  -7    1959  22    -19       32
  AVERAGE          9                        32    -23       41

PRECIPITATION (IN)
  TODAY            0.00          0.80 1958   0.05  -0.05     0.00
  MONTH TO DATE    0.34                      0.79  -0.45     0.44
  SINCE SEP 1      3.29                      5.73  -2.44     4.22
  SINCE JAN 1     27.72                     25.12   2.60    24.64

SNOWFALL (IN)
  TODAY            0.0           4.0  1986   0.3   -0.3      0.0
  MONTH TO DATE    6.8                       3.4    3.4      6.8
  SINCE SEP 1      6.8                       4.7    2.1      7.2
  SINCE JUL 1      6.8                       4.7    2.1      7.2
  SNOW DEPTH       5

DEGREE DAYS
 HEATING
  TODAY           56                        33     23       24
  MONTH TO DATE  594                       486    108      483
  SINCE SEP 1   1174                      1195    -21     1084
  SINCE JUL 1   1192                      1226    -34     1118

 COOLING
  TODAY            0                         0      0        0
  MONTH TO DATE    0                         0      0        0
  SINCE SEP 1     59                        65     -6      133
  SINCE JAN 1    610                       690    -80      787
..................................................................


WIND (MPH)
  HIGHEST WIND SPEED    28   HIGHEST WIND DIRECTION    NW (310)
  HIGHEST GUST SPEED    36   HIGHEST GUST DIRECTION    NW (310)
  AVERAGE WIND SPEED    18.9


SKY COVER
  POSSIBLE SUNSHINE  MM
  AVERAGE SKY COVER 0.3


WEATHER CONDITIONS
 THE FOLLOWING WEATHER WAS RECORDED TODAY.
  NO SIGNIFICANT WEATHER WAS OBSERVED.


RELATIVE HUMIDITY (PERCENT)
 HIGHEST    MM
 LOWEST     MM
 AVERAGE    MM

..........................................................


THE SIOUX FALLS SD CLIMATE NORMALS FOR TOMORROW
                         NORMAL    RECORD    YEAR
 MAXIMUM TEMPERATURE (F)   41        71      1908
 MINIMUM TEMPERATURE (F)   21        -2      1927


SUNRISE AND SUNSET
NOVEMBER 17 2014......SUNRISE   723 AM CST   SUNSET   500 PM CST
NOVEMBER 18 2014......SUNRISE   725 AM CST   SUNSET   459 PM CST


-  INDICATES NEGATIVE NUMBERS.
R  INDICATES RECORD WAS SET OR TIED.
MM INDICATES DATA IS MISSING.
T  INDICATES TRACE AMOUNT.




$$
