000
CDUS43 KFSD 242226
CLIFSD


CLIMATE REPORT
NATIONAL WEATHER SERVICE SIOUX FALLS SD
523 PM CDT SUN SEP 24 2017


...................................

...THE SIOUX FALLS SD CLIMATE SUMMARY FOR SEPTEMBER 24 2017...
VALID TODAY AS OF 0500 PM LOCAL TIME.

CLIMATE NORMAL PERIOD 1981 TO 2010
CLIMATE RECORD PERIOD 1893 TO 2017


WEATHER ITEM   OBSERVED TIME   RECORD YEAR NORMAL DEPARTURE LAST
                VALUE   (LST)  VALUE       VALUE  FROM      YEAR
                                                  NORMAL
..................................................................
TEMPERATURE (F)
 TODAY
  MAXIMUM         81   1141 AM  89    1935  70     11       81
  MINIMUM         59    244 AM  27    1942  45     14       67
  AVERAGE         70                        58     12       74

PRECIPITATION (IN)
  TODAY            T             1.51 2015   0.10  -0.10     0.34
                                      2005
  MONTH TO DATE    0.62                      2.26  -1.64     7.55
  SINCE SEP 1      0.62                      2.26  -1.64     7.55
  SINCE JAN 1     18.21                     21.65  -3.44    25.41

SNOWFALL (IN)
  TODAY            0.0           0.0    MM   0.0    0.0      0.0
  MONTH TO DATE    0.0                       0.0    0.0      0.0
  SINCE SEP 1      0.0                       0.0    0.0      0.0
  SINCE JUL 1      0.0                       0.0    0.0      0.0
  SNOW DEPTH       0

DEGREE DAYS
 HEATING
  TODAY            0                         8     -8        0
  MONTH TO DATE   44                       114    -70       25
  SINCE SEP 1     44                       114    -70       25
  SINCE JUL 1     50                       145    -95       33

 COOLING
  TODAY            5                         1      4        9
  MONTH TO DATE   99                        57     42       97
  SINCE SEP 1     99                        57     42       97
  SINCE JAN 1    773                       682     91      877
..................................................................


WIND (MPH)
  HIGHEST WIND SPEED    22   HIGHEST WIND DIRECTION     W (280)
  HIGHEST GUST SPEED    29   HIGHEST GUST DIRECTION     W (290)
  AVERAGE WIND SPEED    11.4


SKY COVER
  POSSIBLE SUNSHINE  MM
  AVERAGE SKY COVER 0.9


WEATHER CONDITIONS
 THE FOLLOWING WEATHER WAS RECORDED TODAY.
  THUNDERSTORM
  LIGHT RAIN
  FOG


RELATIVE HUMIDITY (PERCENT)
 HIGHEST   100           200 AM
 LOWEST     67          1200 PM
 AVERAGE    84

..........................................................


THE SIOUX FALLS SD CLIMATE NORMALS FOR TOMORROW
                         NORMAL    RECORD    YEAR
 MAXIMUM TEMPERATURE (F)   69        92      1967
                                             1956
 MINIMUM TEMPERATURE (F)   45        19      1893


SUNRISE AND SUNSET
SEPTEMBER 24 2017.....SUNRISE   717 AM CDT   SUNSET   720 PM CDT
SEPTEMBER 25 2017.....SUNRISE   718 AM CDT   SUNSET   718 PM CDT


-  INDICATES NEGATIVE NUMBERS.
R  INDICATES RECORD WAS SET OR TIED.
MM INDICATES DATA IS MISSING.
T  INDICATES TRACE AMOUNT.




$$
