000
CDUS43 KFSD 060640
CLIFSD


CLIMATE REPORT
NATIONAL WEATHER SERVICE SIOUX FALLS SD
139 AM CDT THU JUL 6 2017


...................................

...THE SIOUX FALLS SD CLIMATE SUMMARY FOR JULY 5 2017...

CLIMATE NORMAL PERIOD 1981 TO 2010
CLIMATE RECORD PERIOD 1893 TO 2017


WEATHER ITEM   OBSERVED TIME   RECORD YEAR NORMAL DEPARTURE LAST
                VALUE   (LST)  VALUE       VALUE  FROM      YEAR
                                                  NORMAL
..................................................................
TEMPERATURE (F)
 YESTERDAY
  MAXIMUM         89    502 PM 109    1936  84      5       90
  MINIMUM         69    457 AM  39    1972  61      8       66
  AVERAGE         79                        73      6       78

PRECIPITATION (IN)
  YESTERDAY        0.00          2.29 1982   0.11  -0.11      T
  MONTH TO DATE    0.00                      0.53  -0.53      T
  SINCE JUN 1      3.29                      4.45  -1.16     1.72
  SINCE JAN 1     11.04                     13.78  -2.74    13.22

SNOWFALL (IN)
  YESTERDAY        0.0           0.0    MM   0.0    0.0      0.0
  MONTH TO DATE    0.0                       0.0    0.0      0.0
  SINCE JUN 1      0.0                       0.0    0.0      0.0
  SINCE JUL 1      0.0                       0.0    0.0      0.0
  SNOW DEPTH       0

DEGREE DAYS
 HEATING
  YESTERDAY        0                         0      0        0
  MONTH TO DATE    0                         0      0        4
  SINCE JUN 1     26                        51    -25       13
  SINCE JUL 1      0                         0      0        4

 COOLING
  YESTERDAY       14                         8      6       13
  MONTH TO DATE   40                        39      1       23
  SINCE JUN 1    239                       174     65      258
  SINCE JAN 1    265                       210     55      291
..................................................................


WIND (MPH)
  HIGHEST WIND SPEED    21   HIGHEST WIND DIRECTION     S (200)
  HIGHEST GUST SPEED    30   HIGHEST GUST DIRECTION     S (190)
  AVERAGE WIND SPEED    11.1


SKY COVER
  POSSIBLE SUNSHINE  MM
  AVERAGE SKY COVER 0.3


WEATHER CONDITIONS
 THE FOLLOWING WEATHER WAS RECORDED YESTERDAY.
  NO SIGNIFICANT WEATHER WAS OBSERVED.


RELATIVE HUMIDITY (PERCENT)
 HIGHEST    90           200 AM
 LOWEST     53           500 PM
 AVERAGE    72

..........................................................


THE SIOUX FALLS SD CLIMATE NORMALS FOR TODAY
                         NORMAL    RECORD    YEAR
 MAXIMUM TEMPERATURE (F)   84       105      1936
 MINIMUM TEMPERATURE (F)   62        46      1942


SUNRISE AND SUNSET
JULY  6 2017..........SUNRISE   553 AM CDT   SUNSET   910 PM CDT
JULY  7 2017..........SUNRISE   553 AM CDT   SUNSET   910 PM CDT


-  INDICATES NEGATIVE NUMBERS.
R  INDICATES RECORD WAS SET OR TIED.
MM INDICATES DATA IS MISSING.
T  INDICATES TRACE AMOUNT.




$$
