000
CDUS43 KFSD 200643
CLIFSD


CLIMATE REPORT
NATIONAL WEATHER SERVICE SIOUX FALLS SD
140 AM CDT SAT JUN 20 2015


...................................

...THE SIOUX FALLS SD CLIMATE SUMMARY FOR JUNE 19 2015...

CLIMATE NORMAL PERIOD 1981 TO 2010
CLIMATE RECORD PERIOD 1893 TO 2015


WEATHER ITEM   OBSERVED TIME   RECORD YEAR NORMAL DEPARTURE LAST
                VALUE   (LST)  VALUE       VALUE  FROM      YEAR
                                                  NORMAL
..................................................................
TEMPERATURE (F)
 YESTERDAY
  MAXIMUM         80    237 PM 105    1988  81     -1       82
  MINIMUM         53    524 AM  38    1976  58     -5       63
  AVERAGE         67                        69     -2       73

PRECIPITATION (IN)
  YESTERDAY        0.00          1.20 1946   0.13  -0.13     0.08
  MONTH TO DATE    2.87                      2.52   0.35    13.12
  SINCE JUN 1      2.87                      2.52   0.35    13.12
  SINCE JAN 1      9.42                     11.85  -2.43    18.10

SNOWFALL (IN)
  YESTERDAY        0.0           0.0    MM   0.0    0.0      0.0
  MONTH TO DATE    0.0                       0.0    0.0       T
  SINCE JUN 1      0.0                       0.0    0.0       T
  SINCE JUL 1     31.9                      44.5  -12.6     45.3
  SNOW DEPTH       0

DEGREE DAYS
 HEATING
  YESTERDAY        0                         1     -1        0
  MONTH TO DATE    9                        44    -35       32
  SINCE JUN 1      9                        44    -35       32
  SINCE JUL 1   7246                      7699   -453     8320

 COOLING
  YESTERDAY        2                         5     -3        8
  MONTH TO DATE   76                        65     11       59
  SINCE JUN 1     76                        65     11       59
  SINCE JAN 1     98                       101     -3      112
..................................................................


WIND (MPH)
  HIGHEST WIND SPEED    23   HIGHEST WIND DIRECTION     S (200)
  HIGHEST GUST SPEED    30   HIGHEST GUST DIRECTION     S (180)
  AVERAGE WIND SPEED    10.2


SKY COVER
  POSSIBLE SUNSHINE  MM
  AVERAGE SKY COVER 0.6


WEATHER CONDITIONS
 THE FOLLOWING WEATHER WAS RECORDED YESTERDAY.
  NO SIGNIFICANT WEATHER WAS OBSERVED.


RELATIVE HUMIDITY (PERCENT)
 HIGHEST    93          1200 AM
 LOWEST     45           200 PM
 AVERAGE    69

..........................................................


THE SIOUX FALLS SD CLIMATE NORMALS FOR TODAY
                         NORMAL    RECORD    YEAR
 MAXIMUM TEMPERATURE (F)   81       103      1988
 MINIMUM TEMPERATURE (F)   58        40      1969


SUNRISE AND SUNSET
JUNE 20 2015..........SUNRISE   546 AM CDT   SUNSET   911 PM CDT
JUNE 21 2015..........SUNRISE   546 AM CDT   SUNSET   912 PM CDT


-  INDICATES NEGATIVE NUMBERS.
R  INDICATES RECORD WAS SET OR TIED.
MM INDICATES DATA IS MISSING.
T  INDICATES TRACE AMOUNT.




$$
