000
CDUS43 KFSD 070624
CLIFSD


CLIMATE REPORT
NATIONAL WEATHER SERVICE SIOUX FALLS SD
122 AM CDT SUN MAY 7 2017


...................................

...THE SIOUX FALLS SD CLIMATE SUMMARY FOR MAY 6 2017...

CLIMATE NORMAL PERIOD 1981 TO 2010
CLIMATE RECORD PERIOD 1893 TO 2017


WEATHER ITEM   OBSERVED TIME   RECORD YEAR NORMAL DEPARTURE LAST
                VALUE   (LST)  VALUE       VALUE  FROM      YEAR
                                                  NORMAL
..................................................................
TEMPERATURE (F)
 YESTERDAY
  MAXIMUM         78    342 PM  89    1934  67     11       87
  MINIMUM         40    555 AM  25    1976  43     -3       55
                                      1931
  AVERAGE         59                        55      4       71

PRECIPITATION (IN)
  YESTERDAY        0.00          1.57 1900   0.11  -0.11      T
  MONTH TO DATE    0.54                      0.65  -0.11     0.06
  SINCE MAR 1      3.95                      5.42  -1.47     6.77
  SINCE JAN 1      5.06                      6.58  -1.52     8.45

SNOWFALL (IN)
  YESTERDAY        0.0           T    1942   0.1   -0.1      0.0
  MONTH TO DATE    2.2                       0.3    1.9      0.0
  SINCE MAR 1     11.5                      13.3   -1.8     12.2
  SINCE JUL 1     42.9                      44.8   -1.9     68.5
  SNOW DEPTH       0

DEGREE DAYS
 HEATING
  YESTERDAY        6                        11     -5        0
  MONTH TO DATE   76                        69      7       61
  SINCE MAR 1   1460                      1626   -166     1307
  SINCE JUL 1   6266                      7476  -1210     6343

 COOLING
  YESTERDAY        0                         1     -1        6
  MONTH TO DATE    0                         2     -2        6
  SINCE MAR 1      1                         7     -6        6
  SINCE JAN 1      1                         7     -6        6
..................................................................


WIND (MPH)
  HIGHEST WIND SPEED     9   HIGHEST WIND DIRECTION     E (90)
  HIGHEST GUST SPEED    12   HIGHEST GUST DIRECTION     E (100)
  AVERAGE WIND SPEED     1.9


SKY COVER
  POSSIBLE SUNSHINE  MM
  AVERAGE SKY COVER 0.1


WEATHER CONDITIONS
 THE FOLLOWING WEATHER WAS RECORDED YESTERDAY.
  NO SIGNIFICANT WEATHER WAS OBSERVED.


RELATIVE HUMIDITY (PERCENT)
 HIGHEST    89           500 AM
 LOWEST     24           400 PM
 AVERAGE    57

..........................................................


THE SIOUX FALLS SD CLIMATE NORMALS FOR TODAY
                         NORMAL    RECORD    YEAR
 MAXIMUM TEMPERATURE (F)   67        92      1916
 MINIMUM TEMPERATURE (F)   43        26      1991


SUNRISE AND SUNSET
MAY  7 2017...........SUNRISE   611 AM CDT   SUNSET   836 PM CDT
MAY  8 2017...........SUNRISE   610 AM CDT   SUNSET   838 PM CDT


-  INDICATES NEGATIVE NUMBERS.
R  INDICATES RECORD WAS SET OR TIED.
MM INDICATES DATA IS MISSING.
T  INDICATES TRACE AMOUNT.




$$
