000
CDUS43 KFSD 150715
CLIFSD


CLIMATE REPORT
NATIONAL WEATHER SERVICE SIOUX FALLS SD
114 AM CST TUE NOV 15 2016


...................................

...THE SIOUX FALLS SD CLIMATE SUMMARY FOR NOVEMBER 14 2016...

CLIMATE NORMAL PERIOD 1981 TO 2010
CLIMATE RECORD PERIOD 1893 TO 2016


WEATHER ITEM   OBSERVED TIME   RECORD YEAR NORMAL DEPARTURE LAST
                VALUE   (LST)  VALUE       VALUE  FROM      YEAR
                                                  NORMAL
..................................................................
TEMPERATURE (F)
 YESTERDAY
  MAXIMUM         56    340 PM  71    1953  43     13       61
  MINIMUM         33    659 AM -17    1959  24      9       35
  AVERAGE         45                        34     11       48

PRECIPITATION (IN)
  YESTERDAY        0.00          1.33 1926   0.05  -0.05     0.00
  MONTH TO DATE    0.02                      0.64  -0.62     0.46
  SINCE SEP 1     10.66                      5.58   5.08     6.60
  SINCE JAN 1     28.52                     24.97   3.55    28.20

SNOWFALL (IN)
  YESTERDAY        0.0           4.5  1947   0.2   -0.2      0.0
  MONTH TO DATE    0.0                       2.5   -2.5       T
  SINCE SEP 1      T                         3.8   -3.8       T
  SINCE JUL 1      T                         3.8   -3.8       T
  SNOW DEPTH       0

DEGREE DAYS
 HEATING
  YESTERDAY       20                        31    -11       17
  MONTH TO DATE  205                       388   -183      249
  SINCE SEP 1    658                      1097   -439      688
  SINCE JUL 1    666                      1128   -462      728

 COOLING
  YESTERDAY        0                         0      0        0
  MONTH TO DATE    0                         0      0        0
  SINCE SEP 1     99                        65     34      140
  SINCE JAN 1    879                       690    189      715
..................................................................


WIND (MPH)
  HIGHEST WIND SPEED    14   HIGHEST WIND DIRECTION     N (340)
  HIGHEST GUST SPEED    16   HIGHEST GUST DIRECTION     N (340)
  AVERAGE WIND SPEED     4.5


SKY COVER
  POSSIBLE SUNSHINE  MM
  AVERAGE SKY COVER 0.3


WEATHER CONDITIONS
 THE FOLLOWING WEATHER WAS RECORDED YESTERDAY.
  NO SIGNIFICANT WEATHER WAS OBSERVED.


RELATIVE HUMIDITY (PERCENT)
 HIGHEST   100           600 AM
 LOWEST     55           400 PM
 AVERAGE    78

..........................................................


THE SIOUX FALLS SD CLIMATE NORMALS FOR TODAY
                         NORMAL    RECORD    YEAR
 MAXIMUM TEMPERATURE (F)   43        75      1953
 MINIMUM TEMPERATURE (F)   23         0      1932


SUNRISE AND SUNSET
NOVEMBER 15 2016......SUNRISE   721 AM CST   SUNSET   501 PM CST
NOVEMBER 16 2016......SUNRISE   723 AM CST   SUNSET   500 PM CST


-  INDICATES NEGATIVE NUMBERS.
R  INDICATES RECORD WAS SET OR TIED.
MM INDICATES DATA IS MISSING.
T  INDICATES TRACE AMOUNT.




$$
