000
CDUS43 KFSD 312234
CLIFSD


CLIMATE REPORT
NATIONAL WEATHER SERVICE SIOUX FALLS SD
433 PM CST SAT DEC 31 2016


...................................

...THE SIOUX FALLS SD CLIMATE SUMMARY FOR DECEMBER 31 2016...
VALID TODAY AS OF 0400 PM LOCAL TIME.

CLIMATE NORMAL PERIOD 1981 TO 2010
CLIMATE RECORD PERIOD 1893 TO 2016


WEATHER ITEM   OBSERVED TIME   RECORD YEAR NORMAL DEPARTURE LAST
                VALUE   (LST)  VALUE       VALUE  FROM      YEAR
                                                  NORMAL
..................................................................
TEMPERATURE (F)
 TODAY
  MAXIMUM         34   1204 AM  54    1904  26      8       22
  MINIMUM         19    921 AM -26    1973   7     12       -4
  AVERAGE         27                        17     10        9

PRECIPITATION (IN)
  TODAY            0.00          0.23 2010   0.02  -0.02      T
  MONTH TO DATE    1.92                      0.69   1.23     1.31
  SINCE DEC 1      1.92                      0.69   1.23     1.31
  SINCE JAN 1     32.23                     26.38   5.85    32.94

SNOWFALL (IN)
  TODAY            0.0           4.2  1977   0.2   -0.2       T
  MONTH TO DATE   10.9                       8.2    2.7     19.1
  SINCE DEC 1     10.9                       8.2    2.7     19.1
  SINCE JUL 1     16.9                      16.9    0.0     36.4
  SNOW DEPTH       T

DEGREE DAYS
 HEATING
  TODAY           38                        48    -10       56
  MONTH TO DATE 1389                      1419    -30     1194
  SINCE DEC 1   1389                      1421    -32     1194
  SINCE JUL 1   2524                      3133   -609     2468

 COOLING
  TODAY            0                         0      0        0
  MONTH TO DATE    0                         0      0        0
  SINCE DEC 1      0                         0      0        0
  SINCE JAN 1    879                       690    189      715
..................................................................


WIND (MPH)
  HIGHEST WIND SPEED    28   HIGHEST WIND DIRECTION    NW (320)
  HIGHEST GUST SPEED    38   HIGHEST GUST DIRECTION    NW (310)
  AVERAGE WIND SPEED    14.9


SKY COVER
  POSSIBLE SUNSHINE  MM
  AVERAGE SKY COVER 0.8


WEATHER CONDITIONS
 THE FOLLOWING WEATHER WAS RECORDED TODAY.
  NO SIGNIFICANT WEATHER WAS OBSERVED.


RELATIVE HUMIDITY (PERCENT)
 HIGHEST    84           800 AM
 LOWEST     69           300 PM
 AVERAGE    77

..........................................................


THE SIOUX FALLS SD CLIMATE NORMALS FOR TOMORROW
                         NORMAL    RECORD    YEAR
 MAXIMUM TEMPERATURE (F)   26        55      1998
 MINIMUM TEMPERATURE (F)    7       -32      1974


SUNRISE AND SUNSET
DECEMBER 31 2016......SUNRISE   800 AM CST   SUNSET   501 PM CST
JANUARY  1 2017.......SUNRISE   800 AM CST   SUNSET   501 PM CST


-  INDICATES NEGATIVE NUMBERS.
R  INDICATES RECORD WAS SET OR TIED.
MM INDICATES DATA IS MISSING.
T  INDICATES TRACE AMOUNT.




$$
