000
CDUS43 KFSD 040636
CLIFSD


CLIMATE REPORT
NATIONAL WEATHER SERVICE SIOUX FALLS SD
136 AM CDT THU AUG 4 2016


...................................

...THE SIOUX FALLS SD CLIMATE SUMMARY FOR AUGUST 3 2016...

CLIMATE NORMAL PERIOD 1981 TO 2010
CLIMATE RECORD PERIOD 1893 TO 2016


WEATHER ITEM   OBSERVED TIME   RECORD YEAR NORMAL DEPARTURE LAST
                VALUE   (LST)  VALUE       VALUE  FROM      YEAR
                                                  NORMAL
..................................................................
TEMPERATURE (F)
 YESTERDAY
  MAXIMUM         87    430 PM 105    1930  83      4       82
  MINIMUM         66    523 AM  39    1894  62      4       56
  AVERAGE         77                        73      4       69

PRECIPITATION (IN)
  YESTERDAY        0.00          1.89 2004   0.11  -0.11     0.00
  MONTH TO DATE    0.01                      0.32  -0.31     0.00
  SINCE JUN 1      4.05                      7.33  -3.28     8.48
  SINCE JAN 1     15.55                     16.66  -1.11    15.03

SNOWFALL (IN)
  YESTERDAY        0.0           0.0    MM   0.0    0.0      0.0
  MONTH TO DATE    0.0                       0.0    0.0      0.0
  SINCE JUN 1      0.0                       0.0    0.0      0.0
  SINCE JUL 1      0.0                       0.0    0.0      0.0
  SNOW DEPTH       0

DEGREE DAYS
 HEATING
  YESTERDAY        0                         0      0        0
  MONTH TO DATE    0                         0      0        0
  SINCE JUN 1     14                        59    -45       15
  SINCE JUL 1      5                         8     -3        6

 COOLING
  YESTERDAY       12                         8      4        4
  MONTH TO DATE   37                        24     13       21
  SINCE JUN 1    548                       415    133      396
  SINCE JAN 1    581                       451    130      418
..................................................................


WIND (MPH)
  HIGHEST WIND SPEED    23   HIGHEST WIND DIRECTION    SE (150)
  HIGHEST GUST SPEED    28   HIGHEST GUST DIRECTION    SE (150)
  AVERAGE WIND SPEED    11.0


SKY COVER
  POSSIBLE SUNSHINE  MM
  AVERAGE SKY COVER 0.3


WEATHER CONDITIONS
 THE FOLLOWING WEATHER WAS RECORDED YESTERDAY.
  FOG


RELATIVE HUMIDITY (PERCENT)
 HIGHEST    97           100 AM
 LOWEST     59           200 PM
 AVERAGE    78

..........................................................


THE SIOUX FALLS SD CLIMATE NORMALS FOR TODAY
                         NORMAL    RECORD    YEAR
 MAXIMUM TEMPERATURE (F)   83       107      1934
 MINIMUM TEMPERATURE (F)   62        42      1894


SUNRISE AND SUNSET
AUGUST  4 2016........SUNRISE   620 AM CDT   SUNSET   845 PM CDT
AUGUST  5 2016........SUNRISE   621 AM CDT   SUNSET   844 PM CDT


-  INDICATES NEGATIVE NUMBERS.
R  INDICATES RECORD WAS SET OR TIED.
MM INDICATES DATA IS MISSING.
T  INDICATES TRACE AMOUNT.




$$
