248
CDUS43 KFSD 140631
CLIFSD


CLIMATE REPORT
NATIONAL WEATHER SERVICE SIOUX FALLS SD
129 AM CDT WED JUN 14 2017


...................................

...THE SIOUX FALLS SD CLIMATE SUMMARY FOR JUNE 13 2017...

CLIMATE NORMAL PERIOD 1981 TO 2010
CLIMATE RECORD PERIOD 1893 TO 2017


WEATHER ITEM   OBSERVED TIME   RECORD YEAR NORMAL DEPARTURE LAST
                VALUE   (LST)  VALUE       VALUE  FROM      YEAR
                                                  NORMAL
..................................................................
TEMPERATURE (F)
 YESTERDAY
  MAXIMUM         90    438 PM 101    1956  79     11       82
  MINIMUM         65    839 PM  33    1969  56      9       68
  AVERAGE         78                        67     11       75

PRECIPITATION (IN)
  YESTERDAY        0.39          1.53 1983   0.14   0.25     0.09
  MONTH TO DATE    1.36                      1.73  -0.37     0.56
  SINCE JUN 1      1.36                      1.73  -0.37     0.56
  SINCE JAN 1      9.11                     11.06  -1.95    12.06

SNOWFALL (IN)
  YESTERDAY        0.0           0.0    MM   0.0    0.0      0.0
  MONTH TO DATE    0.0                       0.0    0.0      0.0
  SINCE JUN 1      0.0                       0.0    0.0      0.0
  SINCE JUL 1     42.9                      44.5   -1.6     68.5
  SNOW DEPTH       0

DEGREE DAYS
 HEATING
  YESTERDAY        0                         2     -2        0
  MONTH TO DATE    3                        37    -34        9
  SINCE JUN 1      3                        37    -34        9
  SINCE JUL 1   6440                      7692  -1252     6504

 COOLING
  YESTERDAY       13                         4      9       10
  MONTH TO DATE  137                        38     99      104
  SINCE JUN 1    137                        38     99      104
  SINCE JAN 1    163                        74     89      137
..................................................................


WIND (MPH)
  HIGHEST WIND SPEED    31   HIGHEST WIND DIRECTION    NW (310)
  HIGHEST GUST SPEED    43   HIGHEST GUST DIRECTION     W (290)
  AVERAGE WIND SPEED    16.6


SKY COVER
  POSSIBLE SUNSHINE  MM
  AVERAGE SKY COVER 0.8


WEATHER CONDITIONS
 THE FOLLOWING WEATHER WAS RECORDED YESTERDAY.
  THUNDERSTORM
  LIGHT RAIN
  FOG


RELATIVE HUMIDITY (PERCENT)
 HIGHEST   100           900 PM
 LOWEST     56           400 PM
 AVERAGE    78

..........................................................


THE SIOUX FALLS SD CLIMATE NORMALS FOR TODAY
                         NORMAL    RECORD    YEAR
 MAXIMUM TEMPERATURE (F)   79        98      1994
 MINIMUM TEMPERATURE (F)   56        34      1969


SUNRISE AND SUNSET
JUNE 14 2017..........SUNRISE   545 AM CDT   SUNSET   910 PM CDT
JUNE 15 2017..........SUNRISE   545 AM CDT   SUNSET   910 PM CDT


-  INDICATES NEGATIVE NUMBERS.
R  INDICATES RECORD WAS SET OR TIED.
MM INDICATES DATA IS MISSING.
T  INDICATES TRACE AMOUNT.




$$
