000
CDUS43 KFSD 120635
CLIFSD


CLIMATE REPORT
NATIONAL WEATHER SERVICE SIOUX FALLS SD
1233 AM CST FRI DEC 12 2014


...................................

...THE SIOUX FALLS SD CLIMATE SUMMARY FOR DECEMBER 11 2014...

CLIMATE NORMAL PERIOD 1981 TO 2010
CLIMATE RECORD PERIOD 1893 TO 2014


WEATHER ITEM   OBSERVED TIME   RECORD YEAR NORMAL DEPARTURE LAST
                VALUE   (LST)  VALUE       VALUE  FROM      YEAR
                                                  NORMAL
..................................................................
TEMPERATURE (F)
 YESTERDAY
  MAXIMUM         36    747 PM  55    1974  29      7       11
  MINIMUM         29    535 AM -21    1917  11     18      -14
  AVERAGE         33                        20     13       -1

PRECIPITATION (IN)
  YESTERDAY        T             0.41 2010   0.02  -0.02     0.00
                                      1903
  MONTH TO DATE    T                         0.29  -0.29     0.81
  SINCE DEC 1      T                         0.29  -0.29     0.81
  SINCE JAN 1     27.94                     25.98   1.96    25.47

SNOWFALL (IN)
  YESTERDAY        0.0           7.6  2010   0.3   -0.3      0.0
  MONTH TO DATE    T                         3.1   -3.1      8.8
  SINCE DEC 1      T                         3.1   -3.1      8.8
  SINCE JUL 1      8.3                      11.8   -3.5     16.7
  SNOW DEPTH       0

DEGREE DAYS
 HEATING
  YESTERDAY       32                        45    -13       66
  MONTH TO DATE  422                       475    -53      596
  SINCE DEC 1    422                       475    -53      596
  SINCE JUL 1   2178                      2187     -9     2217

 COOLING
  YESTERDAY        0                         0      0        0
  MONTH TO DATE    0                         0      0        0
  SINCE DEC 1      0                         0      0        0
  SINCE JAN 1    610                       690    -80      787
..................................................................


WIND (MPH)
  HIGHEST WIND SPEED    MM   HIGHEST WIND DIRECTION    MM
  HIGHEST GUST SPEED    MM   HIGHEST GUST DIRECTION    MM
  AVERAGE WIND SPEED    12.1


SKY COVER
  POSSIBLE SUNSHINE  MM
  AVERAGE SKY COVER 1.0


WEATHER CONDITIONS
 THE FOLLOWING WEATHER WAS RECORDED YESTERDAY.
  LT FREEZING RAIN
  FOG


RELATIVE HUMIDITY (PERCENT)
 HIGHEST   100           300 AM
 LOWEST     82           300 PM
 AVERAGE    91

..........................................................


THE SIOUX FALLS SD CLIMATE NORMALS FOR TODAY
                         NORMAL    RECORD    YEAR
 MAXIMUM TEMPERATURE (F)   29        58      1913
 MINIMUM TEMPERATURE (F)   10       -22      1932


SUNRISE AND SUNSET
DECEMBER 12 2014......SUNRISE   751 AM CST   SUNSET   450 PM CST
DECEMBER 13 2014......SUNRISE   752 AM CST   SUNSET   451 PM CST


-  INDICATES NEGATIVE NUMBERS.
R  INDICATES RECORD WAS SET OR TIED.
MM INDICATES DATA IS MISSING.
T  INDICATES TRACE AMOUNT.




$$
