000
CDUS43 KFSD 090630
CLIFSD


CLIMATE REPORT
NATIONAL WEATHER SERVICE SIOUX FALLS SD
130 AM CDT SAT APR 9 2016


...................................

...THE SIOUX FALLS SD CLIMATE SUMMARY FOR APRIL 8 2016...

CLIMATE NORMAL PERIOD 1981 TO 2010
CLIMATE RECORD PERIOD 1893 TO 2016


WEATHER ITEM   OBSERVED TIME   RECORD YEAR NORMAL DEPARTURE LAST
                VALUE   (LST)  VALUE       VALUE  FROM      YEAR
                                                  NORMAL
..................................................................
TEMPERATURE (F)
 YESTERDAY
  MAXIMUM         43    226 PM  85    1988  55    -12       44
  MINIMUM         19   1159 PM   8    1997  31    -12       36
  AVERAGE         31                        43    -12       40

PRECIPITATION (IN)
  YESTERDAY        0.00          1.16 1999   0.10  -0.10     0.03
  MONTH TO DATE    0.09                      0.72  -0.63     0.34
  SINCE MAR 1      2.18                      2.48  -0.30     0.67
  SINCE JAN 1      3.86                      3.64   0.22     1.89

SNOWFALL (IN)
  YESTERDAY        0.0           2.6  1962   0.2   -0.2      0.0
  MONTH TO DATE    T                         1.6   -1.6       T
  SINCE MAR 1     12.2                      10.0    2.2      1.7
  SINCE JUL 1     68.5                      41.5   27.0     31.9
  SNOW DEPTH       0

DEGREE DAYS
 HEATING
  YESTERDAY       34                        22     12       25
  MONTH TO DATE  189                       188      1      144
  SINCE MAR 1    953                      1183   -230      964
  SINCE JUL 1   5989                      7033  -1044     6713

 COOLING
  YESTERDAY        0                         0      0        0
  MONTH TO DATE    0                         0      0        4
  SINCE MAR 1      0                         0      0        4
  SINCE JAN 1      0                         0      0        4
..................................................................


WIND (MPH)
  HIGHEST WIND SPEED    32   HIGHEST WIND DIRECTION     N (350)
  HIGHEST GUST SPEED    41   HIGHEST GUST DIRECTION     N (350)
  AVERAGE WIND SPEED    14.1


SKY COVER
  POSSIBLE SUNSHINE  MM
  AVERAGE SKY COVER 0.1


WEATHER CONDITIONS
 THE FOLLOWING WEATHER WAS RECORDED YESTERDAY.
  NO SIGNIFICANT WEATHER WAS OBSERVED.


RELATIVE HUMIDITY (PERCENT)
 HIGHEST    81           200 AM
 LOWEST     24           300 PM
 AVERAGE    53

..........................................................


THE SIOUX FALLS SD CLIMATE NORMALS FOR TODAY
                         NORMAL    RECORD    YEAR
 MAXIMUM TEMPERATURE (F)   56        88      1977
 MINIMUM TEMPERATURE (F)   32        10      1997


SUNRISE AND SUNSET
APRIL  9 2016.........SUNRISE   654 AM CDT   SUNSET   804 PM CDT
APRIL 10 2016.........SUNRISE   652 AM CDT   SUNSET   805 PM CDT


-  INDICATES NEGATIVE NUMBERS.
R  INDICATES RECORD WAS SET OR TIED.
MM INDICATES DATA IS MISSING.
T  INDICATES TRACE AMOUNT.




$$
