000
CDUS43 KFSD 042232
CLIFSD


CLIMATE REPORT
NATIONAL WEATHER SERVICE SIOUX FALLS SD
531 PM CDT THU AUG 4 2016


...................................

...THE SIOUX FALLS SD CLIMATE SUMMARY FOR AUGUST 4 2016...
VALID TODAY AS OF 0500 PM LOCAL TIME.

CLIMATE NORMAL PERIOD 1981 TO 2010
CLIMATE RECORD PERIOD 1893 TO 2016


WEATHER ITEM   OBSERVED TIME   RECORD YEAR NORMAL DEPARTURE LAST
                VALUE   (LST)  VALUE       VALUE  FROM      YEAR
                                                  NORMAL
..................................................................
TEMPERATURE (F)
 TODAY
  MAXIMUM         82   1132 AM 107    1934  83     -1       79
  MINIMUM         71    702 AM  42    1894  62      9       58
  AVERAGE         77                        72      5       69

PRECIPITATION (IN)
  TODAY            T             2.48 2007   0.10  -0.10     0.00
  MONTH TO DATE    0.01                      0.42  -0.41     0.00
  SINCE JUN 1      4.05                      7.43  -3.38     8.48
  SINCE JAN 1     15.55                     16.76  -1.21    15.03

SNOWFALL (IN)
  TODAY            0.0           0.0    MM   0.0    0.0      0.0
  MONTH TO DATE    0.0                       0.0    0.0      0.0
  SINCE JUN 1      0.0                       0.0    0.0      0.0
  SINCE JUL 1      0.0                       0.0    0.0      0.0
  SNOW DEPTH       0

DEGREE DAYS
 HEATING
  TODAY            0                         0      0        0
  MONTH TO DATE    0                         0      0        0
  SINCE JUN 1     14                        59    -45       15
  SINCE JUL 1      5                         8     -3        6

 COOLING
  TODAY           12                         8      4        4
  MONTH TO DATE   49                        32     17       25
  SINCE JUN 1    560                       423    137      400
  SINCE JAN 1    593                       459    134      422
..................................................................


WIND (MPH)
  HIGHEST WIND SPEED    25   HIGHEST WIND DIRECTION    NW (330)
  HIGHEST GUST SPEED    35   HIGHEST GUST DIRECTION    NW (330)
  AVERAGE WIND SPEED     9.4


SKY COVER
  POSSIBLE SUNSHINE  MM
  AVERAGE SKY COVER 0.6


WEATHER CONDITIONS
 THE FOLLOWING WEATHER WAS RECORDED TODAY.
  THUNDERSTORM
  LIGHT RAIN


RELATIVE HUMIDITY (PERCENT)
 HIGHEST    88          1200 AM
 LOWEST     42           400 PM
 AVERAGE    65

..........................................................


THE SIOUX FALLS SD CLIMATE NORMALS FOR TOMORROW
                         NORMAL    RECORD    YEAR
 MAXIMUM TEMPERATURE (F)   83        99      1968
                                             1934
 MINIMUM TEMPERATURE (F)   61        44      1908


SUNRISE AND SUNSET
AUGUST  4 2016........SUNRISE   620 AM CDT   SUNSET   845 PM CDT
AUGUST  5 2016........SUNRISE   621 AM CDT   SUNSET   844 PM CDT


-  INDICATES NEGATIVE NUMBERS.
R  INDICATES RECORD WAS SET OR TIED.
MM INDICATES DATA IS MISSING.
T  INDICATES TRACE AMOUNT.




$$
