000
CDUS43 KFSD 230658
CLIFSD


CLIMATE REPORT
NATIONAL WEATHER SERVICE SIOUX FALLS SD
158 AM CDT TUE JUN 23 2015


...................................

...THE SIOUX FALLS SD CLIMATE SUMMARY FOR JUNE 22 2015...

CLIMATE NORMAL PERIOD 1981 TO 2010
CLIMATE RECORD PERIOD 1893 TO 2015


WEATHER ITEM   OBSERVED TIME   RECORD YEAR NORMAL DEPARTURE LAST
                VALUE   (LST)  VALUE       VALUE  FROM      YEAR
                                                  NORMAL
..................................................................
TEMPERATURE (F)
 YESTERDAY
  MAXIMUM         79    130 PM  97    1911  81     -2       80
  MINIMUM         58   1151 PM  39    1972  59     -1       64
                                      1905
  AVERAGE         69                        70     -1       72

PRECIPITATION (IN)
  YESTERDAY        0.82          2.58 1994   0.13   0.69     0.05
  MONTH TO DATE    4.05                      2.91   1.14    13.44
  SINCE JUN 1      4.05                      2.91   1.14    13.44
  SINCE JAN 1     10.60                     12.24  -1.64    18.42

SNOWFALL (IN)
  YESTERDAY        0.0           0.0    MM   0.0    0.0      0.0
  MONTH TO DATE    0.0                       0.0    0.0       T
  SINCE JUN 1      0.0                       0.0    0.0       T
  SINCE JUL 1     31.9                      44.5  -12.6     45.3
  SNOW DEPTH       0

DEGREE DAYS
 HEATING
  YESTERDAY        0                         1     -1        0
  MONTH TO DATE    9                        47    -38       32
  SINCE JUN 1      9                        47    -38       32
  SINCE JUL 1   7246                      7702   -456     8320

 COOLING
  YESTERDAY        4                         6     -2        7
  MONTH TO DATE   98                        82     16       84
  SINCE JUN 1     98                        82     16       84
  SINCE JAN 1    120                       118      2      137
..................................................................


WIND (MPH)
  HIGHEST WIND SPEED    53   HIGHEST WIND DIRECTION     N (340)
  HIGHEST GUST SPEED    73   HIGHEST GUST DIRECTION     N (350)
  AVERAGE WIND SPEED    16.3


SKY COVER
  POSSIBLE SUNSHINE  MM
  AVERAGE SKY COVER 0.5


WEATHER CONDITIONS
 THE FOLLOWING WEATHER WAS RECORDED YESTERDAY.
  THUNDERSTORM
  HEAVY RAIN
  LIGHT RAIN
  FOG
  FOG W/VISIBILITY <= 1/4 MILE


RELATIVE HUMIDITY (PERCENT)
 HIGHEST    87           200 AM
 LOWEST     39           300 PM
 AVERAGE    63

..........................................................


THE SIOUX FALLS SD CLIMATE NORMALS FOR TODAY
                         NORMAL    RECORD    YEAR
 MAXIMUM TEMPERATURE (F)   82       102      1937
 MINIMUM TEMPERATURE (F)   59        43      1942


SUNRISE AND SUNSET
JUNE 23 2015..........SUNRISE   546 AM CDT   SUNSET   912 PM CDT
JUNE 24 2015..........SUNRISE   546 AM CDT   SUNSET   912 PM CDT


-  INDICATES NEGATIVE NUMBERS.
R  INDICATES RECORD WAS SET OR TIED.
MM INDICATES DATA IS MISSING.
T  INDICATES TRACE AMOUNT.




$$
