000
CDUS43 KFSD 062227
CLIFSD


CLIMATE REPORT
NATIONAL WEATHER SERVICE SIOUX FALLS SD
526 PM CDT THU APR 6 2017


...................................

...THE SIOUX FALLS SD CLIMATE SUMMARY FOR APRIL 6 2017...
VALID TODAY AS OF 0500 PM LOCAL TIME.

CLIMATE NORMAL PERIOD 1981 TO 2010
CLIMATE RECORD PERIOD 1893 TO 2017


WEATHER ITEM   OBSERVED TIME   RECORD YEAR NORMAL DEPARTURE LAST
                VALUE   (LST)  VALUE       VALUE  FROM      YEAR
                                                  NORMAL
..................................................................
TEMPERATURE (F)
 TODAY
  MAXIMUM         56    356 PM  88    1991  54      2       48
  MINIMUM         31    614 AM   5    1982  31      0       33
  AVERAGE         44                        42      2       41

PRECIPITATION (IN)
  TODAY            0.00          1.60 2006   0.09  -0.09     0.05
  MONTH TO DATE    0.09                      0.53  -0.44     0.09
  SINCE MAR 1      0.63                      2.29  -1.66     2.18
  SINCE JAN 1      1.74                      3.45  -1.71     3.86

SNOWFALL (IN)
  TODAY            0.0           6.0  1909   0.2   -0.2      0.0
  MONTH TO DATE    0.0                       1.2   -1.2       T
  SINCE MAR 1      8.0                       9.6   -1.6     12.2
  SINCE JUL 1     39.4                      41.1   -1.7     68.5
  SNOW DEPTH       0

DEGREE DAYS
 HEATING
  TODAY           21                        23     -2       24
  MONTH TO DATE   95                       144    -49      128
  SINCE MAR 1   1005                      1139   -134      892
  SINCE JUL 1   5811                      6989  -1178     5928

 COOLING
  TODAY            0                         0      0        0
  MONTH TO DATE    0                         0      0        0
  SINCE MAR 1      0                         0      0        0
  SINCE JAN 1      0                         0      0        0
..................................................................


WIND (MPH)
  HIGHEST WIND SPEED    17   HIGHEST WIND DIRECTION     N (350)
  HIGHEST GUST SPEED    23   HIGHEST GUST DIRECTION     N (360)
  AVERAGE WIND SPEED    11.4


SKY COVER
  POSSIBLE SUNSHINE  MM
  AVERAGE SKY COVER 0.1


WEATHER CONDITIONS
 THE FOLLOWING WEATHER WAS RECORDED TODAY.
  NO SIGNIFICANT WEATHER WAS OBSERVED.


RELATIVE HUMIDITY (PERCENT)
 HIGHEST    92           600 AM
 LOWEST     32           400 PM
 AVERAGE    62

..........................................................


THE SIOUX FALLS SD CLIMATE NORMALS FOR TOMORROW
                         NORMAL    RECORD    YEAR
 MAXIMUM TEMPERATURE (F)   54        86      1988
 MINIMUM TEMPERATURE (F)   31        11      1936


SUNRISE AND SUNSET
APRIL  6 2017.........SUNRISE   659 AM CDT   SUNSET   800 PM CDT
APRIL  7 2017.........SUNRISE   658 AM CDT   SUNSET   801 PM CDT


-  INDICATES NEGATIVE NUMBERS.
R  INDICATES RECORD WAS SET OR TIED.
MM INDICATES DATA IS MISSING.
T  INDICATES TRACE AMOUNT.




$$
