000
CDUS43 KFSD 240724
CLIFSD


CLIMATE REPORT
NATIONAL WEATHER SERVICE SIOUX FALLS SD
223 AM CDT THU JUL 24 2014


...................................

...THE SIOUX FALLS SD CLIMATE SUMMARY FOR JULY 23 2014...

CLIMATE NORMAL PERIOD 1981 TO 2010
CLIMATE RECORD PERIOD 1893 TO 2014


WEATHER ITEM   OBSERVED TIME   RECORD YEAR NORMAL DEPARTURE LAST
                VALUE   (LST)  VALUE       VALUE  FROM      YEAR
                                                  NORMAL
..................................................................
TEMPERATURE (F)
 YESTERDAY
  MAXIMUM         81    341 PM 105    1941  84     -3       76
  MINIMUM         57    444 AM  42    1904  62     -5       58
  AVERAGE         69                        73     -4       67

PRECIPITATION (IN)
  YESTERDAY        0.00          2.36 2001   0.10  -0.10     0.00
  MONTH TO DATE    0.46                      2.31  -1.85     0.59
  SINCE JUN 1     14.16                      6.23   7.93     4.87
  SINCE JAN 1     19.14                     15.56   3.58    17.18

SNOWFALL (IN)
  YESTERDAY        0.0           0.0    MM   0.0    0.0      0.0
  MONTH TO DATE    0.0                       0.0    0.0      0.0
  SINCE JUN 1      T                         0.0    0.0      0.0
  SINCE JUL 1      0.0                       0.0    0.0      0.0
  SNOW DEPTH       0

DEGREE DAYS
 HEATING
  YESTERDAY        0                         0      0        0
  MONTH TO DATE   13                         0     13        0
  SINCE JUN 1     45                        51     -6       69
  SINCE JUL 1     13                         0     13        0

 COOLING
  YESTERDAY        4                         8     -4        2
  MONTH TO DATE  141                       192    -51      226
  SINCE JUN 1    277                       327    -50      362
  SINCE JAN 1    330                       363    -33      404
..................................................................


WIND (MPH)
  HIGHEST WIND SPEED    14   HIGHEST WIND DIRECTION    NE (50)
  HIGHEST GUST SPEED    MM   HIGHEST GUST DIRECTION    MM
  AVERAGE WIND SPEED     6.7


SKY COVER
  POSSIBLE SUNSHINE  MM
  AVERAGE SKY COVER 0.3


WEATHER CONDITIONS
 THE FOLLOWING WEATHER WAS RECORDED YESTERDAY.
  NO SIGNIFICANT WEATHER WAS OBSERVED.


RELATIVE HUMIDITY (PERCENT)
 HIGHEST    87           400 AM
 LOWEST     42           100 PM
 AVERAGE    65

..........................................................


THE SIOUX FALLS SD CLIMATE NORMALS FOR TODAY
                         NORMAL    RECORD    YEAR
 MAXIMUM TEMPERATURE (F)   84       105      1940
 MINIMUM TEMPERATURE (F)   62        43      1904


SUNRISE AND SUNSET
JULY 24 2014..........SUNRISE   608 AM CDT   SUNSET   858 PM CDT
JULY 25 2014..........SUNRISE   609 AM CDT   SUNSET   857 PM CDT


-  INDICATES NEGATIVE NUMBERS.
R  INDICATES RECORD WAS SET OR TIED.
MM INDICATES DATA IS MISSING.
T  INDICATES TRACE AMOUNT.




$$
