000
CDUS43 KFSD 120635
CLIFSD


CLIMATE REPORT
NATIONAL WEATHER SERVICE SIOUX FALLS SD
1234 AM CST WED NOV 12 2014


...................................

...THE SIOUX FALLS SD CLIMATE SUMMARY FOR NOVEMBER 11 2014...

CLIMATE NORMAL PERIOD 1981 TO 2010
CLIMATE RECORD PERIOD 1893 TO 2014


WEATHER ITEM   OBSERVED TIME   RECORD YEAR NORMAL DEPARTURE LAST
                VALUE   (LST)  VALUE       VALUE  FROM      YEAR
                                                  NORMAL
..................................................................
TEMPERATURE (F)
 YESTERDAY
  MAXIMUM         22    218 PM  70    2005  45    -23       39
  MINIMUM         14   1159 PM  -5    1986  25    -11        5
                                      1896
  AVERAGE         18                        35    -17       22

PRECIPITATION (IN)
  YESTERDAY        T             1.79 1915   0.05  -0.05     0.02
  MONTH TO DATE    T                         0.50  -0.50     0.44
  SINCE SEP 1      2.95                      5.44  -2.49     4.22
  SINCE JAN 1     27.38                     24.83   2.55    24.64

SNOWFALL (IN)
  YESTERDAY        T             4.0  1982   0.2   -0.2      0.6
  MONTH TO DATE    0.1                       1.8   -1.7      6.8
  SINCE SEP 1      0.1                       3.1   -3.0      7.2
  SINCE JUL 1      0.1                       3.1   -3.0      7.2
  SNOW DEPTH       T

DEGREE DAYS
 HEATING
  YESTERDAY       47                        30     17       43
  MONTH TO DATE  278                       296    -18      323
  SINCE SEP 1    858                      1005   -147      924
  SINCE JUL 1    876                      1036   -160      958

 COOLING
  YESTERDAY        0                         0      0        0
  MONTH TO DATE    0                         0      0        0
  SINCE SEP 1     59                        65     -6      133
  SINCE JAN 1    610                       690    -80      787
..................................................................


WIND (MPH)
  HIGHEST WIND SPEED    31   HIGHEST WIND DIRECTION     N (350)
  HIGHEST GUST SPEED    38   HIGHEST GUST DIRECTION     N (350)
  AVERAGE WIND SPEED    19.6


SKY COVER
  POSSIBLE SUNSHINE  MM
  AVERAGE SKY COVER 1.0


WEATHER CONDITIONS
 THE FOLLOWING WEATHER WAS RECORDED YESTERDAY.
  LIGHT SNOW


RELATIVE HUMIDITY (PERCENT)
 HIGHEST    74           600 PM
 LOWEST     57           200 PM
 AVERAGE    66

..........................................................


THE SIOUX FALLS SD CLIMATE NORMALS FOR TODAY
                         NORMAL    RECORD    YEAR
 MAXIMUM TEMPERATURE (F)   45        68      2001
                                             1999
 MINIMUM TEMPERATURE (F)   25        -6      1911


SUNRISE AND SUNSET
NOVEMBER 12 2014......SUNRISE   717 AM CST   SUNSET   505 PM CST
NOVEMBER 13 2014......SUNRISE   718 AM CST   SUNSET   504 PM CST


-  INDICATES NEGATIVE NUMBERS.
R  INDICATES RECORD WAS SET OR TIED.
MM INDICATES DATA IS MISSING.
T  INDICATES TRACE AMOUNT.




$$
