000
CDUS43 KFSD 022236
CLIFSD


CLIMATE REPORT
NATIONAL WEATHER SERVICE SIOUX FALLS SD
535 PM CDT SUN APR 2 2017


...................................

...THE SIOUX FALLS SD CLIMATE SUMMARY FOR APRIL 2 2017...
VALID TODAY AS OF 0500 PM LOCAL TIME.

CLIMATE NORMAL PERIOD 1981 TO 2010
CLIMATE RECORD PERIOD 1893 TO 2017


WEATHER ITEM   OBSERVED TIME   RECORD YEAR NORMAL DEPARTURE LAST
                VALUE   (LST)  VALUE       VALUE  FROM      YEAR
                                                  NORMAL
..................................................................
TEMPERATURE (F)
 TODAY
  MAXIMUM         64    313 PM  84    2012  52     12       49
  MINIMUM         44    624 AM   6    1899  29     15       31
  AVERAGE         54                        40     14       40

PRECIPITATION (IN)
  TODAY            T             1.00 1988   0.08  -0.08     0.00
  MONTH TO DATE    T                         0.17  -0.17      T
  SINCE MAR 1      0.54                      1.93  -1.39     2.09
  SINCE JAN 1      1.65                      3.09  -1.44     3.77

SNOWFALL (IN)
  TODAY            0.0           4.0  1899   0.2   -0.2      0.0
  MONTH TO DATE    0.0                       0.4   -0.4       T
  SINCE MAR 1      8.0                       8.8   -0.8     12.2
  SINCE JUL 1     39.4                      40.3   -0.9     68.5
  SNOW DEPTH       0

DEGREE DAYS
 HEATING
  TODAY           11                        25    -14       25
  MONTH TO DATE   27                        50    -23       55
  SINCE MAR 1    937                      1045   -108      819
  SINCE JUL 1   5743                      6895  -1152     5855

 COOLING
  TODAY            0                         0      0        0
  MONTH TO DATE    0                         0      0        0
  SINCE MAR 1      0                         0      0        0
  SINCE JAN 1      0                         0      0        0
..................................................................


WIND (MPH)
  HIGHEST WIND SPEED    21   HIGHEST WIND DIRECTION     S (160)
  HIGHEST GUST SPEED    28   HIGHEST GUST DIRECTION     S (180)
  AVERAGE WIND SPEED    12.4


SKY COVER
  POSSIBLE SUNSHINE  MM
  AVERAGE SKY COVER 0.8


WEATHER CONDITIONS
 THE FOLLOWING WEATHER WAS RECORDED TODAY.
  LIGHT RAIN


RELATIVE HUMIDITY (PERCENT)
 HIGHEST    89           800 AM
 LOWEST     52           200 PM
 AVERAGE    71

..........................................................


THE SIOUX FALLS SD CLIMATE NORMALS FOR TOMORROW
                         NORMAL    RECORD    YEAR
 MAXIMUM TEMPERATURE (F)   52        80      1910
 MINIMUM TEMPERATURE (F)   29         4      1936


SUNRISE AND SUNSET
APRIL  2 2017.........SUNRISE   706 AM CDT   SUNSET   755 PM CDT
APRIL  3 2017.........SUNRISE   705 AM CDT   SUNSET   756 PM CDT


-  INDICATES NEGATIVE NUMBERS.
R  INDICATES RECORD WAS SET OR TIED.
MM INDICATES DATA IS MISSING.
T  INDICATES TRACE AMOUNT.




$$
