000
CDUS43 KFSD 210636
CLIFSD


CLIMATE REPORT
NATIONAL WEATHER SERVICE SIOUX FALLS SD
1235 AM CST SAT FEB 21 2015


...................................

...THE SIOUX FALLS SD CLIMATE SUMMARY FOR FEBRUARY 20 2015...

CLIMATE NORMAL PERIOD 1981 TO 2010
CLIMATE RECORD PERIOD 1893 TO 2015


WEATHER ITEM   OBSERVED TIME   RECORD YEAR NORMAL DEPARTURE LAST
                VALUE   (LST)  VALUE       VALUE  FROM      YEAR
                                                  NORMAL
..................................................................
TEMPERATURE (F)
 YESTERDAY
  MAXIMUM         46    317 PM  65    1981  33     13       37
  MINIMUM         13    708 AM -19    2008  13      0       16
                                      1918
  AVERAGE         30                        23      7       27

PRECIPITATION (IN)
  YESTERDAY        0.00          0.81 1953   0.02  -0.02     0.02
  MONTH TO DATE    0.26                      0.38  -0.12     0.50
  SINCE DEC 1      2.40                      1.63   0.77     1.94
  SINCE JAN 1      1.07                      0.94   0.13     0.81

SNOWFALL (IN)
  YESTERDAY        0.0           7.1  1953   0.2   -0.2       T
  MONTH TO DATE    4.1                       4.8   -0.7      6.9
  SINCE DEC 1     19.8                      20.7   -0.9     24.2
  SINCE JUL 1     28.1                      29.4   -1.3     32.1
  SNOW DEPTH       0

DEGREE DAYS
 HEATING
  YESTERDAY       35                        42     -7       38
  MONTH TO DATE  957                       897     60     1048
  SINCE DEC 1   3571                      3817   -246     4291
  SINCE JUL 1   5327                      5529   -202     5912

 COOLING
  YESTERDAY        0                         0      0        0
  MONTH TO DATE    0                         0      0        0
  SINCE DEC 1      0                         0      0        0
  SINCE JAN 1      0                         0      0        0
..................................................................


WIND (MPH)
  HIGHEST WIND SPEED    23   HIGHEST WIND DIRECTION     S (180)
  HIGHEST GUST SPEED    33   HIGHEST GUST DIRECTION     S (170)
  AVERAGE WIND SPEED     7.9


SKY COVER
  POSSIBLE SUNSHINE  MM
  AVERAGE SKY COVER 0.8


WEATHER CONDITIONS
 THE FOLLOWING WEATHER WAS RECORDED YESTERDAY.
  NO SIGNIFICANT WEATHER WAS OBSERVED.


RELATIVE HUMIDITY (PERCENT)
 HIGHEST    92          1100 PM
 LOWEST     58           200 PM
 AVERAGE    75

..........................................................


THE SIOUX FALLS SD CLIMATE NORMALS FOR TODAY
                         NORMAL    RECORD    YEAR
 MAXIMUM TEMPERATURE (F)   33        64      1977
 MINIMUM TEMPERATURE (F)   14       -19      1918


SUNRISE AND SUNSET
FEBRUARY 21 2015......SUNRISE   717 AM CST   SUNSET   605 PM CST
FEBRUARY 22 2015......SUNRISE   715 AM CST   SUNSET   606 PM CST


-  INDICATES NEGATIVE NUMBERS.
R  INDICATES RECORD WAS SET OR TIED.
MM INDICATES DATA IS MISSING.
T  INDICATES TRACE AMOUNT.




$$
