037
CDUS43 KFSD 160713
CLIFSD


CLIMATE REPORT
NATIONAL WEATHER SERVICE SIOUX FALLS SD
212 AM CDT SAT SEP 16 2017


...................................

...THE SIOUX FALLS SD CLIMATE SUMMARY FOR SEPTEMBER 15 2017...

CLIMATE NORMAL PERIOD 1981 TO 2010
CLIMATE RECORD PERIOD 1893 TO 2017


WEATHER ITEM   OBSERVED TIME   RECORD YEAR NORMAL DEPARTURE LAST
                VALUE   (LST)  VALUE       VALUE  FROM      YEAR
                                                  NORMAL
..................................................................
TEMPERATURE (F)
 YESTERDAY
  MAXIMUM         87    116 PM  99    1955  74     13       67
  MINIMUM         63   1159 PM  28    1916  50     13       61
  AVERAGE         75                        62     13       64

PRECIPITATION (IN)
  YESTERDAY        T             3.61 2016   0.09  -0.09     3.61
  MONTH TO DATE    0.17                      1.44  -1.27     6.32
  SINCE SEP 1      0.17                      1.44  -1.27     6.32
  SINCE JAN 1     17.76                     20.83  -3.07    24.18

SNOWFALL (IN)
  YESTERDAY        0.0           0.0    MM   0.0    0.0      0.0
  MONTH TO DATE    0.0                       0.0    0.0      0.0
  SINCE SEP 1      0.0                       0.0    0.0      0.0
  SINCE JUL 1      0.0                       0.0    0.0      0.0
  SNOW DEPTH       0

DEGREE DAYS
 HEATING
  YESTERDAY        0                         5     -5        1
  MONTH TO DATE   22                        51    -29       25
  SINCE SEP 1     22                        51    -29       25
  SINCE JUL 1     28                        82    -54       33

 COOLING
  YESTERDAY       10                         2      8        0
  MONTH TO DATE   66                        46     20       44
  SINCE SEP 1     66                        46     20       44
  SINCE JAN 1    740                       671     69      824
..................................................................


WIND (MPH)
  HIGHEST WIND SPEED    30   HIGHEST WIND DIRECTION     S (190)
  HIGHEST GUST SPEED    39   HIGHEST GUST DIRECTION     S (180)
  AVERAGE WIND SPEED    12.2


SKY COVER
  POSSIBLE SUNSHINE  MM
  AVERAGE SKY COVER 0.6


WEATHER CONDITIONS
 THE FOLLOWING WEATHER WAS RECORDED YESTERDAY.
  LIGHT RAIN
  FOG


RELATIVE HUMIDITY (PERCENT)
 HIGHEST   100           300 AM
 LOWEST     51           200 PM
 AVERAGE    76

..........................................................


THE SIOUX FALLS SD CLIMATE NORMALS FOR TODAY
                         NORMAL    RECORD    YEAR
 MAXIMUM TEMPERATURE (F)   73        96      1955
 MINIMUM TEMPERATURE (F)   49        28      1903
                                             1893


SUNRISE AND SUNSET
SEPTEMBER 16 2017.....SUNRISE   708 AM CDT   SUNSET   735 PM CDT
SEPTEMBER 17 2017.....SUNRISE   709 AM CDT   SUNSET   733 PM CDT


-  INDICATES NEGATIVE NUMBERS.
R  INDICATES RECORD WAS SET OR TIED.
MM INDICATES DATA IS MISSING.
T  INDICATES TRACE AMOUNT.




$$
