000
CDUS43 KFSD 020633
CLIFSD


CLIMATE REPORT
NATIONAL WEATHER SERVICE SIOUX FALLS SD
1233 AM CST FRI FEB 2 2018


...................................

...THE SIOUX FALLS SD CLIMATE SUMMARY FOR FEBRUARY 1 2018...

CLIMATE NORMAL PERIOD 1981 TO 2010
CLIMATE RECORD PERIOD 1893 TO 2018


WEATHER ITEM   OBSERVED TIME   RECORD YEAR NORMAL DEPARTURE LAST
                VALUE   (LST)  VALUE       VALUE  FROM      YEAR
                                                  NORMAL
..................................................................
TEMPERATURE (F)
 YESTERDAY
  MAXIMUM         34    450 AM  54    1987  28      6       28
  MINIMUM          2   1159 PM -32    1917   8     -6       12
  AVERAGE         18                        18      0       20

PRECIPITATION (IN)
  YESTERDAY        T             0.52 1961   0.02  -0.02      T
  MONTH TO DATE    T                         0.02  -0.02      T
  SINCE DEC 1      1.06                      1.27  -0.21     2.54
  SINCE JAN 1      0.38                      0.58  -0.20     0.62

SNOWFALL (IN)
  YESTERDAY        T             5.2  1961   0.3   -0.3       T
  MONTH TO DATE    T                         0.3   -0.3       T
  SINCE DEC 1     16.2                      16.2    0.0     20.3
  SINCE JUL 1     16.4                      24.9   -8.5     26.3
  SNOW DEPTH       T

DEGREE DAYS
 HEATING
  YESTERDAY       47                        47      0       45
  MONTH TO DATE   47                        47      0       45
  SINCE DEC 1   2868                      2967    -99     2791
  SINCE JUL 1   4277                      4679   -402     3926

 COOLING
  YESTERDAY        0                         0      0        0
  MONTH TO DATE    0                         0      0        0
  SINCE DEC 1      0                         0      0        0
  SINCE JAN 1      0                         0      0        0
..................................................................


WIND (MPH)
  HIGHEST WIND SPEED    22   HIGHEST WIND DIRECTION    NW (320)
  HIGHEST GUST SPEED    27   HIGHEST GUST DIRECTION    NW (320)
  AVERAGE WIND SPEED    11.3


SKY COVER
  POSSIBLE SUNSHINE  MM
  AVERAGE SKY COVER 0.2


WEATHER CONDITIONS
 THE FOLLOWING WEATHER WAS RECORDED YESTERDAY.
  LIGHT SNOW


RELATIVE HUMIDITY (PERCENT)
 HIGHEST    79           900 PM
 LOWEST     58           200 PM
 AVERAGE    69

..........................................................


THE SIOUX FALLS SD CLIMATE NORMALS FOR TODAY
                         NORMAL    RECORD    YEAR
 MAXIMUM TEMPERATURE (F)   28        56      1991
                                             1924
 MINIMUM TEMPERATURE (F)    8       -37      1905


SUNRISE AND SUNSET
FEBRUARY  2 2018......SUNRISE   742 AM CST   SUNSET   540 PM CST
FEBRUARY  3 2018......SUNRISE   741 AM CST   SUNSET   541 PM CST


-  INDICATES NEGATIVE NUMBERS.
R  INDICATES RECORD WAS SET OR TIED.
MM INDICATES DATA IS MISSING.
T  INDICATES TRACE AMOUNT.




$$
