000
CDUS43 KFSD 300634
CLIFSD


CLIMATE REPORT
NATIONAL WEATHER SERVICE SIOUX FALLS SD
1233 AM CST FRI DEC 30 2016


...................................

...THE SIOUX FALLS SD CLIMATE SUMMARY FOR DECEMBER 29 2016...

CLIMATE NORMAL PERIOD 1981 TO 2010
CLIMATE RECORD PERIOD 1893 TO 2016


WEATHER ITEM   OBSERVED TIME   RECORD YEAR NORMAL DEPARTURE LAST
                VALUE   (LST)  VALUE       VALUE  FROM      YEAR
                                                  NORMAL
..................................................................
TEMPERATURE (F)
 YESTERDAY
  MAXIMUM         36    257 PM  56    1999  26     10       24
  MINIMUM         21   1159 PM -31    1917   7     14       18
  AVERAGE         29                        17     12       21

PRECIPITATION (IN)
  YESTERDAY        0.00          0.40 1907   0.01  -0.01     0.14
  MONTH TO DATE    1.92                      0.65   1.27     1.23
  SINCE DEC 1      1.92                      0.65   1.27     1.23
  SINCE JAN 1     32.23                     26.34   5.89    32.86

SNOWFALL (IN)
  YESTERDAY        0.0           4.0  1923   0.2   -0.2      2.4
                                      1907
  MONTH TO DATE   10.9                       7.7    3.2     17.8
  SINCE DEC 1     10.9                       7.7    3.2     17.8
  SINCE JUL 1     16.9                      16.4    0.5     35.1
  SNOW DEPTH       T

DEGREE DAYS
 HEATING
  YESTERDAY       36                        48    -12       44
  MONTH TO DATE 1316                      1323     -7     1086
  SINCE DEC 1   1316                      1323     -7     1086
  SINCE JUL 1   2451                      3035   -584     2360

 COOLING
  YESTERDAY        0                         0      0        0
  MONTH TO DATE    0                         0      0        0
  SINCE DEC 1      0                         0      0        0
  SINCE JAN 1    879                       690    189      715
..................................................................


WIND (MPH)
  HIGHEST WIND SPEED    30   HIGHEST WIND DIRECTION    NW (300)
  HIGHEST GUST SPEED    39   HIGHEST GUST DIRECTION    NW (310)
  AVERAGE WIND SPEED    18.3


SKY COVER
  POSSIBLE SUNSHINE  MM
  AVERAGE SKY COVER 0.1


WEATHER CONDITIONS
 THE FOLLOWING WEATHER WAS RECORDED YESTERDAY.
  NO SIGNIFICANT WEATHER WAS OBSERVED.


RELATIVE HUMIDITY (PERCENT)
 HIGHEST    81          1000 PM
 LOWEST     59           100 PM
 AVERAGE    70

..........................................................


THE SIOUX FALLS SD CLIMATE NORMALS FOR TODAY
                         NORMAL    RECORD    YEAR
 MAXIMUM TEMPERATURE (F)   26        59      2004
 MINIMUM TEMPERATURE (F)    7       -29      1917


SUNRISE AND SUNSET
DECEMBER 30 2016......SUNRISE   800 AM CST   SUNSET   500 PM CST
DECEMBER 31 2016......SUNRISE   800 AM CST   SUNSET   501 PM CST


-  INDICATES NEGATIVE NUMBERS.
R  INDICATES RECORD WAS SET OR TIED.
MM INDICATES DATA IS MISSING.
T  INDICATES TRACE AMOUNT.




$$
