000
CDUS43 KFSD 160653
CLIFSD


CLIMATE REPORT
NATIONAL WEATHER SERVICE SIOUX FALLS SD
1252 AM CST MON FEB 16 2015


...................................

...THE SIOUX FALLS SD CLIMATE SUMMARY FOR FEBRUARY 15 2015...

CLIMATE NORMAL PERIOD 1981 TO 2010
CLIMATE RECORD PERIOD 1893 TO 2015


WEATHER ITEM   OBSERVED TIME   RECORD YEAR NORMAL DEPARTURE LAST
                VALUE   (LST)  VALUE       VALUE  FROM      YEAR
                                                  NORMAL
..................................................................
TEMPERATURE (F)
 YESTERDAY
  MAXIMUM         17   1159 PM  63    1921  31    -14       41
  MINIMUM          7    841 AM -21    1909  12     -5        5
  AVERAGE         12                        21     -9       23

PRECIPITATION (IN)
  YESTERDAY        T             0.52 1938   0.02  -0.02      T
  MONTH TO DATE    0.26                      0.28  -0.02     0.33
  SINCE DEC 1      2.40                      1.53   0.87     1.77
  SINCE JAN 1      1.07                      0.84   0.23     0.64

SNOWFALL (IN)
  YESTERDAY        T             5.0  1938   0.3   -0.3       T
  MONTH TO DATE    4.0                       3.6    0.4      6.0
  SINCE DEC 1     19.7                      19.5    0.2     23.3
  SINCE JUL 1     28.0                      28.2   -0.2     31.2
  SNOW DEPTH       0

DEGREE DAYS
 HEATING
  YESTERDAY       53                        44      9       42
  MONTH TO DATE  708                       684     24      863
  SINCE DEC 1   3322                      3604   -282     4106
  SINCE JUL 1   5078                      5316   -238     5727

 COOLING
  YESTERDAY        0                         0      0        0
  MONTH TO DATE    0                         0      0        0
  SINCE DEC 1      0                         0      0        0
  SINCE JAN 1      0                         0      0        0
..................................................................


WIND (MPH)
  HIGHEST WIND SPEED    21   HIGHEST WIND DIRECTION    SE (140)
  HIGHEST GUST SPEED    26   HIGHEST GUST DIRECTION    SE (150)
  AVERAGE WIND SPEED    12.2


SKY COVER
  POSSIBLE SUNSHINE  MM
  AVERAGE SKY COVER 1.0


WEATHER CONDITIONS
 THE FOLLOWING WEATHER WAS RECORDED YESTERDAY.
  LIGHT SNOW


RELATIVE HUMIDITY (PERCENT)
 HIGHEST    69          1200 AM
 LOWEST     51           200 PM
 AVERAGE    60

..........................................................


THE SIOUX FALLS SD CLIMATE NORMALS FOR TODAY
                         NORMAL    RECORD    YEAR
 MAXIMUM TEMPERATURE (F)   32        64      1981
 MINIMUM TEMPERATURE (F)   12       -30      1936


SUNRISE AND SUNSET
FEBRUARY 16 2015......SUNRISE   724 AM CST   SUNSET   558 PM CST
FEBRUARY 17 2015......SUNRISE   723 AM CST   SUNSET   600 PM CST


-  INDICATES NEGATIVE NUMBERS.
R  INDICATES RECORD WAS SET OR TIED.
MM INDICATES DATA IS MISSING.
T  INDICATES TRACE AMOUNT.




$$
