000
CDUS43 KFSD 302227
CLIFSD


CLIMATE REPORT
NATIONAL WEATHER SERVICE SIOUX FALLS SD
527 PM CDT FRI JUN 30 2017


...................................

...THE SIOUX FALLS SD CLIMATE SUMMARY FOR JUNE 30 2017...
VALID TODAY AS OF 0500 PM LOCAL TIME.

CLIMATE NORMAL PERIOD 1981 TO 2010
CLIMATE RECORD PERIOD 1893 TO 2017


WEATHER ITEM   OBSERVED TIME   RECORD YEAR NORMAL DEPARTURE LAST
                VALUE   (LST)  VALUE       VALUE  FROM      YEAR
                                                  NORMAL
..................................................................
TEMPERATURE (F)
 TODAY
  MAXIMUM         79    131 PM 103    1894  83     -4       78
  MINIMUM         56    523 AM  43    1924  61     -5       53
  AVERAGE         68                        72     -4       66

PRECIPITATION (IN)
  TODAY            0.00          1.36 1903   0.12  -0.12     0.00
  MONTH TO DATE    3.29                      3.92  -0.63     1.72
  SINCE JUN 1      3.29                      3.92  -0.63     1.72
  SINCE JAN 1     11.04                     13.25  -2.21    13.22

SNOWFALL (IN)
  TODAY            0.0           0.0    MM   0.0    0.0      0.0
  MONTH TO DATE    0.0                       0.0    0.0      0.0
  SINCE JUN 1      0.0                       0.0    0.0      0.0
  SINCE JUL 1     42.9                      44.5   -1.6     68.5
  SNOW DEPTH       0

DEGREE DAYS
 HEATING
  TODAY            0                         0      0        0
  MONTH TO DATE   26                        52    -26        9
  SINCE JUN 1     26                        51    -25        9
  SINCE JUL 1   6463                      7706  -1243     6504

 COOLING
  TODAY            3                         7     -4        1
  MONTH TO DATE  200                       135     65      235
  SINCE JUN 1    200                       135     65      235
  SINCE JAN 1    226                       171     55      268
..................................................................


WIND (MPH)
  HIGHEST WIND SPEED    23   HIGHEST WIND DIRECTION    NW (320)
  HIGHEST GUST SPEED    28   HIGHEST GUST DIRECTION    NW (310)
  AVERAGE WIND SPEED     9.2


SKY COVER
  POSSIBLE SUNSHINE  MM
  AVERAGE SKY COVER 0.4


WEATHER CONDITIONS
 THE FOLLOWING WEATHER WAS RECORDED TODAY.
  NO SIGNIFICANT WEATHER WAS OBSERVED.


RELATIVE HUMIDITY (PERCENT)
 HIGHEST   100           500 AM
 LOWEST     54           100 PM
 AVERAGE    77

..........................................................


THE SIOUX FALLS SD CLIMATE NORMALS FOR TOMORROW
                         NORMAL    RECORD    YEAR
 MAXIMUM TEMPERATURE (F)   83        97      1948
 MINIMUM TEMPERATURE (F)   61        44      1904


SUNRISE AND SUNSET
JUNE 30 2017..........SUNRISE   549 AM CDT   SUNSET   912 PM CDT
JULY  1 2017..........SUNRISE   550 AM CDT   SUNSET   912 PM CDT


-  INDICATES NEGATIVE NUMBERS.
R  INDICATES RECORD WAS SET OR TIED.
MM INDICATES DATA IS MISSING.
T  INDICATES TRACE AMOUNT.




$$
