000
CDUS43 KFSD 250647
CLIFSD


CLIMATE REPORT
NATIONAL WEATHER SERVICE SIOUX FALLS SD
1245 AM CST SAT NOV 25 2017


...................................

...THE SIOUX FALLS SD CLIMATE SUMMARY FOR NOVEMBER 24 2017...

CLIMATE NORMAL PERIOD 1981 TO 2010
CLIMATE RECORD PERIOD 1893 TO 2017


WEATHER ITEM   OBSERVED TIME   RECORD YEAR NORMAL DEPARTURE LAST
                VALUE   (LST)  VALUE       VALUE  FROM      YEAR
                                                  NORMAL
..................................................................
TEMPERATURE (F)
 YESTERDAY
  MAXIMUM         66   1223 PM  67    1990  37     29       36
  MINIMUM         36   1159 PM -10    1996  18     18       33
  AVERAGE         51                        28     23       35

PRECIPITATION (IN)
  YESTERDAY        T             1.28 2001   0.04  -0.04      T
  MONTH TO DATE    0.03                      1.12  -1.09     0.90
  SINCE SEP 1      6.93                      6.06   0.87    11.54
  SINCE JAN 1     24.52                     25.45  -0.93    29.40

SNOWFALL (IN)
  YESTERDAY        0.0           3.6  1993   0.3   -0.3       T
  MONTH TO DATE    0.2                       5.5   -5.3      5.0
  SINCE SEP 1      0.2                       6.8   -6.6      5.0
  SINCE JUL 1      0.2                       6.8   -6.6      5.0
  SNOW DEPTH       0

DEGREE DAYS
 HEATING
  YESTERDAY       14                        37    -23       30
  MONTH TO DATE  714                       735    -21      503
  SINCE SEP 1   1251                      1444   -193      956
  SINCE JUL 1   1257                      1475   -218      964

 COOLING
  YESTERDAY        0                         0      0        0
  MONTH TO DATE    0                         0      0        0
  SINCE SEP 1    102                        65     37       99
  SINCE JAN 1    776                       690     86      879
..................................................................


WIND (MPH)
  HIGHEST WIND SPEED    43   HIGHEST WIND DIRECTION    NW (310)
  HIGHEST GUST SPEED    55   HIGHEST GUST DIRECTION    NW (320)
  AVERAGE WIND SPEED    11.7


SKY COVER
  POSSIBLE SUNSHINE  MM
  AVERAGE SKY COVER 0.2


WEATHER CONDITIONS
 THE FOLLOWING WEATHER WAS RECORDED YESTERDAY.
  LIGHT RAIN


RELATIVE HUMIDITY (PERCENT)
 HIGHEST    92           800 AM
 LOWEST     43           100 PM
 AVERAGE    68

..........................................................


THE SIOUX FALLS SD CLIMATE NORMALS FOR TODAY
                         NORMAL    RECORD    YEAR
 MAXIMUM TEMPERATURE (F)   37        67      1960
 MINIMUM TEMPERATURE (F)   18       -13      1996


SUNRISE AND SUNSET
NOVEMBER 25 2017......SUNRISE   734 AM CST   SUNSET   454 PM CST
NOVEMBER 26 2017......SUNRISE   735 AM CST   SUNSET   454 PM CST


-  INDICATES NEGATIVE NUMBERS.
R  INDICATES RECORD WAS SET OR TIED.
MM INDICATES DATA IS MISSING.
T  INDICATES TRACE AMOUNT.




$$
