000
CDUS43 KFSD 120038
CLIFSD


CLIMATE REPORT
NATIONAL WEATHER SERVICE SIOUX FALLS SD
734 PM CDT FRI APR 11 2014


...................................

...THE SIOUX FALLS SD CLIMATE SUMMARY FOR APRIL 11 2014...
VALID AS OF 0700 PM LOCAL TIME.

CLIMATE NORMAL PERIOD 1981 TO 2010
CLIMATE RECORD PERIOD 1893 TO 2014


WEATHER ITEM   OBSERVED TIME   RECORD YEAR NORMAL DEPARTURE LAST
                VALUE   (LST)  VALUE       VALUE  FROM      YEAR
                                                  NORMAL
..................................................................
TEMPERATURE (F)
 TODAY
  MAXIMUM         72    426 PM  88    1985  57     15       33
  MINIMUM         38    458 AM  11    1940  33      5       29
  AVERAGE         55                        44     11       31

PRECIPITATION (IN)
  TODAY            0.00          1.67 1984   0.10  -0.10     0.26
  MONTH TO DATE    0.22                      1.02  -0.80     2.21
  SINCE MAR 1      0.93                      2.78  -1.85     3.09
  SINCE JAN 1      1.92                      3.94  -2.02     4.44

SNOWFALL (IN)
  TODAY            0.0           3.2  2013   0.2   -0.2      3.2
  MONTH TO DATE    2.6                       2.1    0.5      7.2
  SINCE MAR 1     10.3                      10.5   -0.2      8.7
  SINCE JUL 1     44.5                      42.0    2.5     34.2
  SNOW DEPTH       0

DEGREE DAYS
 HEATING
  TODAY           10                        21    -11       34
  MONTH TO DATE  239                       251    -12      296
  SINCE MAR 1   1340                      1246     94     1449
  SINCE JUL 1   7687                      7096    591     7068

 COOLING
  TODAY            0                         0      0        0
  MONTH TO DATE    0                         0      0        0
  SINCE MAR 1      0                         0      0        0
  SINCE JAN 1      0                         0      0        0
..................................................................


WIND (MPH)
  HIGHEST WIND SPEED    16   HIGHEST WIND DIRECTION     S (200)
  HIGHEST GUST SPEED    21   HIGHEST GUST DIRECTION     S (200)
  AVERAGE WIND SPEED     7.2


SKY COVER
  POSSIBLE SUNSHINE  MM
  AVERAGE SKY COVER 0.5


WEATHER CONDITIONS
 THE FOLLOWING WEATHER WAS RECORDED TODAY.
  NO SIGNIFICANT WEATHER WAS OBSERVED.


RELATIVE HUMIDITY (PERCENT)
 HIGHEST    73           600 AM
 LOWEST     19           200 PM
 AVERAGE    46

..........................................................


THE SIOUX FALLS SD CLIMATE NORMALS FOR TOMORROW
                         NORMAL    RECORD    YEAR
 MAXIMUM TEMPERATURE (F)   57        85      1908
 MINIMUM TEMPERATURE (F)   33        14      1957


SUNRISE AND SUNSET
APRIL 11 2014.........SUNRISE   651 AM CDT   SUNSET   806 PM CDT
APRIL 12 2014.........SUNRISE   649 AM CDT   SUNSET   807 PM CDT


-  INDICATES NEGATIVE NUMBERS.
R  INDICATES RECORD WAS SET OR TIED.
MM INDICATES DATA IS MISSING.
T  INDICATES TRACE AMOUNT.




&&
.........................................................

ADDITIONAL WEATHER INFORMATION FOR TODAY
        TEMPERATURE / HUMIDITY
AT  4 AM      50    /    32%
AT  7 AM      41    /    72%
AT 10 AM      57    /    43%
AT  1 PM      67    /    22%
AT  4 PM      71    /    19%
AT  7 PM      69    /    26%

$$
