000
CDUS43 KFSD 022243
CLIFSD


CLIMATE REPORT
NATIONAL WEATHER SERVICE SIOUX FALLS SD
542 PM CDT FRI SEP 2 2016


...................................

...THE SIOUX FALLS SD CLIMATE SUMMARY FOR SEPTEMBER 2 2016...
VALID TODAY AS OF 0500 PM LOCAL TIME.

CLIMATE NORMAL PERIOD 1981 TO 2010
CLIMATE RECORD PERIOD 1893 TO 2016


WEATHER ITEM   OBSERVED TIME   RECORD YEAR NORMAL DEPARTURE LAST
                VALUE   (LST)  VALUE       VALUE  FROM      YEAR
                                                  NORMAL
..................................................................
TEMPERATURE (F)
 TODAY
  MAXIMUM         77    358 PM  99    1956  78     -1       86
  MINIMUM         58    622 AM  35    1893  55      3       66
  AVERAGE         68                        67      1       76

PRECIPITATION (IN)
  TODAY            0.00          1.98 1933   0.10  -0.10     0.00
  MONTH TO DATE    0.00                      0.20  -0.20     0.02
  SINCE SEP 1      0.00                      0.20  -0.20     0.02
  SINCE JAN 1     17.86                     19.59  -1.73    21.62

SNOWFALL (IN)
  TODAY            0.0           0.0    MM   0.0    0.0      0.0
  MONTH TO DATE    0.0                       0.0    0.0      0.0
  SINCE SEP 1      0.0                       0.0    0.0      0.0
  SINCE JUL 1      0.0                       0.0    0.0      0.0
  SNOW DEPTH       0

DEGREE DAYS
 HEATING
  TODAY            0                         2     -2        0
  MONTH TO DATE    0                         4     -4        0
  SINCE SEP 1      0                         4     -4        0
  SINCE JUL 1      8                        35    -27       40

 COOLING
  TODAY            3                         4     -1       11
  MONTH TO DATE    6                         8     -2       21
  SINCE SEP 1      6                         8     -2       21
  SINCE JAN 1    786                       633    153      596
..................................................................


WIND (MPH)
  HIGHEST WIND SPEED    25   HIGHEST WIND DIRECTION     S (170)
  HIGHEST GUST SPEED    35   HIGHEST GUST DIRECTION     S (160)
  AVERAGE WIND SPEED    14.7


SKY COVER
  POSSIBLE SUNSHINE  MM
  AVERAGE SKY COVER 0.4


WEATHER CONDITIONS
 THE FOLLOWING WEATHER WAS RECORDED TODAY.
  FOG
  HAZE


RELATIVE HUMIDITY (PERCENT)
 HIGHEST    86           600 AM
 LOWEST     50           400 PM
 AVERAGE    68

..........................................................


THE SIOUX FALLS SD CLIMATE NORMALS FOR TOMORROW
                         NORMAL    RECORD    YEAR
 MAXIMUM TEMPERATURE (F)   78        97      1913
 MINIMUM TEMPERATURE (F)   55        31      1974


SUNRISE AND SUNSET
SEPTEMBER  2 2016.....SUNRISE   652 AM CDT   SUNSET   800 PM CDT
SEPTEMBER  3 2016.....SUNRISE   653 AM CDT   SUNSET   758 PM CDT


-  INDICATES NEGATIVE NUMBERS.
R  INDICATES RECORD WAS SET OR TIED.
MM INDICATES DATA IS MISSING.
T  INDICATES TRACE AMOUNT.




$$
