000
CDUS43 KFSD 250645
CLIFSD


CLIMATE REPORT
NATIONAL WEATHER SERVICE SIOUX FALLS SD
1244 AM CST FRI NOV 25 2016


...................................

...THE SIOUX FALLS SD CLIMATE SUMMARY FOR NOVEMBER 24 2016...

CLIMATE NORMAL PERIOD 1981 TO 2010
CLIMATE RECORD PERIOD 1893 TO 2016


WEATHER ITEM   OBSERVED TIME   RECORD YEAR NORMAL DEPARTURE LAST
                VALUE   (LST)  VALUE       VALUE  FROM      YEAR
                                                  NORMAL
..................................................................
TEMPERATURE (F)
 YESTERDAY
  MAXIMUM         36    919 PM  67    1990  37     -1       39
  MINIMUM         33   1030 AM -10    1996  18     15       24
  AVERAGE         35                        28      7       32

PRECIPITATION (IN)
  YESTERDAY        T             1.28 2001   0.04  -0.04     0.00
  MONTH TO DATE    0.90                      1.12  -0.22     3.12
  SINCE SEP 1     11.54                      6.06   5.48     9.26
  SINCE JAN 1     29.40                     25.45   3.95    30.86

SNOWFALL (IN)
  YESTERDAY       MM             3.6  1993   0.3   MM        0.0
  MONTH TO DATE    5.0                       5.5   -0.5      7.2
  SINCE SEP 1      5.0                       6.8   -1.8      7.2
  SINCE JUL 1      5.0                       6.8   -1.8      7.2
  SNOW DEPTH       0

DEGREE DAYS
 HEATING
  YESTERDAY       30                        37     -7       33
  MONTH TO DATE  503                       735   -232      563
  SINCE SEP 1    956                      1444   -488     1002
  SINCE JUL 1    964                      1475   -511     1042

 COOLING
  YESTERDAY        0                         0      0        0
  MONTH TO DATE    0                         0      0        0
  SINCE SEP 1     99                        65     34      140
  SINCE JAN 1    879                       690    189      715
..................................................................


WIND (MPH)
  HIGHEST WIND SPEED    10   HIGHEST WIND DIRECTION    NW (300)
  HIGHEST GUST SPEED    13   HIGHEST GUST DIRECTION    NW (300)
  AVERAGE WIND SPEED     5.2


SKY COVER
  POSSIBLE SUNSHINE  MM
  AVERAGE SKY COVER 1.0


WEATHER CONDITIONS
 THE FOLLOWING WEATHER WAS RECORDED YESTERDAY.
  LIGHT RAIN
  LIGHT SNOW
  FOG


RELATIVE HUMIDITY (PERCENT)
 HIGHEST   100          1200 PM
 LOWEST     89          1200 AM
 AVERAGE    95

..........................................................


THE SIOUX FALLS SD CLIMATE NORMALS FOR TODAY
                         NORMAL    RECORD    YEAR
 MAXIMUM TEMPERATURE (F)   37        67      1960
 MINIMUM TEMPERATURE (F)   18       -13      1996


SUNRISE AND SUNSET
NOVEMBER 25 2016......SUNRISE   734 AM CST   SUNSET   454 PM CST
NOVEMBER 26 2016......SUNRISE   735 AM CST   SUNSET   453 PM CST


-  INDICATES NEGATIVE NUMBERS.
R  INDICATES RECORD WAS SET OR TIED.
MM INDICATES DATA IS MISSING.
T  INDICATES TRACE AMOUNT.




$$
