000
CDUS43 KFSD 072321
CLIFSD


CLIMATE REPORT
NATIONAL WEATHER SERVICE SIOUX FALLS SD
520 PM CST TUE MAR 7 2017


...................................

...THE SIOUX FALLS SD CLIMATE SUMMARY FOR MARCH 7 2017...
VALID TODAY AS OF 0500 PM LOCAL TIME.

CLIMATE NORMAL PERIOD 1981 TO 2010
CLIMATE RECORD PERIOD 1893 TO 2017


WEATHER ITEM   OBSERVED TIME   RECORD YEAR NORMAL DEPARTURE LAST
                VALUE   (LST)  VALUE       VALUE  FROM      YEAR
                                                  NORMAL
..................................................................
TEMPERATURE (F)
 TODAY
  MAXIMUM         50    139 PM  80    2000  39     11       71
  MINIMUM         31   1237 AM -11    2008  19     12       40
                                      1996
  AVERAGE         41                        29     12       56

PRECIPITATION (IN)
  TODAY            T             0.90 1917   0.04  -0.04     0.00
  MONTH TO DATE    0.09                      0.25  -0.16     0.03
  SINCE MAR 1      0.09                      0.25  -0.16     0.03
  SINCE JAN 1      1.20                      1.41  -0.21     1.71

SNOWFALL (IN)
  TODAY            T             6.0  1917   0.3   -0.3      0.0
  MONTH TO DATE    2.5                       2.2    0.3      0.3
  SINCE MAR 1      2.5                       2.2    0.3      0.3
  SINCE JUL 1     33.9                      33.7    0.2     56.6
  SNOW DEPTH       0

DEGREE DAYS
 HEATING
  TODAY           24                        36    -12        9
  MONTH TO DATE  200                       260    -60      220
  SINCE MAR 1    200                       260    -60      220
  SINCE JUL 1   5006                      6110  -1104     5256

 COOLING
  TODAY            0                         0      0        0
  MONTH TO DATE    0                         0      0        0
  SINCE MAR 1      0                         0      0        0
  SINCE JAN 1      0                         0      0        0
..................................................................


WIND (MPH)
  HIGHEST WIND SPEED    32   HIGHEST WIND DIRECTION     W (280)
  HIGHEST GUST SPEED    46   HIGHEST GUST DIRECTION     W (290)
  AVERAGE WIND SPEED    19.6


SKY COVER
  POSSIBLE SUNSHINE  MM
  AVERAGE SKY COVER 0.5


WEATHER CONDITIONS
 THE FOLLOWING WEATHER WAS RECORDED TODAY.
  LIGHT RAIN
  LIGHT SNOW
  FOG


RELATIVE HUMIDITY (PERCENT)
 HIGHEST    92          1200 AM
 LOWEST     29           100 PM
 AVERAGE    61

..........................................................


THE SIOUX FALLS SD CLIMATE NORMALS FOR TOMORROW
                         NORMAL    RECORD    YEAR
 MAXIMUM TEMPERATURE (F)   39        67      1911
 MINIMUM TEMPERATURE (F)   20       -15      1995


SUNRISE AND SUNSET
MARCH  7 2017.........SUNRISE   653 AM CST   SUNSET   624 PM CST
MARCH  8 2017.........SUNRISE   651 AM CST   SUNSET   625 PM CST


-  INDICATES NEGATIVE NUMBERS.
R  INDICATES RECORD WAS SET OR TIED.
MM INDICATES DATA IS MISSING.
T  INDICATES TRACE AMOUNT.




$$
