159
CDUS43 KFSD 222230
CLIFSD


CLIMATE REPORT
NATIONAL WEATHER SERVICE SIOUX FALLS SD
530 PM CDT WED APR 22 2015


...................................

...THE SIOUX FALLS SD CLIMATE SUMMARY FOR APRIL 22 2015...
VALID TODAY AS OF 0500 PM LOCAL TIME.

CLIMATE NORMAL PERIOD 1981 TO 2010
CLIMATE RECORD PERIOD 1893 TO 2015


WEATHER ITEM   OBSERVED TIME   RECORD YEAR NORMAL DEPARTURE LAST
                VALUE   (LST)  VALUE       VALUE  FROM      YEAR
                                                  NORMAL
..................................................................
TEMPERATURE (F)
 TODAY
  MAXIMUM         56    329 PM  93    1960  62     -6       66
  MINIMUM         26    537 AM  23    1956  37    -11       29
                                      1927
                                      1909
  AVERAGE         41                        49     -8       48

PRECIPITATION (IN)
  TODAY            0.00          3.72 2001   0.10  -0.10      T
  MONTH TO DATE    0.65                      2.17  -1.52     0.45
  SINCE MAR 1      0.98                      3.93  -2.95     1.16
  SINCE JAN 1      2.20                      5.09  -2.89     2.15

SNOWFALL (IN)
  TODAY            0.0           4.7  1988   0.1   -0.1      0.0
  MONTH TO DATE    T                         3.9   -3.9      3.4
  SINCE MAR 1      1.7                      12.3  -10.6     11.1
  SINCE JUL 1     31.9                      43.8  -11.9     45.3
  SNOW DEPTH       0

DEGREE DAYS
 HEATING
  TODAY           24                        16      8       17
  MONTH TO DATE  336                       449   -113      450
  SINCE MAR 1   1156                      1444   -288     1551
  SINCE JUL 1   6905                      7294   -389     7898

 COOLING
  TODAY            0                         0      0        0
  MONTH TO DATE    4                         0      4        0
  SINCE MAR 1      4                         0      4        0
  SINCE JAN 1      4                         0      4        0
..................................................................


WIND (MPH)
  HIGHEST WIND SPEED    24   HIGHEST WIND DIRECTION    NW (330)
  HIGHEST GUST SPEED    35   HIGHEST GUST DIRECTION    NW (330)
  AVERAGE WIND SPEED    12.5


SKY COVER
  POSSIBLE SUNSHINE  MM
  AVERAGE SKY COVER 0.1


WEATHER CONDITIONS
 THE FOLLOWING WEATHER WAS RECORDED TODAY.
  NO SIGNIFICANT WEATHER WAS OBSERVED.


RELATIVE HUMIDITY (PERCENT)
 HIGHEST    75           400 AM
 LOWEST     20           400 PM
 AVERAGE    48

..........................................................


THE SIOUX FALLS SD CLIMATE NORMALS FOR TOMORROW
                         NORMAL    RECORD    YEAR
 MAXIMUM TEMPERATURE (F)   62        91      2009
 MINIMUM TEMPERATURE (F)   38        20      1996
                                             1967


SUNRISE AND SUNSET
APRIL 22 2015.........SUNRISE   633 AM CDT   SUNSET   818 PM CDT
APRIL 23 2015.........SUNRISE   632 AM CDT   SUNSET   820 PM CDT


-  INDICATES NEGATIVE NUMBERS.
R  INDICATES RECORD WAS SET OR TIED.
MM INDICATES DATA IS MISSING.
T  INDICATES TRACE AMOUNT.




$$
