000
CDUS43 KFSD 131238 CCA
CLIFSD

CLIMATE REPORT...CORRECTED
NATIONAL WEATHER SERVICE SIOUX FALLS SD
638 AM CST TUE FEB 13 2018


...................................

...THE SIOUX FALLS SD CLIMATE SUMMARY FOR FEBRUARY 12 2018...

CLIMATE NORMAL PERIOD 1981 TO 2010
CLIMATE RECORD PERIOD 1893 TO 2018


WEATHER ITEM   OBSERVED TIME   RECORD YEAR NORMAL DEPARTURE LAST
                VALUE   (LST)  VALUE       VALUE  FROM      YEAR
                                                  NORMAL
..................................................................
TEMPERATURE (F)
 YESTERDAY
  MAXIMUM         13   1159 PM  63    1990  30    -17       43
  MINIMUM        -10    348 AM -32    1905  11    -21       29
                                      1899
  AVERAGE          2                        20    -18       36

PRECIPITATION (IN)
  YESTERDAY        0.01          1.05 1908   0.02  -0.01     0.00
  MONTH TO DATE    0.42                      0.22   0.20     0.10
  SINCE DEC 1      1.48                      1.47   0.01     2.64
  SINCE JAN 1      0.80                      0.78   0.02     0.72

SNOWFALL (IN)
  YESTERDAY        0.1           7.0  1908   0.3   -0.2      0.0
  MONTH TO DATE    5.9                       2.9    3.0       T
  SINCE DEC 1     22.1                      18.8    3.3     20.3
  SINCE JUL 1     22.3                      27.5   -5.2     26.3
  SNOW DEPTH       4

DEGREE DAYS
 HEATING
  YESTERDAY       63                        45     18       29
  MONTH TO DATE  692                       552    140      487
  SINCE DEC 1   3513                      3472     41     3233
  SINCE JUL 1   4922                      5184   -262     4368

 COOLING
  YESTERDAY        0                         0      0        0
  MONTH TO DATE    0                         0      0        0
  SINCE DEC 1      0                         0      0        0
  SINCE JAN 1      0                         0      0        0
..................................................................


WIND (MPH)
  HIGHEST WIND SPEED    20   HIGHEST WIND DIRECTION     E (110)
  HIGHEST GUST SPEED    24   HIGHEST GUST DIRECTION     E (110)
  AVERAGE WIND SPEED     8.6


SKY COVER
  POSSIBLE SUNSHINE  MM
  AVERAGE SKY COVER 0.8


WEATHER CONDITIONS
 THE FOLLOWING WEATHER WAS RECORDED YESTERDAY.
  LIGHT SNOW
  FOG


RELATIVE HUMIDITY (PERCENT)
 HIGHEST    95           100 AM
 LOWEST     66           200 PM
 AVERAGE    81

..........................................................


THE SIOUX FALLS SD CLIMATE NORMALS FOR TODAY
                         NORMAL    RECORD    YEAR
 MAXIMUM TEMPERATURE (F)   31        59      1921
 MINIMUM TEMPERATURE (F)   11       -30      1905


SUNRISE AND SUNSET
FEBRUARY 13 2018......SUNRISE   728 AM CST   SUNSET   555 PM CST
FEBRUARY 14 2018......SUNRISE   727 AM CST   SUNSET   556 PM CST


-  INDICATES NEGATIVE NUMBERS.
R  INDICATES RECORD WAS SET OR TIED.
MM INDICATES DATA IS MISSING.
T  INDICATES TRACE AMOUNT.




$$
