000
CDUS43 KFSD 140633
CLIFSD


CLIMATE REPORT
NATIONAL WEATHER SERVICE SIOUX FALLS SD
133 AM CDT SAT MAY 14 2016


...................................

...THE SIOUX FALLS SD CLIMATE SUMMARY FOR MAY 13 2016...

CLIMATE NORMAL PERIOD 1981 TO 2010
CLIMATE RECORD PERIOD 1893 TO 2016


WEATHER ITEM   OBSERVED TIME   RECORD YEAR NORMAL DEPARTURE LAST
                VALUE   (LST)  VALUE       VALUE  FROM      YEAR
                                                  NORMAL
..................................................................
TEMPERATURE (F)
 YESTERDAY
  MAXIMUM         48   1246 PM  92    1987  69    -21       73
  MINIMUM         37   1159 PM  24    1997  45     -8       49
  AVERAGE         43                        57    -14       61

PRECIPITATION (IN)
  YESTERDAY        0.02          1.70 1957   0.11  -0.09     0.00
  MONTH TO DATE    0.65                      1.37  -0.72     1.11
  SINCE MAR 1      7.36                      6.14   1.22     2.44
  SINCE JAN 1      9.04                      7.30   1.74     3.66

SNOWFALL (IN)
  YESTERDAY        0.0          MM      MM   0.0    0.0      0.0
  MONTH TO DATE    0.0                       0.4   -0.4      0.0
  SINCE MAR 1     12.2                      13.4   -1.2      1.7
  SINCE JUL 1     68.5                      44.9   23.6     31.9
  SNOW DEPTH       0

DEGREE DAYS
 HEATING
  YESTERDAY       22                         9     13        4
  MONTH TO DATE  123                       136    -13      101
  SINCE MAR 1   1369                      1693   -324     1352
  SINCE JUL 1   6405                      7543  -1138     7101

 COOLING
  YESTERDAY        0                         1     -1        0
  MONTH TO DATE    6                         9     -3        6
  SINCE MAR 1      6                        14     -8       10
  SINCE JAN 1      6                        14     -8       10
..................................................................


WIND (MPH)
  HIGHEST WIND SPEED    29   HIGHEST WIND DIRECTION     N (340)
  HIGHEST GUST SPEED    37   HIGHEST GUST DIRECTION    NW (320)
  AVERAGE WIND SPEED    14.0


SKY COVER
  POSSIBLE SUNSHINE  MM
  AVERAGE SKY COVER 0.8


WEATHER CONDITIONS
 THE FOLLOWING WEATHER WAS RECORDED YESTERDAY.
  THUNDERSTORM
  LIGHT RAIN
  FOG


RELATIVE HUMIDITY (PERCENT)
 HIGHEST    92           200 AM
 LOWEST     53           400 PM
 AVERAGE    73

..........................................................


THE SIOUX FALLS SD CLIMATE NORMALS FOR TODAY
                         NORMAL    RECORD    YEAR
 MAXIMUM TEMPERATURE (F)   69        96      1941
 MINIMUM TEMPERATURE (F)   46        29      1904


SUNRISE AND SUNSET
MAY 14 2016...........SUNRISE   603 AM CDT   SUNSET   845 PM CDT
MAY 15 2016...........SUNRISE   602 AM CDT   SUNSET   846 PM CDT


-  INDICATES NEGATIVE NUMBERS.
R  INDICATES RECORD WAS SET OR TIED.
MM INDICATES DATA IS MISSING.
T  INDICATES TRACE AMOUNT.




$$
