000
CDUS43 KFSD 032221
CLIFSD


CLIMATE REPORT
NATIONAL WEATHER SERVICE SIOUX FALLS SD
521 PM CDT SUN JUL 3 2016


...................................

...THE SIOUX FALLS SD CLIMATE SUMMARY FOR JULY 3 2016...
VALID TODAY AS OF 0500 PM LOCAL TIME.

CLIMATE NORMAL PERIOD 1981 TO 2010
CLIMATE RECORD PERIOD 1893 TO 2016


WEATHER ITEM   OBSERVED TIME   RECORD YEAR NORMAL DEPARTURE LAST
                VALUE   (LST)  VALUE       VALUE  FROM      YEAR
                                                  NORMAL
..................................................................
TEMPERATURE (F)
 TODAY
  MAXIMUM         76    353 PM 104    1990  84     -8       79
  MINIMUM         55    540 AM  40    1917  61     -6       51
  AVERAGE         66                        72     -6       65

PRECIPITATION (IN)
  TODAY            0.00          1.96 1981   0.10  -0.10     0.00
  MONTH TO DATE    0.00                      0.31  -0.31     0.20
  SINCE JUN 1      1.72                      4.23  -2.51     4.49
  SINCE JAN 1     13.22                     13.56  -0.34    11.04

SNOWFALL (IN)
  TODAY            0.0           0.0    MM   0.0    0.0      0.0
  MONTH TO DATE    0.0                       0.0    0.0      0.0
  SINCE JUN 1      0.0                       0.0    0.0      0.0
  SINCE JUL 1      0.0                       0.0    0.0      0.0
  SNOW DEPTH       0

DEGREE DAYS
 HEATING
  TODAY            0                         0      0        0
  MONTH TO DATE    4                         0      4        1
  SINCE JUN 1     13                        51    -38       10
  SINCE JUL 1      4                         0      4        1

 COOLING
  TODAY            1                         8     -7        0
  MONTH TO DATE    3                        23    -20        3
  SINCE JUN 1    238                       158     80      142
  SINCE JAN 1    271                       194     77      164
..................................................................


WIND (MPH)
  HIGHEST WIND SPEED    20   HIGHEST WIND DIRECTION    SE (140)
  HIGHEST GUST SPEED    23   HIGHEST GUST DIRECTION     S (170)
  AVERAGE WIND SPEED     9.9


SKY COVER
  POSSIBLE SUNSHINE  MM
  AVERAGE SKY COVER 0.1


WEATHER CONDITIONS
 THE FOLLOWING WEATHER WAS RECORDED TODAY.
  NO SIGNIFICANT WEATHER WAS OBSERVED.


RELATIVE HUMIDITY (PERCENT)
 HIGHEST    93           100 AM
 LOWEST     49           100 PM
 AVERAGE    71

..........................................................


THE SIOUX FALLS SD CLIMATE NORMALS FOR TOMORROW
                         NORMAL    RECORD    YEAR
 MAXIMUM TEMPERATURE (F)   84       108      1936
 MINIMUM TEMPERATURE (F)   61        38      1967


SUNRISE AND SUNSET
JULY  3 2016..........SUNRISE   551 AM CDT   SUNSET   911 PM CDT
JULY  4 2016..........SUNRISE   552 AM CDT   SUNSET   911 PM CDT


-  INDICATES NEGATIVE NUMBERS.
R  INDICATES RECORD WAS SET OR TIED.
MM INDICATES DATA IS MISSING.
T  INDICATES TRACE AMOUNT.




$$
