000
CDUS43 KFSD 310634
CLIFSD


CLIMATE REPORT
NATIONAL WEATHER SERVICE SIOUX FALLS SD
1234 AM CST TUE JAN 31 2017


...................................

...THE SIOUX FALLS SD CLIMATE SUMMARY FOR JANUARY 30 2017...

CLIMATE NORMAL PERIOD 1981 TO 2010
CLIMATE RECORD PERIOD 1893 TO 2017


WEATHER ITEM   OBSERVED TIME   RECORD YEAR NORMAL DEPARTURE LAST
                VALUE   (LST)  VALUE       VALUE  FROM      YEAR
                                                  NORMAL
..................................................................
TEMPERATURE (F)
 YESTERDAY
  MAXIMUM         44    232 PM  58    1989  28     16       41
  MINIMUM         28    749 AM -27    1899   8     20       22
  AVERAGE         36                        18     18       32

PRECIPITATION (IN)
  YESTERDAY        0.00          0.39 1929   0.02  -0.02      T
  MONTH TO DATE    0.62                      0.54   0.08     0.48
  SINCE DEC 1      2.54                      1.23   1.31     1.79
  SINCE JAN 1      0.62                      0.54   0.08     0.48

SNOWFALL (IN)
  YESTERDAY        0.0           4.5  1929   0.2   -0.2      0.0
  MONTH TO DATE    9.4                       7.4    2.0      6.9
  SINCE DEC 1     20.3                      15.6    4.7     26.0
  SINCE JUL 1     26.3                      24.3    2.0     43.3
  SNOW DEPTH       3

DEGREE DAYS
 HEATING
  YESTERDAY       29                        47    -18       33
  MONTH TO DATE 1324                      1457   -133     1435
  SINCE DEC 1   2713                      2878   -165     2629
  SINCE JUL 1   3848                      4590   -742     3903

 COOLING
  YESTERDAY        0                         0      0        0
  MONTH TO DATE    0                         0      0        0
  SINCE DEC 1      0                         0      0        0
  SINCE JAN 1      0                         0      0        0
..................................................................


WIND (MPH)
  HIGHEST WIND SPEED    25   HIGHEST WIND DIRECTION    NW (300)
  HIGHEST GUST SPEED    43   HIGHEST GUST DIRECTION    NW (300)
  AVERAGE WIND SPEED    14.5


SKY COVER
  POSSIBLE SUNSHINE  MM
  AVERAGE SKY COVER 0.5


WEATHER CONDITIONS
 THE FOLLOWING WEATHER WAS RECORDED YESTERDAY.
  NO SIGNIFICANT WEATHER WAS OBSERVED.


RELATIVE HUMIDITY (PERCENT)
 HIGHEST   100           200 AM
 LOWEST     58           200 PM
 AVERAGE    79

..........................................................


THE SIOUX FALLS SD CLIMATE NORMALS FOR TODAY
                         NORMAL    RECORD    YEAR
 MAXIMUM TEMPERATURE (F)   28        57      1911
 MINIMUM TEMPERATURE (F)    8       -27      1918


SUNRISE AND SUNSET
JANUARY 31 2017.......SUNRISE   744 AM CST   SUNSET   537 PM CST
FEBRUARY  1 2017......SUNRISE   743 AM CST   SUNSET   539 PM CST


-  INDICATES NEGATIVE NUMBERS.
R  INDICATES RECORD WAS SET OR TIED.
MM INDICATES DATA IS MISSING.
T  INDICATES TRACE AMOUNT.




$$
