000
CDUS43 KFSD 142236
CLIFSD


CLIMATE REPORT
NATIONAL WEATHER SERVICE SIOUX FALLS SD
436 PM CST SAT FEB 14 2015


...................................

...THE SIOUX FALLS SD CLIMATE SUMMARY FOR FEBRUARY 14 2015...
VALID TODAY AS OF 0400 PM LOCAL TIME.

CLIMATE NORMAL PERIOD 1981 TO 2010
CLIMATE RECORD PERIOD 1893 TO 2015


WEATHER ITEM   OBSERVED TIME   RECORD YEAR NORMAL DEPARTURE LAST
                VALUE   (LST)  VALUE       VALUE  FROM      YEAR
                                                  NORMAL
..................................................................
TEMPERATURE (F)
 TODAY
  MAXIMUM         28   1229 AM  66    1954  31     -3       11
  MINIMUM          2    833 AM -28    1936  11     -9       -7
  AVERAGE         15                        21     -6        2

PRECIPITATION (IN)
  TODAY            T             0.78 1969   0.02  -0.02     0.15
  MONTH TO DATE    0.25                      0.26  -0.01     0.33
  SINCE DEC 1      2.39                      1.51   0.88     1.77
  SINCE JAN 1      1.06                      0.82   0.24     0.64

SNOWFALL (IN)
  TODAY            T             9.8  1969   0.2   -0.2      2.2
  MONTH TO DATE    3.9                       3.3    0.6      6.0
  SINCE DEC 1     19.6                      19.2    0.4     23.3
  SINCE JUL 1     27.9                      27.9    0.0     31.2
  SNOW DEPTH       T

DEGREE DAYS
 HEATING
  TODAY           50                        44      6       63
  MONTH TO DATE  655                       640     15      821
  SINCE DEC 1   3269                      3560   -291     4064
  SINCE JUL 1   5025                      5272   -247     5685

 COOLING
  TODAY            0                         0      0        0
  MONTH TO DATE    0                         0      0        0
  SINCE DEC 1      0                         0      0        0
  SINCE JAN 1      0                         0      0        0
..................................................................


WIND (MPH)
  HIGHEST WIND SPEED    31   HIGHEST WIND DIRECTION     N (360)
  HIGHEST GUST SPEED    38   HIGHEST GUST DIRECTION     N (20)
  AVERAGE WIND SPEED    17.0


SKY COVER
  POSSIBLE SUNSHINE  MM
  AVERAGE SKY COVER 0.9


WEATHER CONDITIONS
 THE FOLLOWING WEATHER WAS RECORDED TODAY.
  LIGHT SNOW


RELATIVE HUMIDITY (PERCENT)
 HIGHEST    81           200 AM
 LOWEST     46           200 PM
 AVERAGE    64

..........................................................


THE SIOUX FALLS SD CLIMATE NORMALS FOR TOMORROW
                         NORMAL    RECORD    YEAR
 MAXIMUM TEMPERATURE (F)   31        63      1921
 MINIMUM TEMPERATURE (F)   12       -21      1909


SUNRISE AND SUNSET
FEBRUARY 14 2015......SUNRISE   727 AM CST   SUNSET   556 PM CST
FEBRUARY 15 2015......SUNRISE   726 AM CST   SUNSET   557 PM CST


-  INDICATES NEGATIVE NUMBERS.
R  INDICATES RECORD WAS SET OR TIED.
MM INDICATES DATA IS MISSING.
T  INDICATES TRACE AMOUNT.




$$
