000
CDUS43 KFSD 052221
CLIFSD


CLIMATE REPORT
NATIONAL WEATHER SERVICE SIOUX FALLS SD
519 PM CDT THU OCT 5 2017


...................................

...THE SIOUX FALLS SD CLIMATE SUMMARY FOR OCTOBER 5 2017...
VALID TODAY AS OF 0500 PM LOCAL TIME.

CLIMATE NORMAL PERIOD 1981 TO 2010
CLIMATE RECORD PERIOD 1893 TO 2017


WEATHER ITEM   OBSERVED TIME   RECORD YEAR NORMAL DEPARTURE LAST
                VALUE   (LST)  VALUE       VALUE  FROM      YEAR
                                                  NORMAL
..................................................................
TEMPERATURE (F)
 TODAY
  MAXIMUM         61    359 PM  94    1963  65     -4       67
  MINIMUM         55   1025 AM  20    1952  40     15       45
  AVERAGE         58                        53      5       56

PRECIPITATION (IN)
  TODAY            0.02          4.04 1911   0.09  -0.07     0.00
  MONTH TO DATE    4.30                      0.45   3.85     2.53
  SINCE SEP 1      5.92                      3.22   2.70    10.08
  SINCE JAN 1     23.51                     22.61   0.90    27.94

SNOWFALL (IN)
  TODAY            0.0           T    1991   0.1   -0.1      0.0
                                      1954
  MONTH TO DATE    0.0                       0.1   -0.1      0.0
  SINCE SEP 1      0.0                       0.1   -0.1      0.0
  SINCE JUL 1      0.0                       0.1   -0.1      0.0
  SNOW DEPTH       0

DEGREE DAYS
 HEATING
  TODAY            7                        13     -6        9
  MONTH TO DATE   35                        60    -25       25
  SINCE SEP 1    121                       233   -112       95
  SINCE JUL 1    127                       264   -137      103

 COOLING
  TODAY            0                         0      0        0
  MONTH TO DATE    2                         0      2        2
  SINCE SEP 1    100                        60     40       99
  SINCE JAN 1    774                       685     89      879
..................................................................


WIND (MPH)
  HIGHEST WIND SPEED    12   HIGHEST WIND DIRECTION     S (200)
  HIGHEST GUST SPEED    14   HIGHEST GUST DIRECTION     S (190)
  AVERAGE WIND SPEED     5.2


SKY COVER
  POSSIBLE SUNSHINE  MM
  AVERAGE SKY COVER 1.0


WEATHER CONDITIONS
 THE FOLLOWING WEATHER WAS RECORDED TODAY.
  LIGHT RAIN
  FOG


RELATIVE HUMIDITY (PERCENT)
 HIGHEST   100          1100 AM
 LOWEST     60           400 AM
 AVERAGE    80

..........................................................


THE SIOUX FALLS SD CLIMATE NORMALS FOR TOMORROW
                         NORMAL    RECORD    YEAR
 MAXIMUM TEMPERATURE (F)   64        88      2007
 MINIMUM TEMPERATURE (F)   40        21      1898


SUNRISE AND SUNSET
OCTOBER  5 2017.......SUNRISE   729 AM CDT   SUNSET   700 PM CDT
OCTOBER  6 2017.......SUNRISE   731 AM CDT   SUNSET   659 PM CDT


-  INDICATES NEGATIVE NUMBERS.
R  INDICATES RECORD WAS SET OR TIED.
MM INDICATES DATA IS MISSING.
T  INDICATES TRACE AMOUNT.




$$
