000
CDUS43 KFSD 212319
CLIFSD


CLIMATE REPORT
NATIONAL WEATHER SERVICE SIOUX FALLS SD
617 PM CDT SUN JUN 21 2015


...................................

...THE SIOUX FALLS SD CLIMATE SUMMARY FOR JUNE 21 2015...
VALID TODAY AS OF 0600 PM LOCAL TIME.

CLIMATE NORMAL PERIOD 1981 TO 2010
CLIMATE RECORD PERIOD 1893 TO 2015


WEATHER ITEM   OBSERVED TIME   RECORD YEAR NORMAL DEPARTURE LAST
                VALUE   (LST)  VALUE       VALUE  FROM      YEAR
                                                  NORMAL
..................................................................
TEMPERATURE (F)
 TODAY
  MAXIMUM         84    400 PM 110    1988  81      3       86
  MINIMUM         61        MM  34    1902  58      3       63
  AVERAGE         73                        70      3       75

PRECIPITATION (IN)
  TODAY            0.00          1.91 1984   0.13  -0.13     0.26
  MONTH TO DATE    3.23                      2.78   0.45    13.39
  SINCE JUN 1      3.23                      2.78   0.45    13.39
  SINCE JAN 1      9.78                     12.11  -2.33    18.37

SNOWFALL (IN)
  TODAY            0.0           0.0    MM   0.0    0.0      0.0
  MONTH TO DATE    0.0                       0.0    0.0       T
  SINCE JUN 1      0.0                       0.0    0.0       T
  SINCE JUL 1     31.9                      44.5  -12.6     45.3
  SNOW DEPTH      MM

DEGREE DAYS
 HEATING
  TODAY            0                         1     -1        0
  MONTH TO DATE    9                        46    -37       32
  SINCE JUN 1      9                        46    -37       32
  SINCE JUL 1   7246                      7701   -455     8320

 COOLING
  TODAY            8                         6      2       10
  MONTH TO DATE   93                        76     17       77
  SINCE JUN 1     93                        76     17       77
  SINCE JAN 1    115                       112      3      130
..................................................................


WIND (MPH)
  HIGHEST WIND SPEED     9   HIGHEST WIND DIRECTION    SW (210)
  HIGHEST GUST SPEED    MM   HIGHEST GUST DIRECTION    MM
  AVERAGE WIND SPEED     3.3


SKY COVER
  POSSIBLE SUNSHINE  MM
  AVERAGE SKY COVER 0.5


WEATHER CONDITIONS
 THE FOLLOWING WEATHER WAS RECORDED TODAY.
  NO SIGNIFICANT WEATHER WAS OBSERVED.


RELATIVE HUMIDITY (PERCENT)
 HIGHEST    93           200 AM
 LOWEST     37           100 PM
 AVERAGE    65

..........................................................


THE SIOUX FALLS SD CLIMATE NORMALS FOR TOMORROW
                         NORMAL    RECORD    YEAR
 MAXIMUM TEMPERATURE (F)   81        97      1911
 MINIMUM TEMPERATURE (F)   59        39      1972
                                             1905


SUNRISE AND SUNSET
JUNE 21 2015..........SUNRISE   546 AM CDT   SUNSET   912 PM CDT
JUNE 22 2015..........SUNRISE   546 AM CDT   SUNSET   912 PM CDT


-  INDICATES NEGATIVE NUMBERS.
R  INDICATES RECORD WAS SET OR TIED.
MM INDICATES DATA IS MISSING.
T  INDICATES TRACE AMOUNT.




$$
