000
CDUS43 KFSD 280704
CLIFSD


CLIMATE REPORT
NATIONAL WEATHER SERVICE SIOUX FALLS SD
1252 AM CST SUN JAN 28 2018


...................................

...THE SIOUX FALLS SD CLIMATE SUMMARY FOR JANUARY 27 2018...

CLIMATE NORMAL PERIOD 1981 TO 2010
CLIMATE RECORD PERIOD 1893 TO 2018


WEATHER ITEM   OBSERVED TIME   RECORD YEAR NORMAL DEPARTURE LAST
                VALUE   (LST)  VALUE       VALUE  FROM      YEAR
                                                  NORMAL
..................................................................
TEMPERATURE (F)
 YESTERDAY
  MAXIMUM         42    237 PM  54    1989  27     15       29
  MINIMUM         21   1159 PM -26    1897   7     14        7
  AVERAGE         32                        17     15       18

PRECIPITATION (IN)
  YESTERDAY        0.07          1.30 1944   0.02   0.05     0.00
  MONTH TO DATE    0.38                      0.49  -0.11     0.62
  SINCE DEC 1      1.06                      1.18  -0.12     2.54
  SINCE JAN 1      0.38                      0.49  -0.11     0.62

SNOWFALL (IN)
  YESTERDAY        1.5           5.6  1969   0.3    1.2      0.0
  MONTH TO DATE    5.8                       6.7   -0.9      9.4
  SINCE DEC 1     16.2                      14.9    1.3     20.3
  SINCE JUL 1     16.4                      23.6   -7.2     26.3
  SNOW DEPTH       0

DEGREE DAYS
 HEATING
  YESTERDAY       33                        48    -15       47
  MONTH TO DATE 1279                      1314    -35     1227
  SINCE DEC 1   2631                      2735   -104     2616
  SINCE JUL 1   4040                      4447   -407     3751

 COOLING
  YESTERDAY        0                         0      0        0
  MONTH TO DATE    0                         0      0        0
  SINCE DEC 1      0                         0      0        0
  SINCE JAN 1      0                         0      0        0
..................................................................


WIND (MPH)
  HIGHEST WIND SPEED    20   HIGHEST WIND DIRECTION    NW (310)
  HIGHEST GUST SPEED    23   HIGHEST GUST DIRECTION     W (280)
  AVERAGE WIND SPEED     8.4


SKY COVER
  POSSIBLE SUNSHINE  MM
  AVERAGE SKY COVER 0.4


WEATHER CONDITIONS
 THE FOLLOWING WEATHER WAS RECORDED YESTERDAY.
  LIGHT RAIN
  SNOW
  LIGHT SNOW
  FOG


RELATIVE HUMIDITY (PERCENT)
 HIGHEST   100           900 PM
 LOWEST     55           200 PM
 AVERAGE    78

..........................................................


THE SIOUX FALLS SD CLIMATE NORMALS FOR TODAY
                         NORMAL    RECORD    YEAR
 MAXIMUM TEMPERATURE (F)   27        55      1896
 MINIMUM TEMPERATURE (F)    7       -27      1966


SUNRISE AND SUNSET
JANUARY 28 2018.......SUNRISE   747 AM CST   SUNSET   533 PM CST
JANUARY 29 2018.......SUNRISE   746 AM CST   SUNSET   534 PM CST


-  INDICATES NEGATIVE NUMBERS.
R  INDICATES RECORD WAS SET OR TIED.
MM INDICATES DATA IS MISSING.
T  INDICATES TRACE AMOUNT.




$$
