000
CDUS43 KFSD 290622
CLIFSD


CLIMATE REPORT
NATIONAL WEATHER SERVICE SIOUX FALLS SD
121 AM CDT THU JUN 29 2017


...................................

...THE SIOUX FALLS SD CLIMATE SUMMARY FOR JUNE 28 2017...

CLIMATE NORMAL PERIOD 1981 TO 2010
CLIMATE RECORD PERIOD 1893 TO 2017


WEATHER ITEM   OBSERVED TIME   RECORD YEAR NORMAL DEPARTURE LAST
                VALUE   (LST)  VALUE       VALUE  FROM      YEAR
                                                  NORMAL
..................................................................
TEMPERATURE (F)
 YESTERDAY
  MAXIMUM         86    338 PM 105    1988  83      3       81
  MINIMUM         63   1111 PM  37    1895  60      3       55
  AVERAGE         75                        71      4       68

PRECIPITATION (IN)
  YESTERDAY        0.83          2.15 1928   0.12   0.71      T
  MONTH TO DATE    3.27                      3.68  -0.41     1.27
  SINCE JUN 1      3.27                      3.68  -0.41     1.27
  SINCE JAN 1     11.02                     13.01  -1.99    12.77

SNOWFALL (IN)
  YESTERDAY        0.0           0.0    MM   0.0    0.0      0.0
  MONTH TO DATE    0.0                       0.0    0.0      0.0
  SINCE JUN 1      0.0                       0.0    0.0      0.0
  SINCE JUL 1     42.9                      44.5   -1.6     68.5
  SNOW DEPTH       0

DEGREE DAYS
 HEATING
  YESTERDAY        0                         0      0        0
  MONTH TO DATE   26                        52    -26        9
  SINCE JUN 1     26                        52    -26        9
  SINCE JUL 1   6463                      7707  -1244     6504

 COOLING
  YESTERDAY       10                         7      3        3
  MONTH TO DATE  194                       121     73      227
  SINCE JUN 1    194                       121     73      227
  SINCE JAN 1    220                       157     63      260
..................................................................


WIND (MPH)
  HIGHEST WIND SPEED    23   HIGHEST WIND DIRECTION     S (160)
  HIGHEST GUST SPEED    34   HIGHEST GUST DIRECTION    SE (150)
  AVERAGE WIND SPEED     8.8


SKY COVER
  POSSIBLE SUNSHINE  MM
  AVERAGE SKY COVER 0.4


WEATHER CONDITIONS
 THE FOLLOWING WEATHER WAS RECORDED YESTERDAY.
  THUNDERSTORM
  HEAVY RAIN
  RAIN
  LIGHT RAIN
  FOG


RELATIVE HUMIDITY (PERCENT)
 HIGHEST    93           400 AM
 LOWEST     48           500 PM
 AVERAGE    71

..........................................................


THE SIOUX FALLS SD CLIMATE NORMALS FOR TODAY
                         NORMAL    RECORD    YEAR
 MAXIMUM TEMPERATURE (F)   83       101      2002
 MINIMUM TEMPERATURE (F)   60        42      1950


SUNRISE AND SUNSET
JUNE 29 2017..........SUNRISE   549 AM CDT   SUNSET   912 PM CDT
JUNE 30 2017..........SUNRISE   549 AM CDT   SUNSET   912 PM CDT


-  INDICATES NEGATIVE NUMBERS.
R  INDICATES RECORD WAS SET OR TIED.
MM INDICATES DATA IS MISSING.
T  INDICATES TRACE AMOUNT.




$$
