144
CDUS43 KFSD 290642
CLIFSD


CLIMATE REPORT
NATIONAL WEATHER SERVICE SIOUX FALLS SD
1239 AM CST TUE NOV 29 2016


...................................

...THE SIOUX FALLS SD CLIMATE SUMMARY FOR NOVEMBER 28 2016...

CLIMATE NORMAL PERIOD 1981 TO 2010
CLIMATE RECORD PERIOD 1893 TO 2016


WEATHER ITEM   OBSERVED TIME   RECORD YEAR NORMAL DEPARTURE LAST
                VALUE   (LST)  VALUE       VALUE  FROM      YEAR
                                                  NORMAL
..................................................................
TEMPERATURE (F)
 YESTERDAY
  MAXIMUM         50   1206 AM  66    1941  35     15       30
  MINIMUM         32   1159 PM -11    1896  16     16        7
  AVERAGE         41                        26     15       19

PRECIPITATION (IN)
  YESTERDAY        0.19          1.16 2005   0.04   0.15     0.00
  MONTH TO DATE    1.75                      1.29   0.46     3.24
  SINCE SEP 1     12.39                      6.23   6.16     9.38
  SINCE JAN 1     30.25                     25.62   4.63    30.98

SNOWFALL (IN)
  YESTERDAY        0.4           5.6  2005   0.3    0.1      0.0
  MONTH TO DATE    5.4                       6.8   -1.4      8.6
  SINCE SEP 1      5.4                       8.1   -2.7      8.6
  SINCE JUL 1      5.4                       8.1   -2.7      8.6
  SNOW DEPTH       0

DEGREE DAYS
 HEATING
  YESTERDAY       24                        40    -16       46
  MONTH TO DATE  610                       890   -280      724
  SINCE SEP 1   1063                      1599   -536     1163
  SINCE JUL 1   1071                      1630   -559     1203

 COOLING
  YESTERDAY        0                         0      0        0
  MONTH TO DATE    0                         0      0        0
  SINCE SEP 1     99                        65     34      140
  SINCE JAN 1    879                       690    189      715
..................................................................


WIND (MPH)
  HIGHEST WIND SPEED    23   HIGHEST WIND DIRECTION     W (270)
  HIGHEST GUST SPEED    33   HIGHEST GUST DIRECTION    SW (230)
  AVERAGE WIND SPEED    14.6


SKY COVER
  POSSIBLE SUNSHINE  MM
  AVERAGE SKY COVER 1.0


WEATHER CONDITIONS
 THE FOLLOWING WEATHER WAS RECORDED YESTERDAY.
  LIGHT RAIN
  LIGHT SNOW
  FOG


RELATIVE HUMIDITY (PERCENT)
 HIGHEST   100           200 AM
 LOWEST     82          1000 AM
 AVERAGE    91

..........................................................


THE SIOUX FALLS SD CLIMATE NORMALS FOR TODAY
                         NORMAL    RECORD    YEAR
 MAXIMUM TEMPERATURE (F)   34        60      1973
 MINIMUM TEMPERATURE (F)   16       -14      1964


SUNRISE AND SUNSET
NOVEMBER 29 2016......SUNRISE   739 AM CST   SUNSET   452 PM CST
NOVEMBER 30 2016......SUNRISE   740 AM CST   SUNSET   452 PM CST


-  INDICATES NEGATIVE NUMBERS.
R  INDICATES RECORD WAS SET OR TIED.
MM INDICATES DATA IS MISSING.
T  INDICATES TRACE AMOUNT.




$$
