000
CDUS43 KFSD 180020
CLIFSD


CLIMATE REPORT
NATIONAL WEATHER SERVICE SIOUX FALLS SD
720 PM CDT THU JUL 17 2014


...................................

...THE SIOUX FALLS SD CLIMATE SUMMARY FOR JULY 17 2014...
VALID AS OF 0700 PM LOCAL TIME.

CLIMATE NORMAL PERIOD 1981 TO 2010
CLIMATE RECORD PERIOD 1893 TO 2014


WEATHER ITEM   OBSERVED TIME   RECORD YEAR NORMAL DEPARTURE LAST
                VALUE   (LST)  VALUE       VALUE  FROM      YEAR
                                                  NORMAL
..................................................................
TEMPERATURE (F)
 TODAY
  MAXIMUM         77    427 PM 110    1936  84     -7       91
  MINIMUM         58    602 AM  44    1900  62     -4       71
  AVERAGE         68                        73     -5       81

PRECIPITATION (IN)
  TODAY            0.00          0.91 1993   0.09  -0.09     0.00
  MONTH TO DATE    0.46                      1.72  -1.26     0.31
  SINCE JUN 1     14.16                      5.64   8.52     4.59
  SINCE JAN 1     19.14                     14.97   4.17    16.90

SNOWFALL (IN)
  TODAY            0.0           0.0    MM   0.0    0.0      0.0
  MONTH TO DATE    0.0                       0.0    0.0      0.0
  SINCE JUN 1      T                         0.0    0.0      0.0
  SINCE JUL 1      0.0                       0.0    0.0      0.0
  SNOW DEPTH       0

DEGREE DAYS
 HEATING
  TODAY            0                         0      0        0
  MONTH TO DATE   13                         0     13        0
  SINCE JUN 1     45                        51     -6       69
  SINCE JUL 1     13                         0     13        0

 COOLING
  TODAY            3                         9     -6       16
  MONTH TO DATE   95                       140    -45      171
  SINCE JUN 1    231                       275    -44      307
  SINCE JAN 1    284                       311    -27      349
..................................................................


WIND (MPH)
  HIGHEST WIND SPEED    16   HIGHEST WIND DIRECTION     S (190)
  HIGHEST GUST SPEED    20   HIGHEST GUST DIRECTION     S (180)
  AVERAGE WIND SPEED     6.6


SKY COVER
  POSSIBLE SUNSHINE  MM
  AVERAGE SKY COVER 0.6


WEATHER CONDITIONS
 THE FOLLOWING WEATHER WAS RECORDED TODAY.
  NO SIGNIFICANT WEATHER WAS OBSERVED.


RELATIVE HUMIDITY (PERCENT)
 HIGHEST    86           600 AM
 LOWEST     46           200 PM
 AVERAGE    66

..........................................................


THE SIOUX FALLS SD CLIMATE NORMALS FOR TOMORROW
                         NORMAL    RECORD    YEAR
 MAXIMUM TEMPERATURE (F)   84       105      1940
 MINIMUM TEMPERATURE (F)   62        50      2009
                                             2006
                                             1893


SUNRISE AND SUNSET
JULY 17 2014..........SUNRISE   601 AM CDT   SUNSET   904 PM CDT
JULY 18 2014..........SUNRISE   602 AM CDT   SUNSET   904 PM CDT


-  INDICATES NEGATIVE NUMBERS.
R  INDICATES RECORD WAS SET OR TIED.
MM INDICATES DATA IS MISSING.
T  INDICATES TRACE AMOUNT.




&&
.........................................................

ADDITIONAL WEATHER INFORMATION FOR TODAY
        TEMPERATURE / HUMIDITY
AT  4 AM      59    /    74%
AT  7 AM      58    /    83%
AT 10 AM      71    /    61%
AT  1 PM      74    /    55%
AT  4 PM      77    /    46%
AT  7 PM      74    /    49%

$$
