000
CDUS43 KFSD 292228
CLIFSD


CLIMATE REPORT
NATIONAL WEATHER SERVICE SIOUX FALLS SD
528 PM CDT WED JUN 29 2016


...................................

...THE SIOUX FALLS SD CLIMATE SUMMARY FOR JUNE 29 2016...
VALID TODAY AS OF 0500 PM LOCAL TIME.

CLIMATE NORMAL PERIOD 1981 TO 2010
CLIMATE RECORD PERIOD 1893 TO 2016


WEATHER ITEM   OBSERVED TIME   RECORD YEAR NORMAL DEPARTURE LAST
                VALUE   (LST)  VALUE       VALUE  FROM      YEAR
                                                  NORMAL
..................................................................
TEMPERATURE (F)
 TODAY
  MAXIMUM         81    253 PM 101    2002  83     -2       83
  MINIMUM         63    516 AM  42    1950  60      3       61
  AVERAGE         72                        72      0       72

PRECIPITATION (IN)
  TODAY            0.45          2.68 1997   0.12   0.33     0.00
  MONTH TO DATE    1.72                      3.80  -2.08     4.26
  SINCE JUN 1      1.72                      3.80  -2.08     4.26
  SINCE JAN 1     13.22                     13.13   0.09    10.81

SNOWFALL (IN)
  TODAY            0.0           0.0    MM   0.0    0.0      0.0
  MONTH TO DATE    0.0                       0.0    0.0      0.0
  SINCE JUN 1      0.0                       0.0    0.0      0.0
  SINCE JUL 1     68.5                      44.5   24.0     31.9
  SNOW DEPTH       0

DEGREE DAYS
 HEATING
  TODAY            0                         0      0        0
  MONTH TO DATE    9                        52    -43        9
  SINCE JUN 1      9                        52    -43        9
  SINCE JUL 1   6504                      7707  -1203     7246

 COOLING
  TODAY            7                         7      0        7
  MONTH TO DATE  234                       128    106      135
  SINCE JUN 1    234                       128    106      135
  SINCE JAN 1    267                       164    103      157
..................................................................


WIND (MPH)
  HIGHEST WIND SPEED    20   HIGHEST WIND DIRECTION     N (350)
  HIGHEST GUST SPEED    23   HIGHEST GUST DIRECTION     N (340)
  AVERAGE WIND SPEED     8.2


SKY COVER
  POSSIBLE SUNSHINE  MM
  AVERAGE SKY COVER 0.7


WEATHER CONDITIONS
 THE FOLLOWING WEATHER WAS RECORDED TODAY.
  THUNDERSTORM
  HEAVY RAIN
  RAIN
  LIGHT RAIN
  FOG


RELATIVE HUMIDITY (PERCENT)
 HIGHEST    93           400 AM
 LOWEST     58           300 PM
 AVERAGE    76

..........................................................


THE SIOUX FALLS SD CLIMATE NORMALS FOR TOMORROW
                         NORMAL    RECORD    YEAR
 MAXIMUM TEMPERATURE (F)   83       103      1894
 MINIMUM TEMPERATURE (F)   61        43      1924


SUNRISE AND SUNSET
JUNE 29 2016..........SUNRISE   549 AM CDT   SUNSET   912 PM CDT
JUNE 30 2016..........SUNRISE   549 AM CDT   SUNSET   912 PM CDT


-  INDICATES NEGATIVE NUMBERS.
R  INDICATES RECORD WAS SET OR TIED.
MM INDICATES DATA IS MISSING.
T  INDICATES TRACE AMOUNT.




$$
