938
CDUS43 KFSD 150645
CLIFSD


CLIMATE REPORT
NATIONAL WEATHER SERVICE SIOUX FALLS SD
145 AM CDT MON MAY 15 2017


...................................

...THE SIOUX FALLS SD CLIMATE SUMMARY FOR MAY 14 2017...

CLIMATE NORMAL PERIOD 1981 TO 2010
CLIMATE RECORD PERIOD 1893 TO 2017


WEATHER ITEM   OBSERVED TIME   RECORD YEAR NORMAL DEPARTURE LAST
                VALUE   (LST)  VALUE       VALUE  FROM      YEAR
                                                  NORMAL
..................................................................
TEMPERATURE (F)
 YESTERDAY
  MAXIMUM         85    426 PM  96    1941  69     16       58
  MINIMUM         59    525 AM  29    1904  46     13       32
  AVERAGE         72                        57     15       45

PRECIPITATION (IN)
  YESTERDAY        0.00          1.69 1906   0.10  -0.10      T
  MONTH TO DATE    0.56                      1.47  -0.91     0.65
  SINCE MAR 1      3.97                      6.24  -2.27     7.36
  SINCE JAN 1      5.08                      7.40  -2.32     9.04

SNOWFALL (IN)
  YESTERDAY        0.0          MM      MM   0.0    0.0      0.0
  MONTH TO DATE    2.2                       0.4    1.8      0.0
  SINCE MAR 1     11.5                      13.4   -1.9     12.2
  SINCE JUL 1     42.9                      44.9   -2.0     68.5
  SNOW DEPTH       0

DEGREE DAYS
 HEATING
  YESTERDAY        0                         8     -8       20
  MONTH TO DATE  106                       144    -38      143
  SINCE MAR 1   1490                      1701   -211     1389
  SINCE JUL 1   6296                      7551  -1255     6425

 COOLING
  YESTERDAY        7                         1      6        0
  MONTH TO DATE   13                        10      3        6
  SINCE MAR 1     14                        15     -1        6
  SINCE JAN 1     14                        15     -1        6
..................................................................


WIND (MPH)
  HIGHEST WIND SPEED    17   HIGHEST WIND DIRECTION     S (190)
  HIGHEST GUST SPEED    22   HIGHEST GUST DIRECTION     S (180)
  AVERAGE WIND SPEED     7.6


SKY COVER
  POSSIBLE SUNSHINE  MM
  AVERAGE SKY COVER 0.3


WEATHER CONDITIONS
 THE FOLLOWING WEATHER WAS RECORDED YESTERDAY.
  NO SIGNIFICANT WEATHER WAS OBSERVED.


RELATIVE HUMIDITY (PERCENT)
 HIGHEST    72           500 AM
 LOWEST     44           400 PM
 AVERAGE    58

..........................................................


THE SIOUX FALLS SD CLIMATE NORMALS FOR TODAY
                         NORMAL    RECORD    YEAR
 MAXIMUM TEMPERATURE (F)   70        92      2001
 MINIMUM TEMPERATURE (F)   46        27      1997
                                             1959


SUNRISE AND SUNSET
MAY 15 2017...........SUNRISE   602 AM CDT   SUNSET   845 PM CDT
MAY 16 2017...........SUNRISE   601 AM CDT   SUNSET   846 PM CDT


-  INDICATES NEGATIVE NUMBERS.
R  INDICATES RECORD WAS SET OR TIED.
MM INDICATES DATA IS MISSING.
T  INDICATES TRACE AMOUNT.




$$
