000
CDUS43 KFSD 240630
CLIFSD


CLIMATE REPORT
NATIONAL WEATHER SERVICE SIOUX FALLS SD
1229 AM CST WED DEC 24 2014


...................................

...THE SIOUX FALLS SD CLIMATE SUMMARY FOR DECEMBER 23 2014...

CLIMATE NORMAL PERIOD 1981 TO 2010
CLIMATE RECORD PERIOD 1893 TO 2014


WEATHER ITEM   OBSERVED TIME   RECORD YEAR NORMAL DEPARTURE LAST
                VALUE   (LST)  VALUE       VALUE  FROM      YEAR
                                                  NORMAL
..................................................................
TEMPERATURE (F)
 YESTERDAY
  MAXIMUM         37    345 PM  57    1899  27     10       -3
  MINIMUM         32   1159 PM -28    1990   8     24      -18
  AVERAGE         35                        17     18      -10

PRECIPITATION (IN)
  YESTERDAY        T             0.34 1938   0.02  -0.02     0.00
  MONTH TO DATE    1.10                      0.54   0.56     0.83
  SINCE DEC 1      1.10                      0.54   0.56     0.83
  SINCE JAN 1     29.04                     26.23   2.81    25.49

SNOWFALL (IN)
  YESTERDAY        T             2.6  1996   0.2   -0.2      0.0
                                      1987
  MONTH TO DATE    2.0                       6.2   -4.2      9.3
  SINCE DEC 1      2.0                       6.2   -4.2      9.3
  SINCE JUL 1     10.3                      14.9   -4.6     17.2
  SNOW DEPTH       T

DEGREE DAYS
 HEATING
  YESTERDAY       30                        48    -18       75
  MONTH TO DATE  834                      1035   -201     1234
  SINCE DEC 1    834                      1035   -201     1234
  SINCE JUL 1   2590                      2747   -157     2855

 COOLING
  YESTERDAY        0                         0      0        0
  MONTH TO DATE    0                         0      0        0
  SINCE DEC 1      0                         0      0        0
  SINCE JAN 1    610                       690    -80      787
..................................................................


WIND (MPH)
  HIGHEST WIND SPEED    26   HIGHEST WIND DIRECTION     N (350)
  HIGHEST GUST SPEED    35   HIGHEST GUST DIRECTION    NW (320)
  AVERAGE WIND SPEED    16.2


SKY COVER
  POSSIBLE SUNSHINE  MM
  AVERAGE SKY COVER 0.9


WEATHER CONDITIONS
 THE FOLLOWING WEATHER WAS RECORDED YESTERDAY.
  LIGHT RAIN
  SNOW
  LIGHT SNOW
  FOG


RELATIVE HUMIDITY (PERCENT)
 HIGHEST    96           200 AM
 LOWEST     82           600 PM
 AVERAGE    89

..........................................................


THE SIOUX FALLS SD CLIMATE NORMALS FOR TODAY
                         NORMAL    RECORD    YEAR
 MAXIMUM TEMPERATURE (F)   27        48      2011
 MINIMUM TEMPERATURE (F)    8       -23      1983


SUNRISE AND SUNSET
DECEMBER 24 2014......SUNRISE   758 AM CST   SUNSET   455 PM CST
DECEMBER 25 2014......SUNRISE   759 AM CST   SUNSET   456 PM CST


-  INDICATES NEGATIVE NUMBERS.
R  INDICATES RECORD WAS SET OR TIED.
MM INDICATES DATA IS MISSING.
T  INDICATES TRACE AMOUNT.




$$
