000
CDUS43 KFSD 240626
CLIFSD


CLIMATE REPORT
NATIONAL WEATHER SERVICE SIOUX FALLS SD
125 AM CDT MON APR 24 2017


...................................

...THE SIOUX FALLS SD CLIMATE SUMMARY FOR APRIL 23 2017...

CLIMATE NORMAL PERIOD 1981 TO 2010
CLIMATE RECORD PERIOD 1893 TO 2017


WEATHER ITEM   OBSERVED TIME   RECORD YEAR NORMAL DEPARTURE LAST
                VALUE   (LST)  VALUE       VALUE  FROM      YEAR
                                                  NORMAL
..................................................................
TEMPERATURE (F)
 YESTERDAY
  MAXIMUM         71    543 PM  91    2009  62      9       75
  MINIMUM         46    610 AM  20    1996  38      8       47
                                      1967
  AVERAGE         59                        50      9       61

PRECIPITATION (IN)
  YESTERDAY        0.00          1.52 1929   0.10  -0.10     0.00
  MONTH TO DATE    1.20                      2.27  -1.07     1.82
  SINCE MAR 1      1.74                      4.03  -2.29     3.91
  SINCE JAN 1      2.85                      5.19  -2.34     5.59

SNOWFALL (IN)
  YESTERDAY        0.0           1.4  2001   0.1   -0.1      0.0
  MONTH TO DATE    T                         4.0   -4.0       T
  SINCE MAR 1      8.0                      12.4   -4.4     12.2
  SINCE JUL 1     39.4                      43.9   -4.5     68.5
  SNOW DEPTH       0

DEGREE DAYS
 HEATING
  YESTERDAY        6                        15     -9        4
  MONTH TO DATE  313                       464   -151      365
  SINCE MAR 1   1223                      1459   -236     1129
  SINCE JUL 1   6029                      7309  -1280     6165

 COOLING
  YESTERDAY        0                         0      0        0
  MONTH TO DATE    1                         0      1        0
  SINCE MAR 1      1                         0      1        0
  SINCE JAN 1      1                         0      1        0
..................................................................


WIND (MPH)
  HIGHEST WIND SPEED    30   HIGHEST WIND DIRECTION     S (200)
  HIGHEST GUST SPEED    39   HIGHEST GUST DIRECTION     S (200)
  AVERAGE WIND SPEED    13.8


SKY COVER
  POSSIBLE SUNSHINE  MM
  AVERAGE SKY COVER 0.5


WEATHER CONDITIONS
 THE FOLLOWING WEATHER WAS RECORDED YESTERDAY.
  NO SIGNIFICANT WEATHER WAS OBSERVED.


RELATIVE HUMIDITY (PERCENT)
 HIGHEST    65           600 AM
 LOWEST     23           400 PM
 AVERAGE    44

..........................................................


THE SIOUX FALLS SD CLIMATE NORMALS FOR TODAY
                         NORMAL    RECORD    YEAR
 MAXIMUM TEMPERATURE (F)   63        89      1906
 MINIMUM TEMPERATURE (F)   38        20      1967


SUNRISE AND SUNSET
APRIL 24 2017.........SUNRISE   629 AM CDT   SUNSET   821 PM CDT
APRIL 25 2017.........SUNRISE   628 AM CDT   SUNSET   823 PM CDT


-  INDICATES NEGATIVE NUMBERS.
R  INDICATES RECORD WAS SET OR TIED.
MM INDICATES DATA IS MISSING.
T  INDICATES TRACE AMOUNT.




$$
