000
CDUS43 KFSD 142232
CLIFSD


CLIMATE REPORT
NATIONAL WEATHER SERVICE SIOUX FALLS SD
532 PM CDT SAT MAR 14 2015


...................................

...THE SIOUX FALLS SD CLIMATE SUMMARY FOR MARCH 14 2015...
VALID TODAY AS OF 0500 PM LOCAL TIME.

CLIMATE NORMAL PERIOD 1981 TO 2010
CLIMATE RECORD PERIOD 1893 TO 2015


WEATHER ITEM   OBSERVED TIME   RECORD YEAR NORMAL DEPARTURE LAST
                VALUE   (LST)  VALUE       VALUE  FROM      YEAR
                                                  NORMAL
..................................................................
TEMPERATURE (F)
 TODAY
  MAXIMUM         67    357 PM  73    1935  42     25       49
  MINIMUM         33    713 AM -22    1897  22     11       31
  AVERAGE         50                        32     18       40

PRECIPITATION (IN)
  TODAY            0.00          0.95 1899   0.05  -0.05     0.00
  MONTH TO DATE    0.22                      0.57  -0.35     0.24
  SINCE MAR 1      0.22                      0.57  -0.35     0.24
  SINCE JAN 1      1.44                      1.73  -0.29     1.23

SNOWFALL (IN)
  TODAY            0.0           8.0  1899   0.3   -0.3      0.0
  MONTH TO DATE    1.7                       4.3   -2.6      2.6
  SINCE MAR 1      1.7                       4.3   -2.6      2.6
  SINCE JUL 1     31.9                      35.8   -3.9     36.8
  SNOW DEPTH       0

DEGREE DAYS
 HEATING
  TODAY           15                        33    -18       25
  MONTH TO DATE  431                       500    -69      568
  SINCE MAR 1    431                       500    -69      568
  SINCE JUL 1   6180                      6350   -170     6915

 COOLING
  TODAY            0                         0      0        0
  MONTH TO DATE    0                         0      0        0
  SINCE MAR 1      0                         0      0        0
  SINCE JAN 1      0                         0      0        0
..................................................................


WIND (MPH)
  HIGHEST WIND SPEED    14   HIGHEST WIND DIRECTION     W (290)
  HIGHEST GUST SPEED    20   HIGHEST GUST DIRECTION    NW (300)
  AVERAGE WIND SPEED     5.1


SKY COVER
  POSSIBLE SUNSHINE  MM
  AVERAGE SKY COVER 0.1


WEATHER CONDITIONS
 THE FOLLOWING WEATHER WAS RECORDED TODAY.
  NO SIGNIFICANT WEATHER WAS OBSERVED.


RELATIVE HUMIDITY (PERCENT)
 HIGHEST    89           100 AM
 LOWEST     22           400 PM
 AVERAGE    56

..........................................................


THE SIOUX FALLS SD CLIMATE NORMALS FOR TOMORROW
                         NORMAL    RECORD    YEAR
 MAXIMUM TEMPERATURE (F)   42        75      2012
 MINIMUM TEMPERATURE (F)   22       -12      1897
                                             1893


SUNRISE AND SUNSET
MARCH 14 2015.........SUNRISE   741 AM CDT   SUNSET   732 PM CDT
MARCH 15 2015.........SUNRISE   739 AM CDT   SUNSET   733 PM CDT


-  INDICATES NEGATIVE NUMBERS.
R  INDICATES RECORD WAS SET OR TIED.
MM INDICATES DATA IS MISSING.
T  INDICATES TRACE AMOUNT.




$$
