000
CDUS43 KFSD 190623
CLIFSD


CLIMATE REPORT
NATIONAL WEATHER SERVICE SIOUX FALLS SD
123 AM CDT WED AUG 19 2015


...................................

...THE SIOUX FALLS SD CLIMATE SUMMARY FOR AUGUST 18 2015...

CLIMATE NORMAL PERIOD 1981 TO 2010
CLIMATE RECORD PERIOD 1893 TO 2015


WEATHER ITEM   OBSERVED TIME   RECORD YEAR NORMAL DEPARTURE LAST
                VALUE   (LST)  VALUE       VALUE  FROM      YEAR
                                                  NORMAL
..................................................................
TEMPERATURE (F)
 YESTERDAY
  MAXIMUM         68    148 PM 101    1983  82    -14       88
  MINIMUM         52   1130 PM  44    2002  60     -8       63
  AVERAGE         60                        71    -11       76

PRECIPITATION (IN)
  YESTERDAY        0.99          1.24 1947   0.10   0.89     0.00
  MONTH TO DATE    3.71                      1.81   1.90     2.13
  SINCE JUN 1     12.19                      8.82   3.37    16.63
  SINCE JAN 1     18.74                     18.15   0.59    21.61

SNOWFALL (IN)
  YESTERDAY        0.0           0.0    MM   0.0    0.0      0.0
  MONTH TO DATE    0.0                       0.0    0.0      0.0
  SINCE JUN 1      0.0                       0.0    0.0       T
  SINCE JUL 1      0.0                       0.0    0.0       T
  SNOW DEPTH       0

DEGREE DAYS
 HEATING
  YESTERDAY        5                         1      4        0
  MONTH TO DATE    6                         5      1        0
  SINCE JUN 1     21                        64    -43       47
  SINCE JUL 1     12                        13     -1       15

 COOLING
  YESTERDAY        0                         6     -6       11
  MONTH TO DATE  148                       130     18      103
  SINCE JUN 1    523                       521      2      411
  SINCE JAN 1    545                       557    -12      464
..................................................................


WIND (MPH)
  HIGHEST WIND SPEED    37   HIGHEST WIND DIRECTION    NW (320)
  HIGHEST GUST SPEED    47   HIGHEST GUST DIRECTION    NW (320)
  AVERAGE WIND SPEED    16.0


SKY COVER
  POSSIBLE SUNSHINE  MM
  AVERAGE SKY COVER 1.0


WEATHER CONDITIONS
 THE FOLLOWING WEATHER WAS RECORDED YESTERDAY.
  THUNDERSTORM
  HEAVY RAIN
  RAIN
  LIGHT RAIN
  FOG
  HAZE


RELATIVE HUMIDITY (PERCENT)
 HIGHEST    93           700 AM
 LOWEST     44          1100 PM
 AVERAGE    69

..........................................................


THE SIOUX FALLS SD CLIMATE NORMALS FOR TODAY
                         NORMAL    RECORD    YEAR
 MAXIMUM TEMPERATURE (F)   82        98      1955
 MINIMUM TEMPERATURE (F)   59        39      2004


SUNRISE AND SUNSET
AUGUST 19 2015........SUNRISE   636 AM CDT   SUNSET   824 PM CDT
AUGUST 20 2015........SUNRISE   637 AM CDT   SUNSET   823 PM CDT


-  INDICATES NEGATIVE NUMBERS.
R  INDICATES RECORD WAS SET OR TIED.
MM INDICATES DATA IS MISSING.
T  INDICATES TRACE AMOUNT.




$$
