000
CDUS43 KFSD 262227
CLIFSD


CLIMATE REPORT
NATIONAL WEATHER SERVICE SIOUX FALLS SD
426 PM CST MON DEC 26 2016


...................................

...THE SIOUX FALLS SD CLIMATE SUMMARY FOR DECEMBER 26 2016...
VALID TODAY AS OF 0400 PM LOCAL TIME.

CLIMATE NORMAL PERIOD 1981 TO 2010
CLIMATE RECORD PERIOD 1893 TO 2016


WEATHER ITEM   OBSERVED TIME   RECORD YEAR NORMAL DEPARTURE LAST
                VALUE   (LST)  VALUE       VALUE  FROM      YEAR
                                                  NORMAL
..................................................................
TEMPERATURE (F)
 TODAY
  MAXIMUM         29   1205 AM  54    2011  26      3       31
  MINIMUM         15    851 AM -22    1951   8      7       18
  AVERAGE         22                        17      5       25

PRECIPITATION (IN)
  TODAY            T             0.31 1911   0.02  -0.02     0.23
  MONTH TO DATE    1.92                      0.60   1.32     0.89
  SINCE DEC 1      1.92                      0.60   1.32     0.89
  SINCE JAN 1     32.23                     26.29   5.94    32.52

SNOWFALL (IN)
  TODAY            T             6.2  2015   0.2   -0.2      6.2
  MONTH TO DATE   10.9                       7.0    3.9     12.2
  SINCE DEC 1     10.9                       7.0    3.9     12.2
  SINCE JUL 1     16.9                      15.7    1.2     29.5
  SNOW DEPTH       T

DEGREE DAYS
 HEATING
  TODAY           43                        48     -5       40
  MONTH TO DATE 1209                      1179     30      926
  SINCE DEC 1   1209                      1179     30      926
  SINCE JUL 1   2344                      2891   -547     2200

 COOLING
  TODAY            0                         0      0        0
  MONTH TO DATE    0                         0      0        0
  SINCE DEC 1      0                         0      0        0
  SINCE JAN 1    879                       690    189      715
..................................................................


WIND (MPH)
  HIGHEST WIND SPEED    39   HIGHEST WIND DIRECTION     W (290)
  HIGHEST GUST SPEED    54   HIGHEST GUST DIRECTION     W (290)
  AVERAGE WIND SPEED    28.5


SKY COVER
  POSSIBLE SUNSHINE  MM
  AVERAGE SKY COVER 0.9


WEATHER CONDITIONS
 THE FOLLOWING WEATHER WAS RECORDED TODAY.
  LIGHT SNOW


RELATIVE HUMIDITY (PERCENT)
 HIGHEST    80          1000 AM
 LOWEST     67           500 AM
 AVERAGE    74

..........................................................


THE SIOUX FALLS SD CLIMATE NORMALS FOR TOMORROW
                         NORMAL    RECORD    YEAR
 MAXIMUM TEMPERATURE (F)   26        53      1958
 MINIMUM TEMPERATURE (F)    7       -25      1951


SUNRISE AND SUNSET
DECEMBER 26 2016......SUNRISE   759 AM CST   SUNSET   457 PM CST
DECEMBER 27 2016......SUNRISE   759 AM CST   SUNSET   457 PM CST


-  INDICATES NEGATIVE NUMBERS.
R  INDICATES RECORD WAS SET OR TIED.
MM INDICATES DATA IS MISSING.
T  INDICATES TRACE AMOUNT.




$$
