000
CDUS43 KFSD 070059
CLIFSD


CLIMATE REPORT
NATIONAL WEATHER SERVICE SIOUX FALLS SD
722 PM CDT SAT SEP 6 2014


...................................

...THE SIOUX FALLS SD CLIMATE SUMMARY FOR SEPTEMBER 6 2014...
VALID AS OF 0700 PM LOCAL TIME.

CLIMATE NORMAL PERIOD 1981 TO 2010
CLIMATE RECORD PERIOD 1893 TO 2014


WEATHER ITEM   OBSERVED TIME   RECORD YEAR NORMAL DEPARTURE LAST
                VALUE   (LST)  VALUE       VALUE  FROM      YEAR
                                                  NORMAL
..................................................................
TEMPERATURE (F)
 TODAY
  MAXIMUM         74    345 PM 104    1976  77     -3       89
                                      1922
                                      1913
  MINIMUM         47   1240 AM  34    1956  54     -7       67
  AVERAGE         61                        65     -4       78

PRECIPITATION (IN)
  TODAY            0.00          1.79 1948   0.10  -0.10     0.00
  MONTH TO DATE    0.05                      0.59  -0.54      T
  SINCE SEP 1      0.05                      0.59  -0.54      T
  SINCE JAN 1     24.48                     19.98   4.50    20.42

SNOWFALL (IN)
  TODAY            0.0           0.0    MM   0.0    0.0      0.0
  MONTH TO DATE    0.0                       0.0    0.0      0.0
  SINCE SEP 1      0.0                       0.0    0.0      0.0
  SINCE JUL 1      T                         0.0    0.0      0.0
  SNOW DEPTH       0

DEGREE DAYS
 HEATING
  TODAY            4                         3      1        0
  MONTH TO DATE   12                        14     -2        1
  SINCE SEP 1     12                        14     -2        1
  SINCE JUL 1     30                        45    -15       35

 COOLING
  TODAY            0                         3     -3       13
  MONTH TO DATE   17                        23     -6       39
  SINCE SEP 1     17                        23     -6       39
  SINCE JAN 1    568                       648    -80      693
..................................................................


WIND (MPH)
  HIGHEST WIND SPEED    13   HIGHEST WIND DIRECTION    SW (210)
  HIGHEST GUST SPEED    15   HIGHEST GUST DIRECTION    SW (220)
  AVERAGE WIND SPEED     3.8


SKY COVER
  POSSIBLE SUNSHINE  MM
  AVERAGE SKY COVER 0.1


WEATHER CONDITIONS
 THE FOLLOWING WEATHER WAS RECORDED TODAY.
  NO SIGNIFICANT WEATHER WAS OBSERVED.


RELATIVE HUMIDITY (PERCENT)
 HIGHEST    86          1200 AM
 LOWEST     37           600 PM
 AVERAGE    62

..........................................................


THE SIOUX FALLS SD CLIMATE NORMALS FOR TOMORROW
                         NORMAL    RECORD    YEAR
 MAXIMUM TEMPERATURE (F)   77       100      1971
 MINIMUM TEMPERATURE (F)   53        30      1895


SUNRISE AND SUNSET
SEPTEMBER  6 2014.....SUNRISE   656 AM CDT   SUNSET   753 PM CDT
SEPTEMBER  7 2014.....SUNRISE   657 AM CDT   SUNSET   752 PM CDT


-  INDICATES NEGATIVE NUMBERS.
R  INDICATES RECORD WAS SET OR TIED.
MM INDICATES DATA IS MISSING.
T  INDICATES TRACE AMOUNT.



&&
.........................................................

ADDITIONAL WEATHER INFORMATION FOR TODAY
        TEMPERATURE / HUMIDITY
AT  4 AM      50    /    86%
AT  7 AM      48    /    89%
AT 10 AM      62    /    69%
AT  1 PM      71    /    45%
AT  4 PM      73    /    41%
AT  7 PM      69    /    38%

$$
