000
CDUS43 KFSD 100624
CLIFSD


CLIMATE REPORT
NATIONAL WEATHER SERVICE SIOUX FALLS SD
123 AM CDT FRI OCT 10 2014


...................................

...THE SIOUX FALLS SD CLIMATE SUMMARY FOR OCTOBER 9 2014...

CLIMATE NORMAL PERIOD 1981 TO 2010
CLIMATE RECORD PERIOD 1893 TO 2014


WEATHER ITEM   OBSERVED TIME   RECORD YEAR NORMAL DEPARTURE LAST
                VALUE   (LST)  VALUE       VALUE  FROM      YEAR
                                                  NORMAL
..................................................................
TEMPERATURE (F)
 YESTERDAY
  MAXIMUM         56    428 PM  89    1980  63     -7       78
  MINIMUM         36   1151 PM  18    1906  39     -3       52
  AVERAGE         46                        51     -5       65

PRECIPITATION (IN)
  YESTERDAY        0.00          4.54 1973   0.08  -0.08     0.00
  MONTH TO DATE    0.22                      0.77  -0.55     0.24
  SINCE SEP 1      2.50                      3.54  -1.04     1.01
  SINCE JAN 1     26.93                     22.93   4.00    21.43

SNOWFALL (IN)
  YESTERDAY        0.0           4.5  1970   0.0    0.0      0.0
  MONTH TO DATE    0.0                       0.1   -0.1      0.0
  SINCE SEP 1      0.0                       0.1   -0.1      0.0
  SINCE JUL 1      T                         0.1   -0.1      0.0
  SNOW DEPTH       0

DEGREE DAYS
 HEATING
  YESTERDAY       19                        14      5        0
  MONTH TO DATE  127                       115     12       71
  SINCE SEP 1    257                       288    -31      137
  SINCE JUL 1    275                       319    -44      171

 COOLING
  YESTERDAY        0                         0      0        0
  MONTH TO DATE    0                         0      0        0
  SINCE SEP 1     59                        60     -1      130
  SINCE JAN 1    610                       685    -75      784
..................................................................


WIND (MPH)
  HIGHEST WIND SPEED    14   HIGHEST WIND DIRECTION     E (70)
  HIGHEST GUST SPEED    16   HIGHEST GUST DIRECTION     E (70)
  AVERAGE WIND SPEED     6.9


SKY COVER
  POSSIBLE SUNSHINE  MM
  AVERAGE SKY COVER 0.8


WEATHER CONDITIONS
 THE FOLLOWING WEATHER WAS RECORDED YESTERDAY.
  NO SIGNIFICANT WEATHER WAS OBSERVED.


RELATIVE HUMIDITY (PERCENT)
 HIGHEST    86           200 AM
 LOWEST     47           400 PM
 AVERAGE    67

..........................................................


THE SIOUX FALLS SD CLIMATE NORMALS FOR TODAY
                         NORMAL    RECORD    YEAR
 MAXIMUM TEMPERATURE (F)   63        88      1928
 MINIMUM TEMPERATURE (F)   38        18      1987


SUNRISE AND SUNSET
OCTOBER 10 2014.......SUNRISE   735 AM CDT   SUNSET   652 PM CDT
OCTOBER 11 2014.......SUNRISE   736 AM CDT   SUNSET   650 PM CDT


-  INDICATES NEGATIVE NUMBERS.
R  INDICATES RECORD WAS SET OR TIED.
MM INDICATES DATA IS MISSING.
T  INDICATES TRACE AMOUNT.




$$
