970
CDUS43 KFSD 112236
CLIFSD


CLIMATE REPORT
NATIONAL WEATHER SERVICE SIOUX FALLS SD
536 PM CDT TUE JUL 11 2017


...................................

...THE SIOUX FALLS SD CLIMATE SUMMARY FOR JULY 11 2017...
VALID TODAY AS OF 0500 PM LOCAL TIME.

CLIMATE NORMAL PERIOD 1981 TO 2010
CLIMATE RECORD PERIOD 1893 TO 2017


WEATHER ITEM   OBSERVED TIME   RECORD YEAR NORMAL DEPARTURE LAST
                VALUE   (LST)  VALUE       VALUE  FROM      YEAR
                                                  NORMAL
..................................................................
TEMPERATURE (F)
 TODAY
  MAXIMUM         93    350 PM 104    1894  84      9       91
  MINIMUM         71    600 AM  46    1975  62      9       69
  AVERAGE         82                        73      9       80

PRECIPITATION (IN)
  TODAY            T             1.56 1908   0.10  -0.10      T
  MONTH TO DATE    T                         1.14  -1.14     0.66
  SINCE JUN 1      3.29                      5.06  -1.77     2.38
  SINCE JAN 1     11.04                     14.39  -3.35    13.88

SNOWFALL (IN)
  TODAY            0.0           0.0    MM   0.0    0.0      0.0
  MONTH TO DATE    0.0                       0.0    0.0      0.0
  SINCE JUN 1      0.0                       0.0    0.0      0.0
  SINCE JUL 1      0.0                       0.0    0.0      0.0
  SNOW DEPTH       0

DEGREE DAYS
 HEATING
  TODAY            0                         0      0        0
  MONTH TO DATE    0                         0      0        4
  SINCE JUN 1     26                        51    -25       13
  SINCE JUL 1      0                         0      0        4

 COOLING
  TODAY           17                         8      9       15
  MONTH TO DATE  117                        87     30       82
  SINCE JUN 1    316                       222     94      317
  SINCE JAN 1    342                       258     84      350
..................................................................


WIND (MPH)
  HIGHEST WIND SPEED    17   HIGHEST WIND DIRECTION     S (180)
  HIGHEST GUST SPEED    22   HIGHEST GUST DIRECTION     S (190)
  AVERAGE WIND SPEED     9.5


SKY COVER
  POSSIBLE SUNSHINE  MM
  AVERAGE SKY COVER 0.4


WEATHER CONDITIONS
 THE FOLLOWING WEATHER WAS RECORDED TODAY.
  NO SIGNIFICANT WEATHER WAS OBSERVED.


RELATIVE HUMIDITY (PERCENT)
 HIGHEST    84           300 AM
 LOWEST     52           200 PM
 AVERAGE    68

..........................................................


THE SIOUX FALLS SD CLIMATE NORMALS FOR TOMORROW
                         NORMAL    RECORD    YEAR
 MAXIMUM TEMPERATURE (F)   84       107      1995
 MINIMUM TEMPERATURE (F)   62        48      1975
                                             1897


SUNRISE AND SUNSET
JULY 11 2017..........SUNRISE   556 AM CDT   SUNSET   908 PM CDT
JULY 12 2017..........SUNRISE   557 AM CDT   SUNSET   908 PM CDT


-  INDICATES NEGATIVE NUMBERS.
R  INDICATES RECORD WAS SET OR TIED.
MM INDICATES DATA IS MISSING.
T  INDICATES TRACE AMOUNT.




$$
