000
CDUS43 KFSD 200633
CLIFSD


CLIMATE REPORT
NATIONAL WEATHER SERVICE SIOUX FALLS SD
132 AM CDT SUN APR 20 2014


...................................

...THE SIOUX FALLS SD CLIMATE SUMMARY FOR APRIL 19 2014...

CLIMATE NORMAL PERIOD 1981 TO 2010
CLIMATE RECORD PERIOD 1893 TO 2014


WEATHER ITEM   OBSERVED TIME   RECORD YEAR NORMAL DEPARTURE LAST
                VALUE   (LST)  VALUE       VALUE  FROM      YEAR
                                                  NORMAL
..................................................................
TEMPERATURE (F)
 YESTERDAY
  MAXIMUM         71    433 PM  89    1987  60     11       38
  MINIMUM         53    652 AM  15    1928  36     17       22
  AVERAGE         62                        48     14       30

PRECIPITATION (IN)
  YESTERDAY        0.00          1.90 1916   0.11  -0.11     0.00
  MONTH TO DATE    0.45                      1.86  -1.41     2.60
  SINCE MAR 1      1.16                      3.62  -2.46     3.48
  SINCE JAN 1      2.15                      4.78  -2.63     4.83

SNOWFALL (IN)
  YESTERDAY        0.0           0.5  1966   0.1   -0.1      0.0
  MONTH TO DATE    3.4                       3.5   -0.1     10.1
  SINCE MAR 1     11.1                      11.9   -0.8     11.6
  SINCE JUL 1     45.3                      43.4    1.9     37.1
  SNOW DEPTH       0

DEGREE DAYS
 HEATING
  YESTERDAY        3                        17    -14       35
  MONTH TO DATE  418                       400     18      560
  SINCE MAR 1   1519                      1395    124     1713
  SINCE JUL 1   7866                      7245    621     7332

 COOLING
  YESTERDAY        0                         0      0        0
  MONTH TO DATE    0                         0      0        0
  SINCE MAR 1      0                         0      0        0
  SINCE JAN 1      0                         0      0        0
..................................................................


WIND (MPH)
  HIGHEST WIND SPEED    28   HIGHEST WIND DIRECTION     S (180)
  HIGHEST GUST SPEED    35   HIGHEST GUST DIRECTION     S (180)
  AVERAGE WIND SPEED    12.3


SKY COVER
  POSSIBLE SUNSHINE  MM
  AVERAGE SKY COVER 0.7


WEATHER CONDITIONS
 THE FOLLOWING WEATHER WAS RECORDED YESTERDAY.
  NO SIGNIFICANT WEATHER WAS OBSERVED.


RELATIVE HUMIDITY (PERCENT)
 HIGHEST    59           500 AM
 LOWEST     22           500 PM
 AVERAGE    41

..........................................................


THE SIOUX FALLS SD CLIMATE NORMALS FOR TODAY
                         NORMAL    RECORD    YEAR
 MAXIMUM TEMPERATURE (F)   61        93      1980
 MINIMUM TEMPERATURE (F)   36        16      2013


SUNRISE AND SUNSET
APRIL 20 2014.........SUNRISE   636 AM CDT   SUNSET   816 PM CDT
APRIL 21 2014.........SUNRISE   635 AM CDT   SUNSET   817 PM CDT


-  INDICATES NEGATIVE NUMBERS.
R  INDICATES RECORD WAS SET OR TIED.
MM INDICATES DATA IS MISSING.
T  INDICATES TRACE AMOUNT.




$$
