000
CDUS43 KFSD 052232
CLIFSD


CLIMATE REPORT
NATIONAL WEATHER SERVICE SIOUX FALLS SD
530 PM CDT SUN JUL 5 2015


...................................

...THE SIOUX FALLS SD CLIMATE SUMMARY FOR JULY 5 2015...
VALID TODAY AS OF 0500 PM LOCAL TIME.

CLIMATE NORMAL PERIOD 1981 TO 2010
CLIMATE RECORD PERIOD 1893 TO 2015


WEATHER ITEM   OBSERVED TIME   RECORD YEAR NORMAL DEPARTURE LAST
                VALUE   (LST)  VALUE       VALUE  FROM      YEAR
                                                  NORMAL
..................................................................
TEMPERATURE (F)
 TODAY
  MAXIMUM         90    211 PM 109    1936  84      6       90
  MINIMUM         67    724 AM  39    1972  61      6       67
  AVERAGE         79                        73      6       79

PRECIPITATION (IN)
  TODAY            0.11          2.29 1982   0.11   0.00      T
  MONTH TO DATE    0.31                      0.53  -0.22     0.01
  SINCE JUN 1      4.60                      4.45   0.15    13.71
  SINCE JAN 1     11.15                     13.78  -2.63    18.69

SNOWFALL (IN)
  TODAY            0.0           0.0    MM   0.0    0.0      0.0
  MONTH TO DATE    0.0                       0.0    0.0      0.0
  SINCE JUN 1      0.0                       0.0    0.0       T
  SINCE JUL 1      0.0                       0.0    0.0      0.0
  SNOW DEPTH       0

DEGREE DAYS
 HEATING
  TODAY            0                         0      0        0
  MONTH TO DATE    1                         0      1        4
  SINCE JUN 1     10                        51    -41       36
  SINCE JUL 1      1                         0      1        4

 COOLING
  TODAY           14                         8      6       14
  MONTH TO DATE   23                        39    -16       24
  SINCE JUN 1    162                       174    -12      160
  SINCE JAN 1    184                       210    -26      213
..................................................................


WIND (MPH)
  HIGHEST WIND SPEED    20   HIGHEST WIND DIRECTION     S (200)
  HIGHEST GUST SPEED    25   HIGHEST GUST DIRECTION     S (190)
  AVERAGE WIND SPEED    14.0


SKY COVER
  POSSIBLE SUNSHINE  MM
  AVERAGE SKY COVER 0.5


WEATHER CONDITIONS
 THE FOLLOWING WEATHER WAS RECORDED TODAY.
  THUNDERSTORM
  RAIN
  LIGHT RAIN
  FOG
  HAZE


RELATIVE HUMIDITY (PERCENT)
 HIGHEST    79           900 AM
 LOWEST     50           100 PM
 AVERAGE    65

..........................................................


THE SIOUX FALLS SD CLIMATE NORMALS FOR TOMORROW
                         NORMAL    RECORD    YEAR
 MAXIMUM TEMPERATURE (F)   84       105      1936
 MINIMUM TEMPERATURE (F)   62        46      1942


SUNRISE AND SUNSET
JULY  5 2015..........SUNRISE   552 AM CDT   SUNSET   911 PM CDT
JULY  6 2015..........SUNRISE   552 AM CDT   SUNSET   911 PM CDT


-  INDICATES NEGATIVE NUMBERS.
R  INDICATES RECORD WAS SET OR TIED.
MM INDICATES DATA IS MISSING.
T  INDICATES TRACE AMOUNT.




$$
