000
CDUS43 KFSD 212256
CLIFSD


CLIMATE REPORT
NATIONAL WEATHER SERVICE SIOUX FALLS SD
456 PM CST FRI NOV 21 2014


...................................

...THE SIOUX FALLS SD CLIMATE SUMMARY FOR NOVEMBER 21 2014...
VALID TODAY AS OF 0400 PM LOCAL TIME.

CLIMATE NORMAL PERIOD 1981 TO 2010
CLIMATE RECORD PERIOD 1893 TO 2014


WEATHER ITEM   OBSERVED TIME   RECORD YEAR NORMAL DEPARTURE LAST
                VALUE   (LST)  VALUE       VALUE  FROM      YEAR
                                                  NORMAL
..................................................................
TEMPERATURE (F)
 TODAY
  MAXIMUM         35    359 PM  70    2012  39     -4       31
  MINIMUM         11   1207 AM  -8    1964  20     -9       15
  AVERAGE         23                        29     -6       23

PRECIPITATION (IN)
  TODAY            0.00          0.90 1979   0.04  -0.04     0.02
  MONTH TO DATE    0.34                      0.98  -0.64     0.46
  SINCE SEP 1      3.29                      5.92  -2.63     4.24
  SINCE JAN 1     27.72                     25.31   2.41    24.66

SNOWFALL (IN)
  TODAY            0.0           8.5  1979   0.3   -0.3      0.7
  MONTH TO DATE    6.8                       4.6    2.2      7.5
  SINCE SEP 1      6.8                       5.9    0.9      7.9
  SINCE JUL 1      6.8                       5.9    0.9      7.9
  SNOW DEPTH       3

DEGREE DAYS
 HEATING
  TODAY           42                        36      6       42
  MONTH TO DATE  783                       625    158      600
  SINCE SEP 1   1363                      1334     29     1201
  SINCE JUL 1   1381                      1365     16     1235

 COOLING
  TODAY            0                         0      0        0
  MONTH TO DATE    0                         0      0        0
  SINCE SEP 1     59                        65     -6      133
  SINCE JAN 1    610                       690    -80      787
..................................................................


WIND (MPH)
  HIGHEST WIND SPEED    28   HIGHEST WIND DIRECTION     S (190)
  HIGHEST GUST SPEED    39   HIGHEST GUST DIRECTION     S (200)
  AVERAGE WIND SPEED    17.1


SKY COVER
  POSSIBLE SUNSHINE  MM
  AVERAGE SKY COVER 0.4


WEATHER CONDITIONS
 THE FOLLOWING WEATHER WAS RECORDED TODAY.
  NO SIGNIFICANT WEATHER WAS OBSERVED.


RELATIVE HUMIDITY (PERCENT)
 HIGHEST    84           800 AM
 LOWEST     69          1100 AM
 AVERAGE    77

..........................................................


THE SIOUX FALLS SD CLIMATE NORMALS FOR TOMORROW
                         NORMAL    RECORD    YEAR
 MAXIMUM TEMPERATURE (F)   38        66      1908
 MINIMUM TEMPERATURE (F)   19        -8      1898


SUNRISE AND SUNSET
NOVEMBER 21 2014......SUNRISE   728 AM CST   SUNSET   457 PM CST
NOVEMBER 22 2014......SUNRISE   730 AM CST   SUNSET   456 PM CST


-  INDICATES NEGATIVE NUMBERS.
R  INDICATES RECORD WAS SET OR TIED.
MM INDICATES DATA IS MISSING.
T  INDICATES TRACE AMOUNT.




$$
