000
CDUS43 KFSD 200651
CLIFSD


CLIMATE REPORT
NATIONAL WEATHER SERVICE SIOUX FALLS SD
1251 AM CST TUE FEB 20 2018


...................................

...THE SIOUX FALLS SD CLIMATE SUMMARY FOR FEBRUARY 19 2018...

CLIMATE NORMAL PERIOD 1981 TO 2010
CLIMATE RECORD PERIOD 1893 TO 2018


WEATHER ITEM   OBSERVED TIME   RECORD YEAR NORMAL DEPARTURE LAST
                VALUE   (LST)  VALUE       VALUE  FROM      YEAR
                                                  NORMAL
..................................................................
TEMPERATURE (F)
 YESTERDAY
  MAXIMUM         19    108 AM  65    1996  32    -13       64
  MINIMUM         14   1159 PM -24    1959  13      1       34
  AVERAGE         17                        23     -6       49

PRECIPITATION (IN)
  YESTERDAY        0.01          1.62 1952   0.02  -0.01     0.00
  MONTH TO DATE    0.54                      0.36   0.18     0.10
  SINCE DEC 1      1.60                      1.61  -0.01     2.64
  SINCE JAN 1      0.92                      0.92   0.00     0.72

SNOWFALL (IN)
  YESTERDAY        0.2          16.6  1952   0.3   -0.1      0.0
  MONTH TO DATE    7.5                       4.6    2.9       T
  SINCE DEC 1     23.7                      20.5    3.2     20.3
  SINCE JUL 1     23.9                      29.2   -5.3     26.3
  SNOW DEPTH       T

DEGREE DAYS
 HEATING
  YESTERDAY       48                        42      6       16
  MONTH TO DATE 1000                       855    145      652
  SINCE DEC 1   3821                      3775     46     3398
  SINCE JUL 1   5230                      5487   -257     4533

 COOLING
  YESTERDAY        0                         0      0        0
  MONTH TO DATE    0                         0      0        0
  SINCE DEC 1      0                         0      0        0
  SINCE JAN 1      0                         0      0        0
..................................................................


WIND (MPH)
  HIGHEST WIND SPEED    25   HIGHEST WIND DIRECTION     N (10)
  HIGHEST GUST SPEED    34   HIGHEST GUST DIRECTION     N (20)
  AVERAGE WIND SPEED    15.9


SKY COVER
  POSSIBLE SUNSHINE  MM
  AVERAGE SKY COVER 1.0


WEATHER CONDITIONS
 THE FOLLOWING WEATHER WAS RECORDED YESTERDAY.
  LT FREEZING RAIN
  SNOW
  LIGHT SNOW
  FOG


RELATIVE HUMIDITY (PERCENT)
 HIGHEST    88           300 PM
 LOWEST     77          1200 AM
 AVERAGE    83

..........................................................


THE SIOUX FALLS SD CLIMATE NORMALS FOR TODAY
                         NORMAL    RECORD    YEAR
 MAXIMUM TEMPERATURE (F)   33        65      1981
 MINIMUM TEMPERATURE (F)   13       -19      2008
                                             1918


SUNRISE AND SUNSET
FEBRUARY 20 2018......SUNRISE   718 AM CST   SUNSET   604 PM CST
FEBRUARY 21 2018......SUNRISE   716 AM CST   SUNSET   605 PM CST


-  INDICATES NEGATIVE NUMBERS.
R  INDICATES RECORD WAS SET OR TIED.
MM INDICATES DATA IS MISSING.
T  INDICATES TRACE AMOUNT.




$$
