000
CDUS43 KFSD 220659
CLIFSD


CLIMATE REPORT
NATIONAL WEATHER SERVICE SIOUX FALLS SD
158 AM CDT MON AUG 22 2016


...................................

...THE SIOUX FALLS SD CLIMATE SUMMARY FOR AUGUST 21 2016...

CLIMATE NORMAL PERIOD 1981 TO 2010
CLIMATE RECORD PERIOD 1893 TO 2016


WEATHER ITEM   OBSERVED TIME   RECORD YEAR NORMAL DEPARTURE LAST
                VALUE   (LST)  VALUE       VALUE  FROM      YEAR
                                                  NORMAL
..................................................................
TEMPERATURE (F)
 YESTERDAY
  MAXIMUM         80    313 PM  98    1968  81     -1       81
                                      1959
                                      1947
  MINIMUM         49    603 AM  40    2004  59    -10       62
  AVERAGE         65                        70     -5       72

PRECIPITATION (IN)
  YESTERDAY        0.00          2.28 2002   0.09  -0.09     0.00
  MONTH TO DATE    1.68                      2.09  -0.41     3.91
  SINCE JUN 1      5.72                      9.10  -3.38    12.39
  SINCE JAN 1     17.22                     18.43  -1.21    18.94

SNOWFALL (IN)
  YESTERDAY        0.0           0.0    MM   0.0    0.0      0.0
  MONTH TO DATE    0.0                       0.0    0.0      0.0
  SINCE JUN 1      0.0                       0.0    0.0      0.0
  SINCE JUL 1      0.0                       0.0    0.0      0.0
  SNOW DEPTH       0

DEGREE DAYS
 HEATING
  YESTERDAY        0                         1     -1        0
  MONTH TO DATE    0                         8     -8       11
  SINCE JUN 1     14                        67    -53       26
  SINCE JUL 1      5                        16    -11       17

 COOLING
  YESTERDAY        0                         6     -6        7
  MONTH TO DATE  176                       148     28      155
  SINCE JUN 1    687                       539    148      530
  SINCE JAN 1    720                       575    145      552
..................................................................


WIND (MPH)
  HIGHEST WIND SPEED    16   HIGHEST WIND DIRECTION     S (160)
  HIGHEST GUST SPEED    20   HIGHEST GUST DIRECTION    SE (150)
  AVERAGE WIND SPEED     6.1


SKY COVER
  POSSIBLE SUNSHINE  MM
  AVERAGE SKY COVER 0.1


WEATHER CONDITIONS
 THE FOLLOWING WEATHER WAS RECORDED YESTERDAY.
  FOG


RELATIVE HUMIDITY (PERCENT)
 HIGHEST   100           600 AM
 LOWEST     37           500 PM
 AVERAGE    69

..........................................................


THE SIOUX FALLS SD CLIMATE NORMALS FOR TODAY
                         NORMAL    RECORD    YEAR
 MAXIMUM TEMPERATURE (F)   81       103      1971
 MINIMUM TEMPERATURE (F)   59        41      1904


SUNRISE AND SUNSET
AUGUST 22 2016........SUNRISE   640 AM CDT   SUNSET   818 PM CDT
AUGUST 23 2016........SUNRISE   641 AM CDT   SUNSET   817 PM CDT


-  INDICATES NEGATIVE NUMBERS.
R  INDICATES RECORD WAS SET OR TIED.
MM INDICATES DATA IS MISSING.
T  INDICATES TRACE AMOUNT.




$$
