714
CDUS43 KFSD 120633
CLIFSD


CLIMATE REPORT
NATIONAL WEATHER SERVICE SIOUX FALLS SD
1232 AM CST FRI FEB 12 2016


...................................

...THE SIOUX FALLS SD CLIMATE SUMMARY FOR FEBRUARY 11 2016...

CLIMATE NORMAL PERIOD 1981 TO 2010
CLIMATE RECORD PERIOD 1893 TO 2016


WEATHER ITEM   OBSERVED TIME   RECORD YEAR NORMAL DEPARTURE LAST
                VALUE   (LST)  VALUE       VALUE  FROM      YEAR
                                                  NORMAL
..................................................................
TEMPERATURE (F)
 YESTERDAY
  MAXIMUM         18    607 PM  61    1977  30    -12       24
  MINIMUM          6    926 PM -40    1899  10     -4        3
  AVERAGE         12                        20     -8       14

PRECIPITATION (IN)
  YESTERDAY        0.06          0.25 1992   0.02   0.04      T
  MONTH TO DATE    0.38                      0.20   0.18     0.21
  SINCE DEC 1      2.17                      1.45   0.72     2.35
  SINCE JAN 1      0.86                      0.76   0.10     1.02

SNOWFALL (IN)
  YESTERDAY        1.3           4.8  1992   0.2    1.1       T
  MONTH TO DATE    6.8                       2.6    4.2      3.2
  SINCE DEC 1     32.8                      18.5   14.3     18.9
  SINCE JUL 1     50.1                      27.2   22.9     27.2
  SNOW DEPTH       3

DEGREE DAYS
 HEATING
  YESTERDAY       53                        45      8       51
  MONTH TO DATE  477                       507    -30      507
  SINCE DEC 1   3139                      3427   -288     3121
  SINCE JUL 1   4413                      5139   -726     4877

 COOLING
  YESTERDAY        0                         0      0        0
  MONTH TO DATE    0                         0      0        0
  SINCE DEC 1      0                         0      0        0
  SINCE JAN 1      0                         0      0        0
..................................................................


WIND (MPH)
  HIGHEST WIND SPEED    16   HIGHEST WIND DIRECTION     S (170)
  HIGHEST GUST SPEED    19   HIGHEST GUST DIRECTION     S (170)
  AVERAGE WIND SPEED     5.9


SKY COVER
  POSSIBLE SUNSHINE  MM
  AVERAGE SKY COVER 1.0


WEATHER CONDITIONS
 THE FOLLOWING WEATHER WAS RECORDED YESTERDAY.
  LIGHT SNOW
  FOG
  HAZE


RELATIVE HUMIDITY (PERCENT)
 HIGHEST    88           700 PM
 LOWEST     67           200 AM
 AVERAGE    78

..........................................................


THE SIOUX FALLS SD CLIMATE NORMALS FOR TODAY
                         NORMAL    RECORD    YEAR
 MAXIMUM TEMPERATURE (F)   30        63      1990
 MINIMUM TEMPERATURE (F)   11       -32      1905
                                             1899


SUNRISE AND SUNSET
FEBRUARY 12 2016......SUNRISE   730 AM CST   SUNSET   553 PM CST
FEBRUARY 13 2016......SUNRISE   729 AM CST   SUNSET   554 PM CST


-  INDICATES NEGATIVE NUMBERS.
R  INDICATES RECORD WAS SET OR TIED.
MM INDICATES DATA IS MISSING.
T  INDICATES TRACE AMOUNT.




$$
