000
CDUS43 KFSD 220624
CLIFSD


CLIMATE REPORT
NATIONAL WEATHER SERVICE SIOUX FALLS SD
124 AM CDT TUE APR 22 2014


...................................

...THE SIOUX FALLS SD CLIMATE SUMMARY FOR APRIL 21 2014...

CLIMATE NORMAL PERIOD 1981 TO 2010
CLIMATE RECORD PERIOD 1893 TO 2014


WEATHER ITEM   OBSERVED TIME   RECORD YEAR NORMAL DEPARTURE LAST
                VALUE   (LST)  VALUE       VALUE  FROM      YEAR
                                                  NORMAL
..................................................................
TEMPERATURE (F)
 YESTERDAY
  MAXIMUM         69    237 PM  93    1980  61      8       53
  MINIMUM         36   1144 PM  17    1927  37     -1       35
  AVERAGE         53                        49      4       44

PRECIPITATION (IN)
  YESTERDAY        T             1.13 1952   0.11  -0.11     0.04
  MONTH TO DATE    0.45                      2.07  -1.62     2.67
  SINCE MAR 1      1.16                      3.83  -2.67     3.55
  SINCE JAN 1      2.15                      4.99  -2.84     4.90

SNOWFALL (IN)
  YESTERDAY        0.0           3.6  1988   0.1   -0.1      0.0
  MONTH TO DATE    3.4                       3.8   -0.4     10.2
  SINCE MAR 1     11.1                      12.2   -1.1     11.7
  SINCE JUL 1     45.3                      43.7    1.6     37.2
  SNOW DEPTH       0

DEGREE DAYS
 HEATING
  YESTERDAY       12                        16     -4       21
  MONTH TO DATE  433                       433      0      618
  SINCE MAR 1   1534                      1428    106     1771
  SINCE JUL 1   7881                      7278    603     7390

 COOLING
  YESTERDAY        0                         0      0        0
  MONTH TO DATE    0                         0      0        0
  SINCE MAR 1      0                         0      0        0
  SINCE JAN 1      0                         0      0        0
..................................................................


WIND (MPH)
  HIGHEST WIND SPEED    30   HIGHEST WIND DIRECTION     N (340)
  HIGHEST GUST SPEED    41   HIGHEST GUST DIRECTION    NW (320)
  AVERAGE WIND SPEED    16.1


SKY COVER
  POSSIBLE SUNSHINE  MM
  AVERAGE SKY COVER 0.2


WEATHER CONDITIONS
 THE FOLLOWING WEATHER WAS RECORDED YESTERDAY.
  NO SIGNIFICANT WEATHER WAS OBSERVED.


RELATIVE HUMIDITY (PERCENT)
 HIGHEST    77           200 AM
 LOWEST     22          1200 PM
 AVERAGE    50

..........................................................


THE SIOUX FALLS SD CLIMATE NORMALS FOR TODAY
                         NORMAL    RECORD    YEAR
 MAXIMUM TEMPERATURE (F)   62        93      1960
 MINIMUM TEMPERATURE (F)   37        23      1956
                                             1927
                                             1909


SUNRISE AND SUNSET
APRIL 22 2014.........SUNRISE   633 AM CDT   SUNSET   819 PM CDT
APRIL 23 2014.........SUNRISE   631 AM CDT   SUNSET   820 PM CDT


-  INDICATES NEGATIVE NUMBERS.
R  INDICATES RECORD WAS SET OR TIED.
MM INDICATES DATA IS MISSING.
T  INDICATES TRACE AMOUNT.




$$
