000
CDUS43 KFSD 260631
CLIFSD


CLIMATE REPORT
NATIONAL WEATHER SERVICE SIOUX FALLS SD
130 AM CDT FRI AUG 26 2016


...................................

...THE SIOUX FALLS SD CLIMATE SUMMARY FOR AUGUST 25 2016...

CLIMATE NORMAL PERIOD 1981 TO 2010
CLIMATE RECORD PERIOD 1893 TO 2016


WEATHER ITEM   OBSERVED TIME   RECORD YEAR NORMAL DEPARTURE LAST
                VALUE   (LST)  VALUE       VALUE  FROM      YEAR
                                                  NORMAL
..................................................................
TEMPERATURE (F)
 YESTERDAY
  MAXIMUM         75    430 PM 103    1955  80     -5       74
  MINIMUM         55   1159 PM  39    1910  58     -3       43
  AVERAGE         65                        69     -4       59

PRECIPITATION (IN)
  YESTERDAY        0.00          1.68 1967   0.10  -0.10     0.00
  MONTH TO DATE    1.68                      2.46  -0.78     3.91
  SINCE JUN 1      5.72                      9.47  -3.75    12.39
  SINCE JAN 1     17.22                     18.80  -1.58    18.94

SNOWFALL (IN)
  YESTERDAY        0.0           0.0    MM   0.0    0.0      0.0
  MONTH TO DATE    0.0                       0.0    0.0      0.0
  SINCE JUN 1      0.0                       0.0    0.0      0.0
  SINCE JUL 1      0.0                       0.0    0.0      0.0
  SNOW DEPTH       0

DEGREE DAYS
 HEATING
  YESTERDAY        0                         1     -1        6
  MONTH TO DATE    0                        12    -12       29
  SINCE JUN 1     14                        71    -57       44
  SINCE JUL 1      5                        20    -15       35

 COOLING
  YESTERDAY        0                         5     -5        0
  MONTH TO DATE  198                       170     28      159
  SINCE JUN 1    709                       561    148      534
  SINCE JAN 1    742                       597    145      556
..................................................................


WIND (MPH)
  HIGHEST WIND SPEED    16   HIGHEST WIND DIRECTION    NW (320)
  HIGHEST GUST SPEED    21   HIGHEST GUST DIRECTION    NW (310)
  AVERAGE WIND SPEED     5.9


SKY COVER
  POSSIBLE SUNSHINE  MM
  AVERAGE SKY COVER 0.4


WEATHER CONDITIONS
 THE FOLLOWING WEATHER WAS RECORDED YESTERDAY.
  NO SIGNIFICANT WEATHER WAS OBSERVED.


RELATIVE HUMIDITY (PERCENT)
 HIGHEST    87           200 AM
 LOWEST     49           300 PM
 AVERAGE    68

..........................................................


THE SIOUX FALLS SD CLIMATE NORMALS FOR TODAY
                         NORMAL    RECORD    YEAR
 MAXIMUM TEMPERATURE (F)   80       108      1973
 MINIMUM TEMPERATURE (F)   58        40      1896


SUNRISE AND SUNSET
AUGUST 26 2016........SUNRISE   645 AM CDT   SUNSET   812 PM CDT
AUGUST 27 2016........SUNRISE   646 AM CDT   SUNSET   810 PM CDT


-  INDICATES NEGATIVE NUMBERS.
R  INDICATES RECORD WAS SET OR TIED.
MM INDICATES DATA IS MISSING.
T  INDICATES TRACE AMOUNT.




$$
