000
CDUS43 KFSD 240813
CLIFSD


CLIMATE REPORT
NATIONAL WEATHER SERVICE SIOUX FALLS SD
313 AM CDT SUN MAY 24 2015


...................................

...THE SIOUX FALLS SD CLIMATE SUMMARY FOR MAY 23 2015...

CLIMATE NORMAL PERIOD 1981 TO 2010
CLIMATE RECORD PERIOD 1893 TO 2015


WEATHER ITEM   OBSERVED TIME   RECORD YEAR NORMAL DEPARTURE LAST
                VALUE   (LST)  VALUE       VALUE  FROM      YEAR
                                                  NORMAL
..................................................................
TEMPERATURE (F)
 YESTERDAY
  MAXIMUM         66    456 PM  94    1950  72     -6       82
  MINIMUM         54    701 AM  33    1893  49      5       51
  AVERAGE         60                        60      0       67

PRECIPITATION (IN)
  YESTERDAY        0.08          3.96 1936   0.11  -0.03     0.00
  MONTH TO DATE    3.00                      2.47   0.53     1.02
  SINCE MAR 1      4.33                      7.24  -2.91     2.90
  SINCE JAN 1      5.55                      8.40  -2.85     3.89

SNOWFALL (IN)
  YESTERDAY        0.0          MM      MM   0.0    0.0      0.0
  MONTH TO DATE    T                         0.4   -0.4      0.0
  SINCE MAR 1      1.7                      13.4  -11.7     11.1
  SINCE JUL 1     31.9                      44.9  -13.0     45.3
  SNOW DEPTH       0

DEGREE DAYS
 HEATING
  YESTERDAY        5                         6     -1        0
  MONTH TO DATE  197                       208    -11      270
  SINCE MAR 1   1448                      1765   -317     1941
  SINCE JUL 1   7197                      7615   -418     8288

 COOLING
  YESTERDAY        0                         1     -1        2
  MONTH TO DATE    9                        19    -10        2
  SINCE MAR 1     13                        24    -11        2
  SINCE JAN 1     13                        24    -11        2
..................................................................


WIND (MPH)
  HIGHEST WIND SPEED    18   HIGHEST WIND DIRECTION     S (160)
  HIGHEST GUST SPEED    25   HIGHEST GUST DIRECTION    SE (130)
  AVERAGE WIND SPEED     8.0


SKY COVER
  POSSIBLE SUNSHINE  MM
  AVERAGE SKY COVER 1.0


WEATHER CONDITIONS
 THE FOLLOWING WEATHER WAS RECORDED YESTERDAY.
  LIGHT RAIN
  FOG


RELATIVE HUMIDITY (PERCENT)
 HIGHEST    86           800 AM
 LOWEST     57           200 AM
 AVERAGE    72

..........................................................


THE SIOUX FALLS SD CLIMATE NORMALS FOR TODAY
                         NORMAL    RECORD    YEAR
 MAXIMUM TEMPERATURE (F)   72        96      1939
 MINIMUM TEMPERATURE (F)   49        27      1897


SUNRISE AND SUNSET
MAY 24 2015...........SUNRISE   554 AM CDT   SUNSET   854 PM CDT
MAY 25 2015...........SUNRISE   553 AM CDT   SUNSET   855 PM CDT


-  INDICATES NEGATIVE NUMBERS.
R  INDICATES RECORD WAS SET OR TIED.
MM INDICATES DATA IS MISSING.
T  INDICATES TRACE AMOUNT.




$$
