000
CDUS43 KFSD 290634
CLIFSD


CLIMATE REPORT
NATIONAL WEATHER SERVICE SIOUX FALLS SD
1234 AM CST SAT NOV 29 2014


...................................

...THE SIOUX FALLS SD CLIMATE SUMMARY FOR NOVEMBER 28 2014...

CLIMATE NORMAL PERIOD 1981 TO 2010
CLIMATE RECORD PERIOD 1893 TO 2014


WEATHER ITEM   OBSERVED TIME   RECORD YEAR NORMAL DEPARTURE LAST
                VALUE   (LST)  VALUE       VALUE  FROM      YEAR
                                                  NORMAL
..................................................................
TEMPERATURE (F)
 YESTERDAY
  MAXIMUM         35    350 PM  66    1941  35      0       30
  MINIMUM         17    206 AM -11    1896  16      1       12
  AVERAGE         26                        26      0       21

PRECIPITATION (IN)
  YESTERDAY        0.00          1.16 2005   0.04  -0.04      T
  MONTH TO DATE    0.58                      1.29  -0.71     0.46
  SINCE SEP 1      3.53                      6.23  -2.70     4.24
  SINCE JAN 1     27.96                     25.62   2.34    24.66

SNOWFALL (IN)
  YESTERDAY        0.0           5.6  2005   0.3   -0.3       T
  MONTH TO DATE    8.3                       6.8    1.5      7.5
  SINCE SEP 1      8.3                       8.1    0.2      7.9
  SINCE JUL 1      8.3                       8.1    0.2      7.9
  SNOW DEPTH       1

DEGREE DAYS
 HEATING
  YESTERDAY       39                        40     -1       44
  MONTH TO DATE 1075                       890    185      916
  SINCE SEP 1   1655                      1599     56     1517
  SINCE JUL 1   1673                      1630     43     1551

 COOLING
  YESTERDAY        0                         0      0        0
  MONTH TO DATE    0                         0      0        0
  SINCE SEP 1     59                        65     -6      133
  SINCE JAN 1    610                       690    -80      787
..................................................................


WIND (MPH)
  HIGHEST WIND SPEED    18   HIGHEST WIND DIRECTION     S (170)
  HIGHEST GUST SPEED    23   HIGHEST GUST DIRECTION     S (170)
  AVERAGE WIND SPEED     7.2


SKY COVER
  POSSIBLE SUNSHINE  MM
  AVERAGE SKY COVER 0.6


WEATHER CONDITIONS
 THE FOLLOWING WEATHER WAS RECORDED YESTERDAY.
  FOG


RELATIVE HUMIDITY (PERCENT)
 HIGHEST    92           600 PM
 LOWEST     74          1200 AM
 AVERAGE    83

..........................................................


THE SIOUX FALLS SD CLIMATE NORMALS FOR TODAY
                         NORMAL    RECORD    YEAR
 MAXIMUM TEMPERATURE (F)   34        60      1973
 MINIMUM TEMPERATURE (F)   16       -14      1964


SUNRISE AND SUNSET
NOVEMBER 29 2014......SUNRISE   738 AM CST   SUNSET   452 PM CST
NOVEMBER 30 2014......SUNRISE   739 AM CST   SUNSET   452 PM CST


-  INDICATES NEGATIVE NUMBERS.
R  INDICATES RECORD WAS SET OR TIED.
MM INDICATES DATA IS MISSING.
T  INDICATES TRACE AMOUNT.




$$
