369
CDUS43 KFSD 220654
CLIFSD


CLIMATE REPORT
NATIONAL WEATHER SERVICE SIOUX FALLS SD
1253 AM CST WED FEB 22 2017


...................................

...THE SIOUX FALLS SD CLIMATE SUMMARY FOR FEBRUARY 21 2017...

CLIMATE NORMAL PERIOD 1981 TO 2010
CLIMATE RECORD PERIOD 1893 TO 2017


WEATHER ITEM   OBSERVED TIME   RECORD YEAR NORMAL DEPARTURE LAST
                VALUE   (LST)  VALUE       VALUE  FROM      YEAR
                                                  NORMAL
..................................................................
TEMPERATURE (F)
 YESTERDAY
  MAXIMUM         68R   434 PM  64    1977  33     35       39
  MINIMUM         28    405 AM -19    1918  14     14       30
  AVERAGE         48                        23     25       35

PRECIPITATION (IN)
  YESTERDAY        0.00          0.95 1913   0.03  -0.03     0.14
  MONTH TO DATE    0.26                      0.41  -0.15     0.76
  SINCE DEC 1      2.80                      1.66   1.14     2.55
  SINCE JAN 1      0.88                      0.97  -0.09     1.24

SNOWFALL (IN)
  YESTERDAY        0.0           5.0  1920   0.3   -0.3      0.9
                                      1913
  MONTH TO DATE    T                         5.1   -5.1      8.3
  SINCE DEC 1     20.3                      21.0   -0.7     34.3
  SINCE JUL 1     26.3                      29.7   -3.4     51.6
  SNOW DEPTH       0

DEGREE DAYS
 HEATING
  YESTERDAY       17                        42    -25       30
  MONTH TO DATE  689                       939   -250      851
  SINCE DEC 1   3435                      3859   -424     3513
  SINCE JUL 1   4570                      5571  -1001     4787

 COOLING
  YESTERDAY        0                         0      0        0
  MONTH TO DATE    0                         0      0        0
  SINCE DEC 1      0                         0      0        0
  SINCE JAN 1      0                         0      0        0
..................................................................


WIND (MPH)
  HIGHEST WIND SPEED    21   HIGHEST WIND DIRECTION     S (200)
  HIGHEST GUST SPEED    28   HIGHEST GUST DIRECTION     S (200)
  AVERAGE WIND SPEED     6.3


SKY COVER
  POSSIBLE SUNSHINE  MM
  AVERAGE SKY COVER 0.2


WEATHER CONDITIONS
 THE FOLLOWING WEATHER WAS RECORDED YESTERDAY.
  FOG
  FOG W/VISIBILITY <= 1/4 MILE


RELATIVE HUMIDITY (PERCENT)
 HIGHEST   100          1200 AM
 LOWEST     35           400 PM
 AVERAGE    68

..........................................................


THE SIOUX FALLS SD CLIMATE NORMALS FOR TODAY
                         NORMAL    RECORD    YEAR
 MAXIMUM TEMPERATURE (F)   34        70      1982
 MINIMUM TEMPERATURE (F)   14       -17      1989


SUNRISE AND SUNSET
FEBRUARY 22 2017......SUNRISE   714 AM CST   SUNSET   607 PM CST
FEBRUARY 23 2017......SUNRISE   713 AM CST   SUNSET   608 PM CST


-  INDICATES NEGATIVE NUMBERS.
R  INDICATES RECORD WAS SET OR TIED.
MM INDICATES DATA IS MISSING.
T  INDICATES TRACE AMOUNT.




$$
