942
CDUS43 KFSD 172227
CLIFSD


CLIMATE REPORT
NATIONAL WEATHER SERVICE SIOUX FALLS SD
426 PM CST FRI FEB 17 2017


...................................

...THE SIOUX FALLS SD CLIMATE SUMMARY FOR FEBRUARY 17 2017...
VALID TODAY AS OF 0400 PM LOCAL TIME.

CLIMATE NORMAL PERIOD 1981 TO 2010
CLIMATE RECORD PERIOD 1893 TO 2017


WEATHER ITEM   OBSERVED TIME   RECORD YEAR NORMAL DEPARTURE LAST
                VALUE   (LST)  VALUE       VALUE  FROM      YEAR
                                                  NORMAL
..................................................................
TEMPERATURE (F)
 TODAY
  MAXIMUM         60    356 PM  70    1981  32     28       33
  MINIMUM         27    745 AM -21    1958  12     15       27
  AVERAGE         44                        22     22       30

PRECIPITATION (IN)
  TODAY            0.00          1.36 1962   0.02  -0.02      T
  MONTH TO DATE    0.10                      0.31  -0.21     0.62
  SINCE DEC 1      2.64                      1.56   1.08     2.41
  SINCE JAN 1      0.72                      0.87  -0.15     1.10

SNOWFALL (IN)
  TODAY            0.0          18.0  1962   0.2   -0.2       T
  MONTH TO DATE    T                         4.0   -4.0      7.4
  SINCE DEC 1     20.3                      19.9    0.4     33.4
  SINCE JUL 1     26.3                      28.6   -2.3     50.7
  SNOW DEPTH       0

DEGREE DAYS
 HEATING
  TODAY           21                        43    -22       35
  MONTH TO DATE  616                       770   -154      746
  SINCE DEC 1   3362                      3690   -328     3408
  SINCE JUL 1   4497                      5402   -905     4682

 COOLING
  TODAY            0                         0      0        0
  MONTH TO DATE    0                         0      0        0
  SINCE DEC 1      0                         0      0        0
  SINCE JAN 1      0                         0      0        0
..................................................................


WIND (MPH)
  HIGHEST WIND SPEED    23   HIGHEST WIND DIRECTION    NW (310)
  HIGHEST GUST SPEED    27   HIGHEST GUST DIRECTION    NW (320)
  AVERAGE WIND SPEED     5.1


SKY COVER
  POSSIBLE SUNSHINE  MM
  AVERAGE SKY COVER 0.0


WEATHER CONDITIONS
 THE FOLLOWING WEATHER WAS RECORDED TODAY.
  FOG


RELATIVE HUMIDITY (PERCENT)
 HIGHEST   100          1200 AM
 LOWEST     47          1200 PM
 AVERAGE    74

..........................................................


THE SIOUX FALLS SD CLIMATE NORMALS FOR TOMORROW
                         NORMAL    RECORD    YEAR
 MAXIMUM TEMPERATURE (F)   32        62      1981
 MINIMUM TEMPERATURE (F)   13       -21      1903


SUNRISE AND SUNSET
FEBRUARY 17 2017......SUNRISE   722 AM CST   SUNSET   600 PM CST
FEBRUARY 18 2017......SUNRISE   720 AM CST   SUNSET   602 PM CST


-  INDICATES NEGATIVE NUMBERS.
R  INDICATES RECORD WAS SET OR TIED.
MM INDICATES DATA IS MISSING.
T  INDICATES TRACE AMOUNT.




$$
