000
CDUS43 KFSD 060634
CLIFSD


CLIMATE REPORT
NATIONAL WEATHER SERVICE SIOUX FALLS SD
1234 AM CST WED DEC 6 2017


...................................

...THE SIOUX FALLS SD CLIMATE SUMMARY FOR DECEMBER 5 2017...

CLIMATE NORMAL PERIOD 1981 TO 2010
CLIMATE RECORD PERIOD 1893 TO 2017


WEATHER ITEM   OBSERVED TIME   RECORD YEAR NORMAL DEPARTURE LAST
                VALUE   (LST)  VALUE       VALUE  FROM      YEAR
                                                  NORMAL
..................................................................
TEMPERATURE (F)
 YESTERDAY
  MAXIMUM         29   1155 AM  59    1963  32     -3       45
  MINIMUM         15    741 AM -11    1950  13      2       23
  AVERAGE         22                        22      0       34

PRECIPITATION (IN)
  YESTERDAY        T             0.49 1953   0.02  -0.02     0.00
  MONTH TO DATE    0.07                      0.14  -0.07      T
  SINCE DEC 1      0.07                      0.14  -0.07      T
  SINCE JAN 1     24.59                     25.83  -1.24    30.31

SNOWFALL (IN)
  YESTERDAY        T             5.3  1953   0.3   -0.3      0.0
  MONTH TO DATE    1.2                       1.4   -0.2       T
  SINCE DEC 1      1.2                       1.4   -0.2       T
  SINCE JUL 1      1.4                      10.1   -8.7      6.0
  SNOW DEPTH       1

DEGREE DAYS
 HEATING
  YESTERDAY       43                        43      0       31
  MONTH TO DATE  153                       210    -57      159
  SINCE DEC 1    153                       210    -57      159
  SINCE JUL 1   1562                      1922   -360     1294

 COOLING
  YESTERDAY        0                         0      0        0
  MONTH TO DATE    0                         0      0        0
  SINCE DEC 1      0                         0      0        0
  SINCE JAN 1    776                       690     86      879
..................................................................


WIND (MPH)
  HIGHEST WIND SPEED    24   HIGHEST WIND DIRECTION     W (290)
  HIGHEST GUST SPEED    33   HIGHEST GUST DIRECTION     W (280)
  AVERAGE WIND SPEED    11.6


SKY COVER
  POSSIBLE SUNSHINE  MM
  AVERAGE SKY COVER 0.4


WEATHER CONDITIONS
 THE FOLLOWING WEATHER WAS RECORDED YESTERDAY.
  LIGHT SNOW
  FOG


RELATIVE HUMIDITY (PERCENT)
 HIGHEST   100           900 PM
 LOWEST     55           300 PM
 AVERAGE    78

..........................................................


THE SIOUX FALLS SD CLIMATE NORMALS FOR TODAY
                         NORMAL    RECORD    YEAR
 MAXIMUM TEMPERATURE (F)   31        59      1939
 MINIMUM TEMPERATURE (F)   12       -22      1972


SUNRISE AND SUNSET
DECEMBER  6 2017......SUNRISE   746 AM CST   SUNSET   450 PM CST
DECEMBER  7 2017......SUNRISE   747 AM CST   SUNSET   450 PM CST


-  INDICATES NEGATIVE NUMBERS.
R  INDICATES RECORD WAS SET OR TIED.
MM INDICATES DATA IS MISSING.
T  INDICATES TRACE AMOUNT.




$$
