000
CDUS43 KFSD 290632
CLIFSD


CLIMATE REPORT
NATIONAL WEATHER SERVICE SIOUX FALLS SD
132 AM CDT SAT AUG 29 2015


...................................

...THE SIOUX FALLS SD CLIMATE SUMMARY FOR AUGUST 28 2015...

CLIMATE NORMAL PERIOD 1981 TO 2010
CLIMATE RECORD PERIOD 1893 TO 2015


WEATHER ITEM   OBSERVED TIME   RECORD YEAR NORMAL DEPARTURE LAST
                VALUE   (LST)  VALUE       VALUE  FROM      YEAR
                                                  NORMAL
..................................................................
TEMPERATURE (F)
 YESTERDAY
  MAXIMUM         72   1232 PM 100    1984  80     -8       74
                                      1973
  MINIMUM         56   1159 PM  38    1911  57     -1       67
                                      1893
  AVERAGE         64                        68     -4       71

PRECIPITATION (IN)
  YESTERDAY        0.05          2.37 1932   0.09  -0.04     0.39
  MONTH TO DATE    6.57                      2.74   3.83     4.40
  SINCE JUN 1     15.05                      9.75   5.30    18.90
  SINCE JAN 1     21.60                     19.08   2.52    23.88

SNOWFALL (IN)
  YESTERDAY        0.0           0.0    MM   0.0    0.0      0.0
  MONTH TO DATE    0.0                       0.0    0.0      0.0
  SINCE JUN 1      0.0                       0.0    0.0       T
  SINCE JUL 1      0.0                       0.0    0.0       T
  SNOW DEPTH       0

DEGREE DAYS
 HEATING
  YESTERDAY        1                         1      0        0
  MONTH TO DATE   32                        15     17        3
  SINCE JUN 1     47                        74    -27       50
  SINCE JUL 1     38                        23     15       18

 COOLING
  YESTERDAY        0                         5     -5        6
  MONTH TO DATE  165                       185    -20      174
  SINCE JUN 1    540                       576    -36      482
  SINCE JAN 1    562                       612    -50      535
..................................................................


WIND (MPH)
  HIGHEST WIND SPEED    22   HIGHEST WIND DIRECTION     E (90)
  HIGHEST GUST SPEED    26   HIGHEST GUST DIRECTION     E (90)
  AVERAGE WIND SPEED    10.3


SKY COVER
  POSSIBLE SUNSHINE  MM
  AVERAGE SKY COVER 0.9


WEATHER CONDITIONS
 THE FOLLOWING WEATHER WAS RECORDED YESTERDAY.
  LIGHT RAIN
  FOG


RELATIVE HUMIDITY (PERCENT)
 HIGHEST    93          1200 AM
 LOWEST     73           300 PM
 AVERAGE    83

..........................................................


THE SIOUX FALLS SD CLIMATE NORMALS FOR TODAY
                         NORMAL    RECORD    YEAR
 MAXIMUM TEMPERATURE (F)   80       100      2012
 MINIMUM TEMPERATURE (F)   57        34      1893


SUNRISE AND SUNSET
AUGUST 29 2015........SUNRISE   647 AM CDT   SUNSET   808 PM CDT
AUGUST 30 2015........SUNRISE   648 AM CDT   SUNSET   806 PM CDT


-  INDICATES NEGATIVE NUMBERS.
R  INDICATES RECORD WAS SET OR TIED.
MM INDICATES DATA IS MISSING.
T  INDICATES TRACE AMOUNT.




$$
