000
CDUS43 KFSD 200651
CLIFSD


CLIMATE REPORT
NATIONAL WEATHER SERVICE SIOUX FALLS SD
1250 AM CST FRI JAN 20 2017


...................................

...THE SIOUX FALLS SD CLIMATE SUMMARY FOR JANUARY 19 2017...

CLIMATE NORMAL PERIOD 1981 TO 2010
CLIMATE RECORD PERIOD 1893 TO 2017


WEATHER ITEM   OBSERVED TIME   RECORD YEAR NORMAL DEPARTURE LAST
                VALUE   (LST)  VALUE       VALUE  FROM      YEAR
                                                  NORMAL
..................................................................
TEMPERATURE (F)
 YESTERDAY
  MAXIMUM         38   1148 PM  55    1900  26     12       17
  MINIMUM         35   1052 AM -36    1970   7     28        4
  AVERAGE         37                        17     20       11

PRECIPITATION (IN)
  YESTERDAY        T             1.04 1988   0.01  -0.01     0.08
  MONTH TO DATE    0.14                      0.34  -0.20     0.41
  SINCE DEC 1      2.06                      1.03   1.03     1.72
  SINCE JAN 1      0.14                      0.34  -0.20     0.41

SNOWFALL (IN)
  YESTERDAY        0.0          10.4  1988   0.3   -0.3      0.6
  MONTH TO DATE    2.1                       4.7   -2.6      5.7
  SINCE DEC 1     13.0                      12.9    0.1     24.8
  SINCE JUL 1     19.0                      21.6   -2.6     42.1
  SNOW DEPTH       T

DEGREE DAYS
 HEATING
  YESTERDAY       28                        48    -20       54
  MONTH TO DATE  938                       930      8      989
  SINCE DEC 1   2327                      2351    -24     2183
  SINCE JUL 1   3462                      4063   -601     3457

 COOLING
  YESTERDAY        0                         0      0        0
  MONTH TO DATE    0                         0      0        0
  SINCE DEC 1      0                         0      0        0
  SINCE JAN 1      0                         0      0        0
..................................................................


WIND (MPH)
  HIGHEST WIND SPEED    17   HIGHEST WIND DIRECTION     S (160)
  HIGHEST GUST SPEED    22   HIGHEST GUST DIRECTION    SE (150)
  AVERAGE WIND SPEED    10.4


SKY COVER
  POSSIBLE SUNSHINE  MM
  AVERAGE SKY COVER 0.6


WEATHER CONDITIONS
 THE FOLLOWING WEATHER WAS RECORDED YESTERDAY.
  LIGHT RAIN
  FOG
  FOG W/VISIBILITY <= 1/4 MILE


RELATIVE HUMIDITY (PERCENT)
 HIGHEST   100          1200 AM
 LOWEST     85           400 AM
 AVERAGE    93

..........................................................


THE SIOUX FALLS SD CLIMATE NORMALS FOR TODAY
                         NORMAL    RECORD    YEAR
 MAXIMUM TEMPERATURE (F)   26        57      1944
 MINIMUM TEMPERATURE (F)    7       -24      1970
                                             1954


SUNRISE AND SUNSET
JANUARY 20 2017.......SUNRISE   754 AM CST   SUNSET   523 PM CST
JANUARY 21 2017.......SUNRISE   753 AM CST   SUNSET   524 PM CST


-  INDICATES NEGATIVE NUMBERS.
R  INDICATES RECORD WAS SET OR TIED.
MM INDICATES DATA IS MISSING.
T  INDICATES TRACE AMOUNT.




$$
