000
CDUS43 KFSD 180636
CLIFSD


CLIMATE REPORT
NATIONAL WEATHER SERVICE SIOUX FALLS SD
1234 AM CST THU DEC 18 2014


...................................

...THE SIOUX FALLS SD CLIMATE SUMMARY FOR DECEMBER 17 2014...

CLIMATE NORMAL PERIOD 1981 TO 2010
CLIMATE RECORD PERIOD 1893 TO 2014


WEATHER ITEM   OBSERVED TIME   RECORD YEAR NORMAL DEPARTURE LAST
                VALUE   (LST)  VALUE       VALUE  FROM      YEAR
                                                  NORMAL
..................................................................
TEMPERATURE (F)
 YESTERDAY
  MAXIMUM         20    145 PM  56    1962  28     -8       34
  MINIMUM         -1    758 AM -24    1922   9    -10       14
  AVERAGE         10                        18     -8       24

PRECIPITATION (IN)
  YESTERDAY        0.00          0.55 1908   0.02  -0.02      T
  MONTH TO DATE    0.81                      0.42   0.39     0.82
  SINCE DEC 1      0.81                      0.42   0.39     0.82
  SINCE JAN 1     28.75                     26.11   2.64    25.48

SNOWFALL (IN)
  YESTERDAY        0.0           5.5  1908   0.3   -0.3       T
  MONTH TO DATE    2.0                       4.7   -2.7      9.1
  SINCE DEC 1      2.0                       4.7   -2.7      9.1
  SINCE JUL 1     10.3                      13.4   -3.1     17.0
  SNOW DEPTH       2

DEGREE DAYS
 HEATING
  YESTERDAY       55                        47      8       41
  MONTH TO DATE  632                       751   -119      899
  SINCE DEC 1    632                       751   -119      899
  SINCE JUL 1   2388                      2463    -75     2520

 COOLING
  YESTERDAY        0                         0      0        0
  MONTH TO DATE    0                         0      0        0
  SINCE DEC 1      0                         0      0        0
  SINCE JAN 1    610                       690    -80      787
..................................................................


WIND (MPH)
  HIGHEST WIND SPEED    10   HIGHEST WIND DIRECTION     N (20)
  HIGHEST GUST SPEED    12   HIGHEST GUST DIRECTION     N (10)
  AVERAGE WIND SPEED     2.5


SKY COVER
  POSSIBLE SUNSHINE  MM
  AVERAGE SKY COVER 0.2


WEATHER CONDITIONS
 THE FOLLOWING WEATHER WAS RECORDED YESTERDAY.
  NO SIGNIFICANT WEATHER WAS OBSERVED.


RELATIVE HUMIDITY (PERCENT)
 HIGHEST    92           700 PM
 LOWEST     62           300 PM
 AVERAGE    77

..........................................................


THE SIOUX FALLS SD CLIMATE NORMALS FOR TODAY
                         NORMAL    RECORD    YEAR
 MAXIMUM TEMPERATURE (F)   27        60      1923
 MINIMUM TEMPERATURE (F)    9       -26      1983


SUNRISE AND SUNSET
DECEMBER 18 2014......SUNRISE   755 AM CST   SUNSET   452 PM CST
DECEMBER 19 2014......SUNRISE   756 AM CST   SUNSET   452 PM CST


-  INDICATES NEGATIVE NUMBERS.
R  INDICATES RECORD WAS SET OR TIED.
MM INDICATES DATA IS MISSING.
T  INDICATES TRACE AMOUNT.




$$
