000
CDUS43 KFSD 280658
CLIFSD


CLIMATE REPORT
NATIONAL WEATHER SERVICE SIOUX FALLS SD
158 AM CDT SUN SEP 28 2014


...................................

...THE SIOUX FALLS SD CLIMATE SUMMARY FOR SEPTEMBER 27 2014...

CLIMATE NORMAL PERIOD 1981 TO 2010
CLIMATE RECORD PERIOD 1893 TO 2014


WEATHER ITEM   OBSERVED TIME   RECORD YEAR NORMAL DEPARTURE LAST
                VALUE   (LST)  VALUE       VALUE  FROM      YEAR
                                                  NORMAL
..................................................................
TEMPERATURE (F)
 YESTERDAY
  MAXIMUM         81    307 PM  96    1956  68     13       80
  MINIMUM         62    704 AM  23    1900  44     18       60
  AVERAGE         72                        56     16       70

PRECIPITATION (IN)
  YESTERDAY        0.00          0.76 1947   0.08  -0.08     0.09
  MONTH TO DATE    2.06                      2.52  -0.46     0.38
  SINCE SEP 1      2.06                      2.52  -0.46     0.38
  SINCE JAN 1     26.49                     21.91   4.58    20.80

SNOWFALL (IN)
  YESTERDAY        0.0           0.0    MM   0.1   -0.1      0.0
  MONTH TO DATE    0.0                       0.1   -0.1      0.0
  SINCE SEP 1      0.0                       0.1   -0.1      0.0
  SINCE JUL 1      T                         0.1   -0.1      0.0
  SNOW DEPTH       0

DEGREE DAYS
 HEATING
  YESTERDAY        0                        10    -10        0
  MONTH TO DATE  122                       142    -20       56
  SINCE SEP 1    122                       142    -20       56
  SINCE JUL 1    140                       173    -33       90

 COOLING
  YESTERDAY        7                         1      6        5
  MONTH TO DATE   55                        60     -5      125
  SINCE SEP 1     55                        60     -5      125
  SINCE JAN 1    606                       685    -79      779
..................................................................


WIND (MPH)
  HIGHEST WIND SPEED    23   HIGHEST WIND DIRECTION     S (160)
  HIGHEST GUST SPEED    29   HIGHEST GUST DIRECTION     S (170)
  AVERAGE WIND SPEED    12.8


SKY COVER
  POSSIBLE SUNSHINE  MM
  AVERAGE SKY COVER 0.1


WEATHER CONDITIONS
 THE FOLLOWING WEATHER WAS RECORDED YESTERDAY.
  NO SIGNIFICANT WEATHER WAS OBSERVED.


RELATIVE HUMIDITY (PERCENT)
 HIGHEST    84           500 AM
 LOWEST     45           200 PM
 AVERAGE    65

..........................................................


THE SIOUX FALLS SD CLIMATE NORMALS FOR TODAY
                         NORMAL    RECORD    YEAR
 MAXIMUM TEMPERATURE (F)   68        93      1894
 MINIMUM TEMPERATURE (F)   43        24      1976
                                             1951


SUNRISE AND SUNSET
SEPTEMBER 28 2014.....SUNRISE   721 AM CDT   SUNSET   713 PM CDT
SEPTEMBER 29 2014.....SUNRISE   722 AM CDT   SUNSET   711 PM CDT


-  INDICATES NEGATIVE NUMBERS.
R  INDICATES RECORD WAS SET OR TIED.
MM INDICATES DATA IS MISSING.
T  INDICATES TRACE AMOUNT.




$$
