000
CDUS43 KFSD 240632
CLIFSD


CLIMATE REPORT
NATIONAL WEATHER SERVICE SIOUX FALLS SD
132 AM CDT TUE MAR 24 2015


...................................

...THE SIOUX FALLS SD CLIMATE SUMMARY FOR MARCH 23 2015...

CLIMATE NORMAL PERIOD 1981 TO 2010
CLIMATE RECORD PERIOD 1893 TO 2015


WEATHER ITEM   OBSERVED TIME   RECORD YEAR NORMAL DEPARTURE LAST
                VALUE   (LST)  VALUE       VALUE  FROM      YEAR
                                                  NORMAL
..................................................................
TEMPERATURE (F)
 YESTERDAY
  MAXIMUM         49    424 PM  87    1910  47      2       33
  MINIMUM         26    231 AM -13    1899  25      1        9
  AVERAGE         38                        36      2       21

PRECIPITATION (IN)
  YESTERDAY        0.00          1.10 1987   0.07  -0.07     0.01
  MONTH TO DATE    0.22                      1.12  -0.90     0.53
  SINCE MAR 1      0.22                      1.12  -0.90     0.53
  SINCE JAN 1      1.44                      2.28  -0.84     1.52

SNOWFALL (IN)
  YESTERDAY        0.0           4.4  1975   0.2   -0.2      0.1
  MONTH TO DATE    1.7                       6.5   -4.8      5.9
  SINCE MAR 1      1.7                       6.5   -4.8      5.9
  SINCE JUL 1     31.9                      38.0   -6.1     40.1
  SNOW DEPTH       0

DEGREE DAYS
 HEATING
  YESTERDAY       27                        29     -2       44
  MONTH TO DATE  619                       778   -159      868
  SINCE MAR 1    619                       778   -159      868
  SINCE JUL 1   6368                      6628   -260     7215

 COOLING
  YESTERDAY        0                         0      0        0
  MONTH TO DATE    0                         0      0        0
  SINCE MAR 1      0                         0      0        0
  SINCE JAN 1      0                         0      0        0
..................................................................


WIND (MPH)
  HIGHEST WIND SPEED    21   HIGHEST WIND DIRECTION    SE (140)
  HIGHEST GUST SPEED    27   HIGHEST GUST DIRECTION    SE (150)
  AVERAGE WIND SPEED    10.9


SKY COVER
  POSSIBLE SUNSHINE  MM
  AVERAGE SKY COVER 0.9


WEATHER CONDITIONS
 THE FOLLOWING WEATHER WAS RECORDED YESTERDAY.
  NO SIGNIFICANT WEATHER WAS OBSERVED.


RELATIVE HUMIDITY (PERCENT)
 HIGHEST    92           200 AM
 LOWEST     46           400 PM
 AVERAGE    69

..........................................................


THE SIOUX FALLS SD CLIMATE NORMALS FOR TODAY
                         NORMAL    RECORD    YEAR
 MAXIMUM TEMPERATURE (F)   47        83      1967
 MINIMUM TEMPERATURE (F)   26         0      1974


SUNRISE AND SUNSET
MARCH 24 2015.........SUNRISE   723 AM CDT   SUNSET   744 PM CDT
MARCH 25 2015.........SUNRISE   722 AM CDT   SUNSET   745 PM CDT


-  INDICATES NEGATIVE NUMBERS.
R  INDICATES RECORD WAS SET OR TIED.
MM INDICATES DATA IS MISSING.
T  INDICATES TRACE AMOUNT.




$$
