000
CDUS43 KFSD 260731
CLIFSD


CLIMATE REPORT
NATIONAL WEATHER SERVICE SIOUX FALLS SD
131 AM CST THU FEB 26 2015


...................................

...THE SIOUX FALLS SD CLIMATE SUMMARY FOR FEBRUARY 25 2015...

CLIMATE NORMAL PERIOD 1981 TO 2010
CLIMATE RECORD PERIOD 1893 TO 2015


WEATHER ITEM   OBSERVED TIME   RECORD YEAR NORMAL DEPARTURE LAST
                VALUE   (LST)  VALUE       VALUE  FROM      YEAR
                                                  NORMAL
..................................................................
TEMPERATURE (F)
 YESTERDAY
  MAXIMUM         27   1212 AM  63    1896  35     -8        9
  MINIMUM         -1   1159 PM -14    1965  15    -16      -10
  AVERAGE         13                        25    -12        0

PRECIPITATION (IN)
  YESTERDAY        0.14          0.40 1944   0.02   0.12      T
  MONTH TO DATE    0.40                      0.51  -0.11     0.67
  SINCE DEC 1      2.54                      1.76   0.78     2.11
  SINCE JAN 1      1.21                      1.07   0.14     0.98

SNOWFALL (IN)
  YESTERDAY        1.9           5.4  1950   0.3    1.6       T
  MONTH TO DATE    6.0                       6.1   -0.1      8.9
  SINCE DEC 1     21.7                      22.0   -0.3     26.2
  SINCE JUL 1     30.0                      30.7   -0.7     34.1
  SNOW DEPTH       1

DEGREE DAYS
 HEATING
  YESTERDAY       52                        40     12       65
  MONTH TO DATE 1199                      1101     98     1304
  SINCE DEC 1   3813                      4021   -208     4547
  SINCE JUL 1   5569                      5733   -164     6168

 COOLING
  YESTERDAY        0                         0      0        0
  MONTH TO DATE    0                         0      0        0
  SINCE DEC 1      0                         0      0        0
  SINCE JAN 1      0                         0      0        0
..................................................................


WIND (MPH)
  HIGHEST WIND SPEED    26   HIGHEST WIND DIRECTION     E (70)
  HIGHEST GUST SPEED    34   HIGHEST GUST DIRECTION    SE (120)
  AVERAGE WIND SPEED    17.4


SKY COVER
  POSSIBLE SUNSHINE  MM
  AVERAGE SKY COVER 0.8


WEATHER CONDITIONS
 THE FOLLOWING WEATHER WAS RECORDED YESTERDAY.
  LIGHT SNOW
  FOG
  BLOWING SNOW


RELATIVE HUMIDITY (PERCENT)
 HIGHEST    92           700 AM
 LOWEST     67           300 PM
 AVERAGE    80

..........................................................


THE SIOUX FALLS SD CLIMATE NORMALS FOR TODAY
                         NORMAL    RECORD    YEAR
 MAXIMUM TEMPERATURE (F)   35        66      1896
 MINIMUM TEMPERATURE (F)   16       -23      1897


SUNRISE AND SUNSET
FEBRUARY 26 2015......SUNRISE   709 AM CST   SUNSET   612 PM CST
FEBRUARY 27 2015......SUNRISE   707 AM CST   SUNSET   613 PM CST


-  INDICATES NEGATIVE NUMBERS.
R  INDICATES RECORD WAS SET OR TIED.
MM INDICATES DATA IS MISSING.
T  INDICATES TRACE AMOUNT.




$$
