000
CDUS43 KFSD 080635
CLIFSD


CLIMATE REPORT
NATIONAL WEATHER SERVICE SIOUX FALLS SD
134 AM CDT TUE JUL 8 2014


...................................

...THE SIOUX FALLS SD CLIMATE SUMMARY FOR JULY 7 2014...

CLIMATE NORMAL PERIOD 1981 TO 2010
CLIMATE RECORD PERIOD 1893 TO 2014


WEATHER ITEM   OBSERVED TIME   RECORD YEAR NORMAL DEPARTURE LAST
                VALUE   (LST)  VALUE       VALUE  FROM      YEAR
                                                  NORMAL
..................................................................
TEMPERATURE (F)
 YESTERDAY
  MAXIMUM         85    431 PM 100    1988  84      1       89
                                      1974
                                      1897
  MINIMUM         62    413 AM  42    1894  62      0       69
  AVERAGE         74                        73      1       79

PRECIPITATION (IN)
  YESTERDAY        0.05          2.83 1912   0.10  -0.05     0.08
  MONTH TO DATE    0.06                      0.73  -0.67     0.13
  SINCE JUN 1     13.76                      4.65   9.11     4.41
  SINCE JAN 1     18.74                     13.98   4.76    16.72

SNOWFALL (IN)
  YESTERDAY        0.0           T    2005   0.0    0.0      0.0
  MONTH TO DATE    0.0                       0.0    0.0      0.0
  SINCE JUN 1      T                         0.0    0.0      0.0
  SINCE JUL 1      0.0                       0.0    0.0      0.0
  SNOW DEPTH       0

DEGREE DAYS
 HEATING
  YESTERDAY        0                         0      0        0
  MONTH TO DATE    4                         0      4        0
  SINCE JUN 1     36                        51    -15       69
  SINCE JUL 1      4                         0      4        0

 COOLING
  YESTERDAY        9                         8      1       14
  MONTH TO DATE   48                        55     -7       59
  SINCE JUN 1    184                       190     -6      195
  SINCE JAN 1    237                       226     11      237
..................................................................


WIND (MPH)
  HIGHEST WIND SPEED    25   HIGHEST WIND DIRECTION     N (340)
  HIGHEST GUST SPEED    32   HIGHEST GUST DIRECTION     N (340)
  AVERAGE WIND SPEED     8.4


SKY COVER
  POSSIBLE SUNSHINE  MM
  AVERAGE SKY COVER 0.4


WEATHER CONDITIONS
 THE FOLLOWING WEATHER WAS RECORDED YESTERDAY.
  THUNDERSTORM
  LIGHT RAIN


RELATIVE HUMIDITY (PERCENT)
 HIGHEST    87          1200 AM
 LOWEST     47           200 PM
 AVERAGE    67

..........................................................


THE SIOUX FALLS SD CLIMATE NORMALS FOR TODAY
                         NORMAL    RECORD    YEAR
 MAXIMUM TEMPERATURE (F)   84       102      1989
 MINIMUM TEMPERATURE (F)   62        44      1908
                                             1899


SUNRISE AND SUNSET
JULY  8 2014..........SUNRISE   554 AM CDT   SUNSET   910 PM CDT
JULY  9 2014..........SUNRISE   555 AM CDT   SUNSET   909 PM CDT


-  INDICATES NEGATIVE NUMBERS.
R  INDICATES RECORD WAS SET OR TIED.
MM INDICATES DATA IS MISSING.
T  INDICATES TRACE AMOUNT.




$$
