108
CDUS43 KFSD 150643
CLIFSD


CLIMATE REPORT
NATIONAL WEATHER SERVICE SIOUX FALLS SD
143 AM CDT TUE AUG 15 2017


...................................

...THE SIOUX FALLS SD CLIMATE SUMMARY FOR AUGUST 14 2017...

CLIMATE NORMAL PERIOD 1981 TO 2010
CLIMATE RECORD PERIOD 1893 TO 2017


WEATHER ITEM   OBSERVED TIME   RECORD YEAR NORMAL DEPARTURE LAST
                VALUE   (LST)  VALUE       VALUE  FROM      YEAR
                                                  NORMAL
..................................................................
TEMPERATURE (F)
 YESTERDAY
  MAXIMUM         78    413 PM  99    1970  82     -4       85
  MINIMUM         57    211 AM  43    2004  60     -3       58
  AVERAGE         68                        71     -3       72

PRECIPITATION (IN)
  YESTERDAY        0.00          1.62 1905   0.10  -0.10     0.00
  MONTH TO DATE    0.82                      1.41  -0.59     1.49
  SINCE JUN 1      5.24                      8.42  -3.18     5.53
  SINCE JAN 1     12.99                     17.75  -4.76    17.03

SNOWFALL (IN)
  YESTERDAY        0.0           0.0    MM   0.0    0.0      0.0
  MONTH TO DATE    0.0                       0.0    0.0      0.0
  SINCE JUN 1      0.0                       0.0    0.0      0.0
  SINCE JUL 1      0.0                       0.0    0.0      0.0
  SNOW DEPTH       0

DEGREE DAYS
 HEATING
  YESTERDAY        0                         1     -1        0
  MONTH TO DATE    6                         1      5        0
  SINCE JUN 1     32                        60    -28       14
  SINCE JUL 1      6                         9     -3        5

 COOLING
  YESTERDAY        3                         7     -4        7
  MONTH TO DATE   41                       104    -63      126
  SINCE JUN 1    576                       495     81      637
  SINCE JAN 1    602                       531     71      670
..................................................................


WIND (MPH)
  HIGHEST WIND SPEED    15   HIGHEST WIND DIRECTION    NE (40)
  HIGHEST GUST SPEED    19   HIGHEST GUST DIRECTION    NE (30)
  AVERAGE WIND SPEED     5.1


SKY COVER
  POSSIBLE SUNSHINE  MM
  AVERAGE SKY COVER 0.7


WEATHER CONDITIONS
 THE FOLLOWING WEATHER WAS RECORDED YESTERDAY.
  FOG
  FOG W/VISIBILITY <= 1/4 MILE


RELATIVE HUMIDITY (PERCENT)
 HIGHEST   100          1200 AM
 LOWEST     56           400 PM
 AVERAGE    78

..........................................................


THE SIOUX FALLS SD CLIMATE NORMALS FOR TODAY
                         NORMAL    RECORD    YEAR
 MAXIMUM TEMPERATURE (F)   82       106      1937
 MINIMUM TEMPERATURE (F)   60        36      1895


SUNRISE AND SUNSET
AUGUST 15 2017........SUNRISE   632 AM CDT   SUNSET   830 PM CDT
AUGUST 16 2017........SUNRISE   633 AM CDT   SUNSET   828 PM CDT


-  INDICATES NEGATIVE NUMBERS.
R  INDICATES RECORD WAS SET OR TIED.
MM INDICATES DATA IS MISSING.
T  INDICATES TRACE AMOUNT.




$$
