000
CDUS43 KFSD 172221
CLIFSD


CLIMATE REPORT
NATIONAL WEATHER SERVICE SIOUX FALLS SD
520 PM CDT MON APR 17 2017


...................................

...THE SIOUX FALLS SD CLIMATE SUMMARY FOR APRIL 17 2017...
VALID TODAY AS OF 0500 PM LOCAL TIME.

CLIMATE NORMAL PERIOD 1981 TO 2010
CLIMATE RECORD PERIOD 1893 TO 2017


WEATHER ITEM   OBSERVED TIME   RECORD YEAR NORMAL DEPARTURE LAST
                VALUE   (LST)  VALUE       VALUE  FROM      YEAR
                                                  NORMAL
..................................................................
TEMPERATURE (F)
 TODAY
  MAXIMUM         66    359 PM  90    1985  60      6       73
  MINIMUM         39    612 AM  15    1907  35      4       50
  AVERAGE         53                        47      6       62

PRECIPITATION (IN)
  TODAY            T             1.73 1896   0.11  -0.11      T
  MONTH TO DATE    0.65                      1.65  -1.00     0.09
  SINCE MAR 1      1.19                      3.41  -2.22     2.18
  SINCE JAN 1      2.30                      4.57  -2.27     3.86

SNOWFALL (IN)
  TODAY            0.0           6.1  1983   0.2   -0.2      0.0
  MONTH TO DATE    T                         3.2   -3.2       T
  SINCE MAR 1      8.0                      11.6   -3.6     12.2
  SINCE JUL 1     39.4                      43.1   -3.7     68.5
  SNOW DEPTH       0

DEGREE DAYS
 HEATING
  TODAY           12                        18     -6        3
  MONTH TO DATE  230                       365   -135      296
  SINCE MAR 1   1140                      1360   -220     1060
  SINCE JUL 1   5946                      7210  -1264     6096

 COOLING
  TODAY            0                         0      0        0
  MONTH TO DATE    1                         0      1        0
  SINCE MAR 1      1                         0      1        0
  SINCE JAN 1      1                         0      1        0
..................................................................


WIND (MPH)
  HIGHEST WIND SPEED    20   HIGHEST WIND DIRECTION    NE (50)
  HIGHEST GUST SPEED    25   HIGHEST GUST DIRECTION    SE (140)
  AVERAGE WIND SPEED     8.9


SKY COVER
  POSSIBLE SUNSHINE  MM
  AVERAGE SKY COVER 0.4


WEATHER CONDITIONS
 THE FOLLOWING WEATHER WAS RECORDED TODAY.
  LIGHT RAIN


RELATIVE HUMIDITY (PERCENT)
 HIGHEST    86           500 AM
 LOWEST     36           200 PM
 AVERAGE    61

..........................................................


THE SIOUX FALLS SD CLIMATE NORMALS FOR TOMORROW
                         NORMAL    RECORD    YEAR
 MAXIMUM TEMPERATURE (F)   60        92      1985
 MINIMUM TEMPERATURE (F)   35        14      1953


SUNRISE AND SUNSET
APRIL 17 2017.........SUNRISE   641 AM CDT   SUNSET   813 PM CDT
APRIL 18 2017.........SUNRISE   639 AM CDT   SUNSET   814 PM CDT


-  INDICATES NEGATIVE NUMBERS.
R  INDICATES RECORD WAS SET OR TIED.
MM INDICATES DATA IS MISSING.
T  INDICATES TRACE AMOUNT.




$$
