000
CDUS43 KFSD 160629
CLIFSD


CLIMATE REPORT
NATIONAL WEATHER SERVICE SIOUX FALLS SD
1228 AM CST THU FEB 16 2017


...................................

...THE SIOUX FALLS SD CLIMATE SUMMARY FOR FEBRUARY 15 2017...

CLIMATE NORMAL PERIOD 1981 TO 2010
CLIMATE RECORD PERIOD 1893 TO 2017


WEATHER ITEM   OBSERVED TIME   RECORD YEAR NORMAL DEPARTURE LAST
                VALUE   (LST)  VALUE       VALUE  FROM      YEAR
                                                  NORMAL
..................................................................
TEMPERATURE (F)
 YESTERDAY
  MAXIMUM         43    457 PM  63    1921  31     12       37
  MINIMUM         23    714 AM -21    1909  12     11       19
  AVERAGE         33                        21     12       28

PRECIPITATION (IN)
  YESTERDAY        0.00          0.52 1938   0.02  -0.02     0.03
  MONTH TO DATE    0.10                      0.28  -0.18     0.52
  SINCE DEC 1      2.64                      1.53   1.11     2.31
  SINCE JAN 1      0.72                      0.84  -0.12     1.00

SNOWFALL (IN)
  YESTERDAY        0.0           5.0  1938   0.3   -0.3      0.0
  MONTH TO DATE    T                         3.6   -3.6      7.4
  SINCE DEC 1     20.3                      19.5    0.8     33.4
  SINCE JUL 1     26.3                      28.2   -1.9     50.7
  SNOW DEPTH       0

DEGREE DAYS
 HEATING
  YESTERDAY       32                        44    -12       37
  MONTH TO DATE  573                       684   -111      678
  SINCE DEC 1   3319                      3604   -285     3340
  SINCE JUL 1   4454                      5316   -862     4614

 COOLING
  YESTERDAY        0                         0      0        0
  MONTH TO DATE    0                         0      0        0
  SINCE DEC 1      0                         0      0        0
  SINCE JAN 1      0                         0      0        0
..................................................................


WIND (MPH)
  HIGHEST WIND SPEED    17   HIGHEST WIND DIRECTION     S (170)
  HIGHEST GUST SPEED    21   HIGHEST GUST DIRECTION     S (170)
  AVERAGE WIND SPEED     6.6


SKY COVER
  POSSIBLE SUNSHINE  MM
  AVERAGE SKY COVER 0.1


WEATHER CONDITIONS
 THE FOLLOWING WEATHER WAS RECORDED YESTERDAY.
  NO SIGNIFICANT WEATHER WAS OBSERVED.


RELATIVE HUMIDITY (PERCENT)
 HIGHEST    92           200 AM
 LOWEST     59          1100 AM
 AVERAGE    76

..........................................................


THE SIOUX FALLS SD CLIMATE NORMALS FOR TODAY
                         NORMAL    RECORD    YEAR
 MAXIMUM TEMPERATURE (F)   32        64      1981
 MINIMUM TEMPERATURE (F)   12       -30      1936


SUNRISE AND SUNSET
FEBRUARY 16 2017......SUNRISE   723 AM CST   SUNSET   559 PM CST
FEBRUARY 17 2017......SUNRISE   722 AM CST   SUNSET   600 PM CST


-  INDICATES NEGATIVE NUMBERS.
R  INDICATES RECORD WAS SET OR TIED.
MM INDICATES DATA IS MISSING.
T  INDICATES TRACE AMOUNT.




$$
