000
CDUS43 KFSD 250628
CLIFSD


CLIMATE REPORT
NATIONAL WEATHER SERVICE SIOUX FALLS SD
127 AM CDT SUN SEP 25 2016


...................................

...THE SIOUX FALLS SD CLIMATE SUMMARY FOR SEPTEMBER 24 2016...

CLIMATE NORMAL PERIOD 1981 TO 2010
CLIMATE RECORD PERIOD 1893 TO 2016


WEATHER ITEM   OBSERVED TIME   RECORD YEAR NORMAL DEPARTURE LAST
                VALUE   (LST)  VALUE       VALUE  FROM      YEAR
                                                  NORMAL
..................................................................
TEMPERATURE (F)
 YESTERDAY
  MAXIMUM         81   1259 PM  89    1935  70     11       66
  MINIMUM         67    235 PM  27    1942  45     22       62
  AVERAGE         74                        58     16       64

PRECIPITATION (IN)
  YESTERDAY        0.34          1.51 2015   0.10   0.24     1.51
                                      2005
  MONTH TO DATE    7.55                      2.26   5.29     3.02
  SINCE SEP 1      7.55                      2.26   5.29     3.02
  SINCE JAN 1     25.41                     21.65   3.76    24.62

SNOWFALL (IN)
  YESTERDAY        0.0           0.0    MM   0.0    0.0      0.0
  MONTH TO DATE    0.0                       0.0    0.0      0.0
  SINCE SEP 1      0.0                       0.0    0.0      0.0
  SINCE JUL 1      0.0                       0.0    0.0      0.0
  SNOW DEPTH       0

DEGREE DAYS
 HEATING
  YESTERDAY        0                         8     -8        1
  MONTH TO DATE   25                       114    -89       48
  SINCE SEP 1     25                       114    -89       48
  SINCE JUL 1     33                       145   -112       88

 COOLING
  YESTERDAY        9                         1      8        0
  MONTH TO DATE   97                        57     40      122
  SINCE SEP 1     97                        57     40      122
  SINCE JAN 1    877                       682    195      697
..................................................................


WIND (MPH)
  HIGHEST WIND SPEED    22   HIGHEST WIND DIRECTION    SE (150)
  HIGHEST GUST SPEED    41   HIGHEST GUST DIRECTION    SW (210)
  AVERAGE WIND SPEED    12.7


SKY COVER
  POSSIBLE SUNSHINE  MM
  AVERAGE SKY COVER 0.7


WEATHER CONDITIONS
 THE FOLLOWING WEATHER WAS RECORDED YESTERDAY.
  THUNDERSTORM
  HEAVY RAIN
  LIGHT RAIN
  FOG


RELATIVE HUMIDITY (PERCENT)
 HIGHEST    97          1100 PM
 LOWEST     69          1200 PM
 AVERAGE    83

..........................................................


THE SIOUX FALLS SD CLIMATE NORMALS FOR TODAY
                         NORMAL    RECORD    YEAR
 MAXIMUM TEMPERATURE (F)   69        92      1967
                                             1956
 MINIMUM TEMPERATURE (F)   45        19      1893


SUNRISE AND SUNSET
SEPTEMBER 25 2016.....SUNRISE   718 AM CDT   SUNSET   718 PM CDT
SEPTEMBER 26 2016.....SUNRISE   719 AM CDT   SUNSET   716 PM CDT


-  INDICATES NEGATIVE NUMBERS.
R  INDICATES RECORD WAS SET OR TIED.
MM INDICATES DATA IS MISSING.
T  INDICATES TRACE AMOUNT.




$$
