000
CDUS43 KFSD 190639
CLIFSD


CLIMATE REPORT
NATIONAL WEATHER SERVICE SIOUX FALLS SD
139 AM CDT WED JUL 19 2017


...................................

...THE SIOUX FALLS SD CLIMATE SUMMARY FOR JULY 18 2017...

CLIMATE NORMAL PERIOD 1981 TO 2010
CLIMATE RECORD PERIOD 1893 TO 2017


WEATHER ITEM   OBSERVED TIME   RECORD YEAR NORMAL DEPARTURE LAST
                VALUE   (LST)  VALUE       VALUE  FROM      YEAR
                                                  NORMAL
..................................................................
TEMPERATURE (F)
 YESTERDAY
  MAXIMUM         87    326 PM 105    1940  84      3       87
  MINIMUM         68    421 AM  50    2009  62      6       59
                                      2006
                                      1893
  AVERAGE         78                        73      5       73

PRECIPITATION (IN)
  YESTERDAY        0.03          1.61 1915   0.09  -0.06     0.00
  MONTH TO DATE    0.63                      1.81  -1.18     0.82
  SINCE JUN 1      3.92                      5.73  -1.81     2.54
  SINCE JAN 1     11.67                     15.06  -3.39    14.04

SNOWFALL (IN)
  YESTERDAY        0.0           0.0    MM   0.0    0.0      0.0
  MONTH TO DATE    0.0                       0.0    0.0      0.0
  SINCE JUN 1      0.0                       0.0    0.0      0.0
  SINCE JUL 1      0.0                       0.0    0.0      0.0
  SNOW DEPTH       0

DEGREE DAYS
 HEATING
  YESTERDAY        0                         0      0        0
  MONTH TO DATE    0                         0      0        5
  SINCE JUN 1     26                        51    -25       14
  SINCE JUL 1      0                         0      0        5

 COOLING
  YESTERDAY       13                         9      4        8
  MONTH TO DATE  201                       149     52      127
  SINCE JUN 1    400                       284    116      362
  SINCE JAN 1    426                       320    106      395
..................................................................


WIND (MPH)
  HIGHEST WIND SPEED    16   HIGHEST WIND DIRECTION     N (350)
  HIGHEST GUST SPEED    21   HIGHEST GUST DIRECTION    NE (40)
  AVERAGE WIND SPEED     8.2


SKY COVER
  POSSIBLE SUNSHINE  MM
  AVERAGE SKY COVER 0.5


WEATHER CONDITIONS
 THE FOLLOWING WEATHER WAS RECORDED YESTERDAY.
  THUNDERSTORM
  LIGHT RAIN


RELATIVE HUMIDITY (PERCENT)
 HIGHEST    84           400 AM
 LOWEST     61           400 PM
 AVERAGE    73

..........................................................


THE SIOUX FALLS SD CLIMATE NORMALS FOR TODAY
                         NORMAL    RECORD    YEAR
 MAXIMUM TEMPERATURE (F)   84       106      1926
 MINIMUM TEMPERATURE (F)   62        47      1947
                                             1911


SUNRISE AND SUNSET
JULY 19 2017..........SUNRISE   603 AM CDT   SUNSET   903 PM CDT
JULY 20 2017..........SUNRISE   604 AM CDT   SUNSET   902 PM CDT


-  INDICATES NEGATIVE NUMBERS.
R  INDICATES RECORD WAS SET OR TIED.
MM INDICATES DATA IS MISSING.
T  INDICATES TRACE AMOUNT.




$$
