000
CDUS43 KFSD 250842
CLIFSD


CLIMATE REPORT
NATIONAL WEATHER SERVICE SIOUX FALLS SD
340 AM CDT MON MAY 25 2015


...................................

...THE SIOUX FALLS SD CLIMATE SUMMARY FOR MAY 24 2015...

CLIMATE NORMAL PERIOD 1981 TO 2010
CLIMATE RECORD PERIOD 1893 TO 2015


WEATHER ITEM   OBSERVED TIME   RECORD YEAR NORMAL DEPARTURE LAST
                VALUE   (LST)  VALUE       VALUE  FROM      YEAR
                                                  NORMAL
..................................................................
TEMPERATURE (F)
 YESTERDAY
  MAXIMUM         63    146 PM  96    1939  72     -9       78
  MINIMUM         57    215 AM  27    1897  49      8       53
  AVERAGE         60                        61     -1       66

PRECIPITATION (IN)
  YESTERDAY        0.22          1.35 1908   0.12   0.10     0.00
  MONTH TO DATE    3.22                      2.59   0.63     1.02
  SINCE MAR 1      4.55                      7.36  -2.81     2.90
  SINCE JAN 1      5.77                      8.52  -2.75     3.89

SNOWFALL (IN)
  YESTERDAY        0.0          MM      MM   0.0    0.0      0.0
  MONTH TO DATE    T                         0.4   -0.4      0.0
  SINCE MAR 1      1.7                      13.4  -11.7     11.1
  SINCE JUL 1     31.9                      44.9  -13.0     45.3
  SNOW DEPTH       0

DEGREE DAYS
 HEATING
  YESTERDAY        5                         6     -1        0
  MONTH TO DATE  202                       214    -12      270
  SINCE MAR 1   1453                      1771   -318     1941
  SINCE JUL 1   7202                      7621   -419     8288

 COOLING
  YESTERDAY        0                         1     -1        1
  MONTH TO DATE    9                        20    -11        3
  SINCE MAR 1     13                        25    -12        3
  SINCE JAN 1     13                        25    -12        3
..................................................................


WIND (MPH)
  HIGHEST WIND SPEED    15   HIGHEST WIND DIRECTION     E (90)
  HIGHEST GUST SPEED    20   HIGHEST GUST DIRECTION     E (80)
  AVERAGE WIND SPEED     8.1


SKY COVER
  POSSIBLE SUNSHINE  MM
  AVERAGE SKY COVER 1.0


WEATHER CONDITIONS
 THE FOLLOWING WEATHER WAS RECORDED YESTERDAY.
  LIGHT RAIN
  FOG


RELATIVE HUMIDITY (PERCENT)
 HIGHEST   100           200 AM
 LOWEST     90           500 PM
 AVERAGE    95

..........................................................


THE SIOUX FALLS SD CLIMATE NORMALS FOR TODAY
                         NORMAL    RECORD    YEAR
 MAXIMUM TEMPERATURE (F)   72       100      1967
 MINIMUM TEMPERATURE (F)   49        31      1901


SUNRISE AND SUNSET
MAY 25 2015...........SUNRISE   553 AM CDT   SUNSET   855 PM CDT
MAY 26 2015...........SUNRISE   552 AM CDT   SUNSET   856 PM CDT


-  INDICATES NEGATIVE NUMBERS.
R  INDICATES RECORD WAS SET OR TIED.
MM INDICATES DATA IS MISSING.
T  INDICATES TRACE AMOUNT.




$$
