000
CDUS43 KFSD 110041
CLIFSD

CLIMATE REPORT
NATIONAL WEATHER SERVICE SIOUX FALLS SD
741 PM CDT THU JUL 10 2014


...................................

...THE SIOUX FALLS SD CLIMATE SUMMARY FOR JULY 10 2014...
VALID AS OF 0700 PM LOCAL TIME.

CLIMATE NORMAL PERIOD 1981 TO 2010
CLIMATE RECORD PERIOD 1893 TO 2014


WEATHER ITEM   OBSERVED TIME   RECORD YEAR NORMAL DEPARTURE LAST
                VALUE   (LST)  VALUE       VALUE  FROM      YEAR
                                                  NORMAL
..................................................................
TEMPERATURE (F)
 TODAY
  MAXIMUM         84    117 PM 106    1966  84      0       81
  MINIMUM         56    444 AM  43    1996  62     -6       60
  AVERAGE         70                        73     -3       71

PRECIPITATION (IN)
  TODAY            T             2.81 1993   0.11  -0.11     0.00
  MONTH TO DATE    0.06                      1.04  -0.98     0.25
  SINCE JUN 1     13.76                      4.96   8.80     4.53
  SINCE JAN 1     18.74                     14.29   4.45    16.84

SNOWFALL (IN)
  TODAY            0.0           0.0    MM   0.0    0.0      0.0
  MONTH TO DATE    0.0                       0.0    0.0      0.0
  SINCE JUN 1      T                         0.0    0.0      0.0
  SINCE JUL 1      0.0                       0.0    0.0      0.0
  SNOW DEPTH       0

DEGREE DAYS
 HEATING
  TODAY            0                         0      0        0
  MONTH TO DATE    4                         0      4        0
  SINCE JUN 1     36                        51    -15       69
  SINCE JUL 1      4                         0      4        0

 COOLING
  TODAY            5                         8     -3        6
  MONTH TO DATE   63                        79    -16       86
  SINCE JUN 1    199                       214    -15      222
  SINCE JAN 1    252                       250      2      264
..................................................................


WIND (MPH)
  HIGHEST WIND SPEED    23   HIGHEST WIND DIRECTION     S (190)
  HIGHEST GUST SPEED    29   HIGHEST GUST DIRECTION     S (190)
  AVERAGE WIND SPEED    10.3


SKY COVER
  POSSIBLE SUNSHINE  MM
  AVERAGE SKY COVER 0.4


WEATHER CONDITIONS
 THE FOLLOWING WEATHER WAS RECORDED TODAY.
  LIGHT RAIN
  FOG


RELATIVE HUMIDITY (PERCENT)
 HIGHEST    93           400 AM
 LOWEST     44           100 PM
 AVERAGE    69

..........................................................


THE SIOUX FALLS SD CLIMATE NORMALS FOR TOMORROW
                         NORMAL    RECORD    YEAR
 MAXIMUM TEMPERATURE (F)   84       104      1894
 MINIMUM TEMPERATURE (F)   62        46      1975


SUNRISE AND SUNSET
JULY 10 2014..........SUNRISE   555 AM CDT   SUNSET   909 PM CDT
JULY 11 2014..........SUNRISE   556 AM CDT   SUNSET   908 PM CDT


-  INDICATES NEGATIVE NUMBERS.
R  INDICATES RECORD WAS SET OR TIED.
MM INDICATES DATA IS MISSING.
T  INDICATES TRACE AMOUNT.




&&
.........................................................

ADDITIONAL WEATHER INFORMATION FOR TODAY
        TEMPERATURE / HUMIDITY
AT  4 AM      60    /    90%
AT  7 AM      62    /    87%
AT 10 AM      74    /    69%
AT  1 PM      83    /    47%
AT  4 PM      81    /    54%
AT  7 PM      81    /    56%

$$
