000
CDUS43 KFSD 150623
CLIFSD


CLIMATE REPORT
NATIONAL WEATHER SERVICE SIOUX FALLS SD
122 AM CDT THU JUN 15 2017


...................................

...THE SIOUX FALLS SD CLIMATE SUMMARY FOR JUNE 14 2017...

CLIMATE NORMAL PERIOD 1981 TO 2010
CLIMATE RECORD PERIOD 1893 TO 2017


WEATHER ITEM   OBSERVED TIME   RECORD YEAR NORMAL DEPARTURE LAST
                VALUE   (LST)  VALUE       VALUE  FROM      YEAR
                                                  NORMAL
..................................................................
TEMPERATURE (F)
 YESTERDAY
  MAXIMUM         83    505 PM  98    1994  79      4       81
  MINIMUM         63   1151 PM  34    1969  56      7       69
  AVERAGE         73                        68      5       75

PRECIPITATION (IN)
  YESTERDAY        0.00          1.97 2014   0.13  -0.13     0.20
  MONTH TO DATE    1.36                      1.86  -0.50     0.76
  SINCE JUN 1      1.36                      1.86  -0.50     0.76
  SINCE JAN 1      9.11                     11.19  -2.08    12.26

SNOWFALL (IN)
  YESTERDAY        0.0           0.0    MM   0.0    0.0      0.0
  MONTH TO DATE    0.0                       0.0    0.0      0.0
  SINCE JUN 1      0.0                       0.0    0.0      0.0
  SINCE JUL 1     42.9                      44.5   -1.6     68.5
  SNOW DEPTH       0

DEGREE DAYS
 HEATING
  YESTERDAY        0                         2     -2        0
  MONTH TO DATE    3                        39    -36        9
  SINCE JUN 1      3                        39    -36        9
  SINCE JUL 1   6440                      7694  -1254     6504

 COOLING
  YESTERDAY        8                         4      4       10
  MONTH TO DATE  145                        42    103      114
  SINCE JUN 1    145                        42    103      114
  SINCE JAN 1    171                        78     93      147
..................................................................


WIND (MPH)
  HIGHEST WIND SPEED    20   HIGHEST WIND DIRECTION     S (180)
  HIGHEST GUST SPEED    25   HIGHEST GUST DIRECTION    SW (210)
  AVERAGE WIND SPEED     7.9


SKY COVER
  POSSIBLE SUNSHINE  MM
  AVERAGE SKY COVER 0.3


WEATHER CONDITIONS
 THE FOLLOWING WEATHER WAS RECORDED YESTERDAY.
  NO SIGNIFICANT WEATHER WAS OBSERVED.


RELATIVE HUMIDITY (PERCENT)
 HIGHEST    93           300 AM
 LOWEST     34           600 PM
 AVERAGE    64

..........................................................


THE SIOUX FALLS SD CLIMATE NORMALS FOR TODAY
                         NORMAL    RECORD    YEAR
 MAXIMUM TEMPERATURE (F)   79        98      1959
 MINIMUM TEMPERATURE (F)   56        37      1989
                                             1968


SUNRISE AND SUNSET
JUNE 15 2017..........SUNRISE   545 AM CDT   SUNSET   910 PM CDT
JUNE 16 2017..........SUNRISE   545 AM CDT   SUNSET   910 PM CDT


-  INDICATES NEGATIVE NUMBERS.
R  INDICATES RECORD WAS SET OR TIED.
MM INDICATES DATA IS MISSING.
T  INDICATES TRACE AMOUNT.




$$
