000
CDUS43 KFSD 230702
CLIFSD


CLIMATE REPORT
NATIONAL WEATHER SERVICE SIOUX FALLS SD
201 AM CDT SUN APR 23 2017


...................................

...THE SIOUX FALLS SD CLIMATE SUMMARY FOR APRIL 22 2017...

CLIMATE NORMAL PERIOD 1981 TO 2010
CLIMATE RECORD PERIOD 1893 TO 2017


WEATHER ITEM   OBSERVED TIME   RECORD YEAR NORMAL DEPARTURE LAST
                VALUE   (LST)  VALUE       VALUE  FROM      YEAR
                                                  NORMAL
..................................................................
TEMPERATURE (F)
 YESTERDAY
  MAXIMUM         69    316 PM  93    1960  62      7       63
  MINIMUM         32    551 AM  23    1956  37     -5       33
                                      1927
                                      1909
  AVERAGE         51                        49      2       48

PRECIPITATION (IN)
  YESTERDAY        0.00          3.72 2001   0.10  -0.10     0.00
  MONTH TO DATE    1.20                      2.17  -0.97     1.82
  SINCE MAR 1      1.74                      3.93  -2.19     3.91
  SINCE JAN 1      2.85                      5.09  -2.24     5.59

SNOWFALL (IN)
  YESTERDAY        0.0           4.7  1988   0.1   -0.1      0.0
  MONTH TO DATE    T                         3.9   -3.9       T
  SINCE MAR 1      8.0                      12.3   -4.3     12.2
  SINCE JUL 1     39.4                      43.8   -4.4     68.5
  SNOW DEPTH       0

DEGREE DAYS
 HEATING
  YESTERDAY       14                        16     -2       17
  MONTH TO DATE  307                       449   -142      361
  SINCE MAR 1   1217                      1444   -227     1125
  SINCE JUL 1   6023                      7294  -1271     6161

 COOLING
  YESTERDAY        0                         0      0        0
  MONTH TO DATE    1                         0      1        0
  SINCE MAR 1      1                         0      1        0
  SINCE JAN 1      1                         0      1        0
..................................................................


WIND (MPH)
  HIGHEST WIND SPEED    10   HIGHEST WIND DIRECTION     W (290)
  HIGHEST GUST SPEED    16   HIGHEST GUST DIRECTION     W (290)
  AVERAGE WIND SPEED     2.7


SKY COVER
  POSSIBLE SUNSHINE  MM
  AVERAGE SKY COVER 0.2


WEATHER CONDITIONS
 THE FOLLOWING WEATHER WAS RECORDED YESTERDAY.
  FOG


RELATIVE HUMIDITY (PERCENT)
 HIGHEST    96           600 AM
 LOWEST     32           400 PM
 AVERAGE    64

..........................................................


THE SIOUX FALLS SD CLIMATE NORMALS FOR TODAY
                         NORMAL    RECORD    YEAR
 MAXIMUM TEMPERATURE (F)   62        91      2009
 MINIMUM TEMPERATURE (F)   38        20      1996
                                             1967


SUNRISE AND SUNSET
APRIL 23 2017.........SUNRISE   631 AM CDT   SUNSET   820 PM CDT
APRIL 24 2017.........SUNRISE   629 AM CDT   SUNSET   821 PM CDT


-  INDICATES NEGATIVE NUMBERS.
R  INDICATES RECORD WAS SET OR TIED.
MM INDICATES DATA IS MISSING.
T  INDICATES TRACE AMOUNT.




$$
