107
CDUS43 KFSD 180621
CLIFSD


CLIMATE REPORT
NATIONAL WEATHER SERVICE SIOUX FALLS SD
1220 AM CST WED JAN 18 2017


...................................

...THE SIOUX FALLS SD CLIMATE SUMMARY FOR JANUARY 17 2017...

CLIMATE NORMAL PERIOD 1981 TO 2010
CLIMATE RECORD PERIOD 1893 TO 2017


WEATHER ITEM   OBSERVED TIME   RECORD YEAR NORMAL DEPARTURE LAST
                VALUE   (LST)  VALUE       VALUE  FROM      YEAR
                                                  NORMAL
..................................................................
TEMPERATURE (F)
 YESTERDAY
  MAXIMUM         33    444 PM  53    1923  26      7       -2
  MINIMUM         10    839 AM -30    1930   7      3      -16
  AVERAGE         22                        16      6       -9

PRECIPITATION (IN)
  YESTERDAY        0.00          0.40 1996   0.02  -0.02     0.00
  MONTH TO DATE    0.14                      0.31  -0.17     0.33
  SINCE DEC 1      2.06                      1.00   1.06     1.64
  SINCE JAN 1      0.14                      0.31  -0.17     0.33

SNOWFALL (IN)
  YESTERDAY        0.0           3.2  1996   0.3   -0.3      0.0
  MONTH TO DATE    2.1                       4.2   -2.1      5.1
  SINCE DEC 1     13.0                      12.4    0.6     24.2
  SINCE JUL 1     19.0                      21.1   -2.1     41.5
  SNOW DEPTH       T

DEGREE DAYS
 HEATING
  YESTERDAY       43                        49     -6       74
  MONTH TO DATE  876                       833     43      872
  SINCE DEC 1   2265                      2254     11     2066
  SINCE JUL 1   3400                      3966   -566     3340

 COOLING
  YESTERDAY        0                         0      0        0
  MONTH TO DATE    0                         0      0        0
  SINCE DEC 1      0                         0      0        0
  SINCE JAN 1      0                         0      0        0
..................................................................


WIND (MPH)
  HIGHEST WIND SPEED    12   HIGHEST WIND DIRECTION    NW (320)
  HIGHEST GUST SPEED    15   HIGHEST GUST DIRECTION    NW (300)
  AVERAGE WIND SPEED     6.1


SKY COVER
  POSSIBLE SUNSHINE  MM
  AVERAGE SKY COVER 0.3


WEATHER CONDITIONS
 THE FOLLOWING WEATHER WAS RECORDED YESTERDAY.
  FOG
  FOG W/VISIBILITY <= 1/4 MILE


RELATIVE HUMIDITY (PERCENT)
 HIGHEST   100           100 AM
 LOWEST     69           100 PM
 AVERAGE    85

..........................................................


THE SIOUX FALLS SD CLIMATE NORMALS FOR TODAY
                         NORMAL    RECORD    YEAR
 MAXIMUM TEMPERATURE (F)   26        52      1944
                                             1919
 MINIMUM TEMPERATURE (F)    7       -28      1970


SUNRISE AND SUNSET
JANUARY 18 2017.......SUNRISE   755 AM CST   SUNSET   520 PM CST
JANUARY 19 2017.......SUNRISE   755 AM CST   SUNSET   521 PM CST


-  INDICATES NEGATIVE NUMBERS.
R  INDICATES RECORD WAS SET OR TIED.
MM INDICATES DATA IS MISSING.
T  INDICATES TRACE AMOUNT.




$$
