000
CDUS43 KFSD 302223
CLIFSD


CLIMATE REPORT
NATIONAL WEATHER SERVICE SIOUX FALLS SD
522 PM CDT WED JUL 30 2014


...................................

...THE SIOUX FALLS SD CLIMATE SUMMARY FOR JULY 30 2014...
VALID TODAY AS OF 0500 PM LOCAL TIME.

CLIMATE NORMAL PERIOD 1981 TO 2010
CLIMATE RECORD PERIOD 1893 TO 2014


WEATHER ITEM   OBSERVED TIME   RECORD YEAR NORMAL DEPARTURE LAST
                VALUE   (LST)  VALUE       VALUE  FROM      YEAR
                                                  NORMAL
..................................................................
TEMPERATURE (F)
 TODAY
  MAXIMUM         79    359 PM 101    1987  84     -5       80
                                      1955
  MINIMUM         52    545 AM  38    1971  62    -10       61
  AVERAGE         66                        73     -7       71

PRECIPITATION (IN)
  TODAY            0.00          2.23 2010   0.10  -0.10      T
  MONTH TO DATE    0.80                      2.99  -2.19     0.59
  SINCE JUN 1     14.50                      6.91   7.59     4.87
  SINCE JAN 1     19.48                     16.24   3.24    17.18

SNOWFALL (IN)
  TODAY            0.0           0.0    MM   0.0    0.0      0.0
  MONTH TO DATE    T                         0.0    0.0      0.0
  SINCE JUN 1      T                         0.0    0.0      0.0
  SINCE JUL 1      T                         0.0    0.0      0.0
  SNOW DEPTH       0

DEGREE DAYS
 HEATING
  TODAY            0                         0      0        0
  MONTH TO DATE   15                         0     15       19
  SINCE JUN 1     47                        51     -4       88
  SINCE JUL 1     15                         0     15       19

 COOLING
  TODAY            1                         8     -7        6
  MONTH TO DATE  170                       248    -78      245
  SINCE JUN 1    306                       383    -77      381
  SINCE JAN 1    359                       419    -60      423
..................................................................


WIND (MPH)
  HIGHEST WIND SPEED    12   HIGHEST WIND DIRECTION     N (10)
  HIGHEST GUST SPEED    14   HIGHEST GUST DIRECTION     N (10)
  AVERAGE WIND SPEED     2.5


SKY COVER
  POSSIBLE SUNSHINE  MM
  AVERAGE SKY COVER 0.1


WEATHER CONDITIONS
 THE FOLLOWING WEATHER WAS RECORDED TODAY.
  NO SIGNIFICANT WEATHER WAS OBSERVED.


RELATIVE HUMIDITY (PERCENT)
 HIGHEST    93           100 AM
 LOWEST     42           200 PM
 AVERAGE    68

..........................................................


THE SIOUX FALLS SD CLIMATE NORMALS FOR TOMORROW
                         NORMAL    RECORD    YEAR
 MAXIMUM TEMPERATURE (F)   84       107      1988
 MINIMUM TEMPERATURE (F)   62        45      1903


SUNRISE AND SUNSET
JULY 30 2014..........SUNRISE   614 AM CDT   SUNSET   852 PM CDT
JULY 31 2014..........SUNRISE   615 AM CDT   SUNSET   851 PM CDT


-  INDICATES NEGATIVE NUMBERS.
R  INDICATES RECORD WAS SET OR TIED.
MM INDICATES DATA IS MISSING.
T  INDICATES TRACE AMOUNT.




$$
