281
CDUS43 KFSD 180627
CLIFSD


CLIMATE REPORT
NATIONAL WEATHER SERVICE SIOUX FALLS SD
1224 AM CST THU JAN 18 2018


...................................

...THE SIOUX FALLS SD CLIMATE SUMMARY FOR JANUARY 17 2018...

CLIMATE NORMAL PERIOD 1981 TO 2010
CLIMATE RECORD PERIOD 1893 TO 2018


WEATHER ITEM   OBSERVED TIME   RECORD YEAR NORMAL DEPARTURE LAST
                VALUE   (LST)  VALUE       VALUE  FROM      YEAR
                                                  NORMAL
..................................................................
TEMPERATURE (F)
 YESTERDAY
  MAXIMUM         32    525 PM  53    1923  26      6       33
  MINIMUM          4    149 AM -30    1930   7     -3       10
  AVERAGE         18                        16      2       22

PRECIPITATION (IN)
  YESTERDAY        0.00          0.40 1996   0.02  -0.02     0.00
  MONTH TO DATE    0.08                      0.31  -0.23     0.14
  SINCE DEC 1      0.76                      1.00  -0.24     2.06
  SINCE JAN 1      0.08                      0.31  -0.23     0.14

SNOWFALL (IN)
  YESTERDAY        0.0           3.2  1996   0.3   -0.3      0.0
  MONTH TO DATE    1.6                       4.2   -2.6      2.1
  SINCE DEC 1     12.0                      12.4   -0.4     13.0
  SINCE JUL 1     12.2                      21.1   -8.9     19.0
  SNOW DEPTH       1

DEGREE DAYS
 HEATING
  YESTERDAY       47                        49     -2       43
  MONTH TO DATE  933                       833    100      876
  SINCE DEC 1   2285                      2254     31     2265
  SINCE JUL 1   3694                      3966   -272     3400

 COOLING
  YESTERDAY        0                         0      0        0
  MONTH TO DATE    0                         0      0        0
  SINCE DEC 1      0                         0      0        0
  SINCE JAN 1      0                         0      0        0
..................................................................


WIND (MPH)
  HIGHEST WIND SPEED    16   HIGHEST WIND DIRECTION     S (200)
  HIGHEST GUST SPEED    20   HIGHEST GUST DIRECTION     S (200)
  AVERAGE WIND SPEED     9.3


SKY COVER
  POSSIBLE SUNSHINE  MM
  AVERAGE SKY COVER 0.0


WEATHER CONDITIONS
 THE FOLLOWING WEATHER WAS RECORDED YESTERDAY.
  NO SIGNIFICANT WEATHER WAS OBSERVED.


RELATIVE HUMIDITY (PERCENT)
 HIGHEST    83          1200 AM
 LOWEST     54           400 PM
 AVERAGE    69

..........................................................


THE SIOUX FALLS SD CLIMATE NORMALS FOR TODAY
                         NORMAL    RECORD    YEAR
 MAXIMUM TEMPERATURE (F)   26        52      1944
                                             1919
 MINIMUM TEMPERATURE (F)    7       -28      1970


SUNRISE AND SUNSET
JANUARY 18 2018.......SUNRISE   755 AM CST   SUNSET   520 PM CST
JANUARY 19 2018.......SUNRISE   755 AM CST   SUNSET   521 PM CST


-  INDICATES NEGATIVE NUMBERS.
R  INDICATES RECORD WAS SET OR TIED.
MM INDICATES DATA IS MISSING.
T  INDICATES TRACE AMOUNT.




$$
